103.216.69.179 - - [23/Feb/2025:12:39:55 +0100] "GET /48516.png?1522650125 HTTP/1.1" 200 10078 "https://chipionatv.com/" "Mozilla/5.0 (Linux; Android 10; K) AppleWebKit/537.36 (KHTML, like Gecko) Chrome/133.0.0.0 Mobile Safari/537.36"
106.222.226.120 - - [23/Feb/2025:12:39:55 +0100] "GET /48516.png?1522650125 HTTP/1.1" 200 10078 "https://chipionatv.com/" "Mozilla/5.0 (Linux; Android 10; K) AppleWebKit/537.36 (KHTML, like Gecko) Chrome/127.0.0.0 Mobile Safari/537.36"
182.0.140.205 - - [23/Feb/2025:12:39:55 +0100] "GET /templates/gk_magazine/css/k2.css?v=2.8.0 HTTP/1.1" 200 4301 "-" "Mozilla/5.0 (Linux; Android 10; K) AppleWebKit/537.36 (KHTML, like Gecko) Chrome/133.0.0.0 Mobile Safari/537.36"
103.171.247.239 - - [23/Feb/2025:12:39:55 +0100] "GET /templates/gk_magazine/css/gk.stuff.css HTTP/1.1" 200 3347 "-" "Mozilla/5.0 (Linux; Android 10; K) AppleWebKit/537.36 (KHTML, like Gecko) Chrome/133.0.0.0 Mobile Safari/537.36"
106.203.137.44 - - [23/Feb/2025:12:39:55 +0100] "GET /48516.png?1522650125 HTTP/1.1" 200 10078 "https://chipionatv.com/" "Mozilla/5.0 (Linux; Android 10; K) AppleWebKit/537.36 (KHTML, like Gecko) Chrome/133.0.0.0 Mobile Safari/537.36"
5.162.210.6 - - [23/Feb/2025:12:39:55 +0100] "GET /48516.png?1522650125 HTTP/1.1" 200 10078 "https://chipionatv.com/" "Mozilla/5.0 (Linux; Android 10; K) AppleWebKit/537.36 (KHTML, like Gecko) Chrome/133.0.0.0 Mobile Safari/537.36"
152.59.160.144 - - [23/Feb/2025:12:39:55 +0100] "GET /48516.png?1522650125 HTTP/1.1" 200 10078 "https://chipionatv.com/" "Mozilla/5.0 (Linux; Android 15; V2246) AppleWebKit/537.36 (KHTML, like Gecko) Version/4.0 Chrome/123.0.6312.118 Mobile Safari/537.36 VivoBrowser/13.7.2.0"
154.80.98.97 - - [23/Feb/2025:12:39:55 +0100] "GET /48516.png?1522650125 HTTP/1.1" 200 10078 "https://chipionatv.com/" "Mozilla/5.0 (Linux; Android 10; K) AppleWebKit/537.36 (KHTML, like Gecko) Chrome/133.0.0.0 Mobile Safari/537.36"
42.105.135.252 - - [23/Feb/2025:12:39:55 +0100] "GET /templates/gk_magazine/css/k2.css?v=2.8.0 HTTP/1.1" 200 4301 "-" "Mozilla/5.0 (Linux; Android 10; K) AppleWebKit/537.36 (KHTML, like Gecko) Chrome/133.0.0.0 Mobile Safari/537.36"
42.105.135.252 - - [23/Feb/2025:12:39:55 +0100] "GET /templates/gk_magazine/css/k2.css HTTP/1.1" 200 4301 "-" "Mozilla/5.0 (Linux; Android 10; K) AppleWebKit/537.36 (KHTML, like Gecko) Chrome/133.0.0.0 Mobile Safari/537.36"
47.29.169.71 - - [23/Feb/2025:12:39:55 +0100] "GET /48516.png?1522650125 HTTP/1.1" 200 10078 "https://chipionatv.com/" "Mozilla/5.0 (Linux; Android 9; RMX1805) AppleWebKit/537.36 (KHTML, like Gecko) Chrome/72.0.3626.121 Mobile Safari/537.36"
157.32.215.45 - - [23/Feb/2025:12:39:55 +0100] "GET /48516.png?1522650125 HTTP/1.1" 200 10078 "https://chipionatv.com/" "Mozilla/5.0 (Linux; Android 10; K) AppleWebKit/537.36 (KHTML, like Gecko) Chrome/133.0.0.0 Mobile Safari/537.36"
46.155.230.42 - - [23/Feb/2025:12:39:55 +0100] "GET /48516.png?1522650125 HTTP/1.1" 200 10078 "https://chipionatv.com/" "Mozilla/5.0 (Linux; Android 10; K) AppleWebKit/537.36 (KHTML, like Gecko) Chrome/133.0.0.0 Mobile Safari/537.36"
103.151.156.49 - - [23/Feb/2025:12:39:55 +0100] "GET /templates/gk_magazine/css/layout.css HTTP/1.1" 200 1321 "-" "Mozilla/5.0 (Linux; Android 10; K) AppleWebKit/537.36 (KHTML, like Gecko) Chrome/133.0.0.0 Mobile Safari/537.36"
49.35.171.104 - - [23/Feb/2025:12:39:55 +0100] "GET /48516.png?1522650125 HTTP/1.1" 200 10078 "https://chipionatv.com/" "Mozilla/5.0 (Linux; Android 10; K) AppleWebKit/537.36 (KHTML, like Gecko) Chrome/131.0.0.0 Mobile Safari/537.36"
212.253.162.159 - - [23/Feb/2025:12:39:55 +0100] "GET /48516.png?1522650125 HTTP/1.1" 200 10078 "https://chipionatv.com/" "Mozilla/5.0 (iPhone; CPU iPhone OS 17_6_1 like Mac OS X) AppleWebKit/605.1.15 (KHTML, like Gecko) GSA/356.2.728375747 Mobile/15E148 Safari/604.1"
37.200.194.204 - - [23/Feb/2025:12:39:55 +0100] "GET /48516.png?1522650125 HTTP/1.1" 200 10078 "https://chipionatv.com/" "Mozilla/5.0 (Linux; Android 10; K) AppleWebKit/537.36 (KHTML, like Gecko) Chrome/132.0.0.0 Mobile Safari/537.36"
152.58.247.218 - - [23/Feb/2025:12:39:55 +0100] "GET /48516.png?1522650125 HTTP/1.1" 200 10078 "https://chipionatv.com/" "Mozilla/5.0 (Linux; Android 10; K) AppleWebKit/537.36 (KHTML, like Gecko) Chrome/132.0.0.0 Mobile Safari/537.36"
197.55.159.180 - - [23/Feb/2025:12:39:55 +0100] "GET /templates/gk_magazine/css/k2.css?v=2.8.0 HTTP/1.1" 200 4301 "-" "Mozilla/5.0 (Linux; Android 10; K) AppleWebKit/537.36 (KHTML, like Gecko) Chrome/133.0.0.0 Mobile Safari/537.36"
154.80.98.97 - - [23/Feb/2025:12:39:55 +0100] "GET /templates/gk_magazine/css/normalize.css HTTP/1.1" 200 2271 "-" "Mozilla/5.0 (Linux; Android 10; K) AppleWebKit/537.36 (KHTML, like Gecko) Chrome/133.0.0.0 Mobile Safari/537.36"
103.42.196.85 - - [23/Feb/2025:12:39:55 +0100] "GET /templates/gk_magazine/css/template.css HTTP/1.1" 200 4169 "-" "Mozilla/5.0 (Linux; Android 10; K) AppleWebKit/537.36 (KHTML, like Gecko) Chrome/133.0.0.0 Mobile Safari/537.36"
223.185.206.152 - - [23/Feb/2025:12:39:55 +0100] "GET /48516.png?1522650125 HTTP/1.1" 200 10078 "https://chipionatv.com/" "Mozilla/5.0 (Linux; Android 10; K) AppleWebKit/537.36 (KHTML, like Gecko) Chrome/131.0.0.0 Mobile Safari/537.36"
46.155.69.61 - - [23/Feb/2025:12:39:55 +0100] "GET /48516.png?1522650125 HTTP/1.1" 200 10078 "https://chipionatv.com/" "Mozilla/5.0 (iPhone; CPU iPhone OS 15_8_3 like Mac OS X) AppleWebKit/605.1.15 (KHTML, like Gecko) Version/15.6.6 Mobile/15E148 Safari/604.1"
197.55.159.180 - - [23/Feb/2025:12:39:55 +0100] "GET /templates/gk_magazine/css/k2.css HTTP/1.1" 200 4301 "-" "Mozilla/5.0 (Linux; Android 10; K) AppleWebKit/537.36 (KHTML, like Gecko) Chrome/133.0.0.0 Mobile Safari/537.36"
157.39.232.222 - - [23/Feb/2025:12:39:55 +0100] "GET /templates/gk_magazine/css/k2.css HTTP/1.1" 200 4301 "-" "Mozilla/5.0 (Linux; Android 10; K) AppleWebKit/537.36 (KHTML, like Gecko) Chrome/132.0.0.0 Mobile Safari/537.36"
152.58.23.97 - - [23/Feb/2025:12:39:55 +0100] "GET /templates/gk_magazine/css/normalize.css HTTP/1.1" 200 2271 "-" "Mozilla/5.0 (Linux; Android 10; K) AppleWebKit/537.36 (KHTML, like Gecko) Chrome/132.0.0.0 Mobile Safari/537.36"
157.39.232.222 - - [23/Feb/2025:12:39:55 +0100] "GET /templates/gk_magazine/css/k2.css?v=2.8.0 HTTP/1.1" 200 4301 "-" "Mozilla/5.0 (Linux; Android 10; K) AppleWebKit/537.36 (KHTML, like Gecko) Chrome/132.0.0.0 Mobile Safari/537.36"
103.151.156.49 - - [23/Feb/2025:12:39:55 +0100] "GET /templates/gk_magazine/css/system/system.css HTTP/1.1" 200 537 "-" "Mozilla/5.0 (Linux; Android 10; K) AppleWebKit/537.36 (KHTML, like Gecko) Chrome/133.0.0.0 Mobile Safari/537.36"
103.151.156.49 - - [23/Feb/2025:12:39:55 +0100] "GET /templates/gk_magazine/css/joomla.css HTTP/1.1" 200 6079 "-" "Mozilla/5.0 (Linux; Android 10; K) AppleWebKit/537.36 (KHTML, like Gecko) Chrome/133.0.0.0 Mobile Safari/537.36"
37.236.25.18 - - [23/Feb/2025:12:39:55 +0100] "GET /templates/gk_magazine/css/normalize.css HTTP/1.1" 200 2271 "-" "Mozilla/5.0 (Linux; Android 10; K) AppleWebKit/537.36 (KHTML, like Gecko) Chrome/133.0.0.0 Mobile Safari/537.36"
152.58.23.97 - - [23/Feb/2025:12:39:55 +0100] "GET /templates/gk_magazine/css/joomla.css HTTP/1.1" 200 6079 "-" "Mozilla/5.0 (Linux; Android 10; K) AppleWebKit/537.36 (KHTML, like Gecko) Chrome/132.0.0.0 Mobile Safari/537.36"
103.42.196.85 - - [23/Feb/2025:12:39:55 +0100] "GET /templates/gk_magazine/css/menu/menu.css HTTP/1.1" 200 1007 "-" "Mozilla/5.0 (Linux; Android 10; K) AppleWebKit/537.36 (KHTML, like Gecko) Chrome/133.0.0.0 Mobile Safari/537.36"
152.58.23.97 - - [23/Feb/2025:12:39:55 +0100] "GET /templates/gk_magazine/css/layout.css HTTP/1.1" 200 1321 "-" "Mozilla/5.0 (Linux; Android 10; K) AppleWebKit/537.36 (KHTML, like Gecko) Chrome/132.0.0.0 Mobile Safari/537.36"
49.37.135.223 - - [23/Feb/2025:12:39:55 +0100] "GET /templates/gk_magazine/css/k2.css?v=2.8.0 HTTP/1.1" 200 4301 "-" "Mozilla/5.0 (Linux; Android 10; K) AppleWebKit/537.36 (KHTML, like Gecko) Chrome/133.0.0.0 Mobile Safari/537.36"
103.207.125.75 - - [23/Feb/2025:12:39:55 +0100] "GET /48516.png?1522650125 HTTP/1.1" 200 10078 "https://chipionatv.com/" "Mozilla/5.0 (Linux; Android 10; K) AppleWebKit/537.36 (KHTML, like Gecko) Chrome/133.0.0.0 Mobile Safari/537.36"
152.58.215.185 - - [23/Feb/2025:12:39:55 +0100] "GET /templates/gk_magazine/css/k2.css HTTP/1.1" 200 4301 "-" "Mozilla/5.0 (Linux; Android 10; K) AppleWebKit/537.36 (KHTML, like Gecko) Chrome/111.0.0.0 Mobile Safari/537.36"
152.58.215.185 - - [23/Feb/2025:12:39:55 +0100] "GET /templates/gk_magazine/css/k2.css?v=2.8.0 HTTP/1.1" 200 4301 "-" "Mozilla/5.0 (Linux; Android 10; K) AppleWebKit/537.36 (KHTML, like Gecko) Chrome/111.0.0.0 Mobile Safari/537.36"
37.236.25.18 - - [23/Feb/2025:12:39:55 +0100] "GET /templates/gk_magazine/css/joomla.css HTTP/1.1" 200 6079 "-" "Mozilla/5.0 (Linux; Android 10; K) AppleWebKit/537.36 (KHTML, like Gecko) Chrome/133.0.0.0 Mobile Safari/537.36"
192.145.174.242 - - [23/Feb/2025:12:39:55 +0100] "GET /templates/gk_magazine/css/k2.css?v=2.8.0 HTTP/1.1" 200 4301 "-" "Mozilla/5.0 (Linux; Android 10; K) AppleWebKit/537.36 (KHTML, like Gecko) Chrome/111.0.0.0 Mobile Safari/537.36"
49.37.135.223 - - [23/Feb/2025:12:39:55 +0100] "GET /templates/gk_magazine/css/k2.css HTTP/1.1" 200 4301 "-" "Mozilla/5.0 (Linux; Android 10; K) AppleWebKit/537.36 (KHTML, like Gecko) Chrome/133.0.0.0 Mobile Safari/537.36"
177.37.186.219 - - [23/Feb/2025:12:39:55 +0100] "GET /48516.png?1522650125 HTTP/1.1" 200 10078 "https://chipionatv.com/" "Mozilla/5.0 (iPhone; CPU iPhone OS 18_1_1 like Mac OS X) AppleWebKit/605.1.15 (KHTML, like Gecko) CriOS/133.0.6943.120 Mobile/15E148 Safari/604.1"
46.213.80.36 - - [23/Feb/2025:12:39:55 +0100] "GET /48516.png?1522650125 HTTP/1.1" 200 10078 "https://chipionatv.com/" "Mozilla/5.0 (Linux; Android 10; K) AppleWebKit/537.36 (KHTML, like Gecko) Chrome/131.0.0.0 Mobile Safari/537.36"
182.0.140.205 - - [23/Feb/2025:12:39:55 +0100] "GET /templates/gk_magazine/css/normalize.css HTTP/1.1" 200 2271 "-" "Mozilla/5.0 (Linux; Android 10; K) AppleWebKit/537.36 (KHTML, like Gecko) Chrome/133.0.0.0 Mobile Safari/537.36"
37.77.55.221 - - [23/Feb/2025:12:39:55 +0100] "GET /favicon.ico HTTP/1.1" 200 15406 "https://chipionatv.com/" "Mozilla/5.0 (Linux; Android 10; K) AppleWebKit/537.36 (KHTML, like Gecko) Chrome/133.0.0.0 Mobile Safari/537.36"
37.236.25.18 - - [23/Feb/2025:12:39:55 +0100] "GET /templates/gk_magazine/css/layout.css HTTP/1.1" 200 1321 "-" "Mozilla/5.0 (Linux; Android 10; K) AppleWebKit/537.36 (KHTML, like Gecko) Chrome/133.0.0.0 Mobile Safari/537.36"
192.145.174.242 - - [23/Feb/2025:12:39:55 +0100] "GET /templates/gk_magazine/css/k2.css HTTP/1.1" 200 4301 "-" "Mozilla/5.0 (Linux; Android 10; K) AppleWebKit/537.36 (KHTML, like Gecko) Chrome/111.0.0.0 Mobile Safari/537.36"
103.216.69.179 - - [23/Feb/2025:12:39:55 +0100] "GET /favicon.ico HTTP/1.1" 200 15406 "https://chipionatv.com/" "Mozilla/5.0 (Linux; Android 10; K) AppleWebKit/537.36 (KHTML, like Gecko) Chrome/133.0.0.0 Mobile Safari/537.36"
197.55.159.180 - - [23/Feb/2025:12:39:55 +0100] "GET /templates/gk_magazine/css/normalize.css HTTP/1.1" 200 2271 "-" "Mozilla/5.0 (Linux; Android 10; K) AppleWebKit/537.36 (KHTML, like Gecko) Chrome/133.0.0.0 Mobile Safari/537.36"
46.196.208.28 - - [23/Feb/2025:12:39:55 +0100] "GET /templates/gk_magazine/css/k2.css?v=2.8.0 HTTP/1.1" 200 4301 "-" "Mozilla/5.0 (Linux; Android 10; K) AppleWebKit/537.36 (KHTML, like Gecko) Chrome/133.0.0.0 Mobile Safari/537.36"
197.55.159.180 - - [23/Feb/2025:12:39:55 +0100] "GET /templates/gk_magazine/css/layout.css HTTP/1.1" 200 1321 "-" "Mozilla/5.0 (Linux; Android 10; K) AppleWebKit/537.36 (KHTML, like Gecko) Chrome/133.0.0.0 Mobile Safari/537.36"
223.186.138.214 - - [23/Feb/2025:12:39:55 +0100] "GET /templates/gk_magazine/css/k2.css?v=2.8.0 HTTP/1.1" 200 4301 "-" "Mozilla/5.0 (Linux; Android 10; K) AppleWebKit/537.36 (KHTML, like Gecko) Chrome/133.0.0.0 Mobile Safari/537.36"
46.196.208.28 - - [23/Feb/2025:12:39:55 +0100] "GET /templates/gk_magazine/css/k2.css HTTP/1.1" 200 4301 "-" "Mozilla/5.0 (Linux; Android 10; K) AppleWebKit/537.36 (KHTML, like Gecko) Chrome/133.0.0.0 Mobile Safari/537.36"
223.186.138.214 - - [23/Feb/2025:12:39:55 +0100] "GET /templates/gk_magazine/css/k2.css HTTP/1.1" 200 4301 "-" "Mozilla/5.0 (Linux; Android 10; K) AppleWebKit/537.36 (KHTML, like Gecko) Chrome/133.0.0.0 Mobile Safari/537.36"
197.55.159.180 - - [23/Feb/2025:12:39:55 +0100] "GET /templates/gk_magazine/css/joomla.css HTTP/1.1" 200 6079 "-" "Mozilla/5.0 (Linux; Android 10; K) AppleWebKit/537.36 (KHTML, like Gecko) Chrome/133.0.0.0 Mobile Safari/537.36"
223.237.184.140 - - [23/Feb/2025:12:39:55 +0100] "GET /favicon.ico HTTP/1.1" 200 15406 "https://chipionatv.com/" "Mozilla/5.0 (Linux; Android 10; K) AppleWebKit/537.36 (KHTML, like Gecko) Chrome/132.0.0.0 Mobile Safari/537.36"
46.196.208.28 - - [23/Feb/2025:12:39:55 +0100] "GET /templates/gk_magazine/css/normalize.css HTTP/1.1" 200 2271 "-" "Mozilla/5.0 (Linux; Android 10; K) AppleWebKit/537.36 (KHTML, like Gecko) Chrome/133.0.0.0 Mobile Safari/537.36"
185.106.28.145 - - [23/Feb/2025:12:39:55 +0100] "GET /48516.png?1522650125 HTTP/1.1" 200 10078 "https://chipionatv.com/" "Mozilla/5.0 (Linux; Android 10; K) AppleWebKit/537.36 (KHTML, like Gecko) Chrome/133.0.0.0 Mobile Safari/537.36"
157.39.232.222 - - [23/Feb/2025:12:39:55 +0100] "GET /templates/gk_magazine/css/normalize.css HTTP/1.1" 200 2271 "-" "Mozilla/5.0 (Linux; Android 10; K) AppleWebKit/537.36 (KHTML, like Gecko) Chrome/132.0.0.0 Mobile Safari/537.36"
152.58.41.128 - - [23/Feb/2025:12:39:55 +0100] "GET /templates/gk_magazine/css/k2.css HTTP/1.1" 200 4301 "-" "Mozilla/5.0 (Linux; Android 10; K) AppleWebKit/537.36 (KHTML, like Gecko) Chrome/133.0.0.0 Mobile Safari/537.36"
42.105.135.252 - - [23/Feb/2025:12:39:55 +0100] "GET /templates/gk_magazine/css/normalize.css HTTP/1.1" 200 2271 "-" "Mozilla/5.0 (Linux; Android 10; K) AppleWebKit/537.36 (KHTML, like Gecko) Chrome/133.0.0.0 Mobile Safari/537.36"
42.105.135.252 - - [23/Feb/2025:12:39:55 +0100] "GET /templates/gk_magazine/css/layout.css HTTP/1.1" 200 1321 "-" "Mozilla/5.0 (Linux; Android 10; K) AppleWebKit/537.36 (KHTML, like Gecko) Chrome/133.0.0.0 Mobile Safari/537.36"
109.92.150.151 - - [23/Feb/2025:12:39:55 +0100] "GET /48516.png?1522650125 HTTP/1.1" 200 10078 "https://chipionatv.com/" "Mozilla/5.0 (iPhone; CPU iPhone OS 15_6_1 like Mac OS X) AppleWebKit/605.1.15 (KHTML, like Gecko) Version/15.6.1 Mobile/15E148 Safari/604.1"
223.186.138.214 - - [23/Feb/2025:12:39:55 +0100] "GET /templates/gk_magazine/css/normalize.css HTTP/1.1" 200 2271 "-" "Mozilla/5.0 (Linux; Android 10; K) AppleWebKit/537.36 (KHTML, like Gecko) Chrome/133.0.0.0 Mobile Safari/537.36"
103.151.156.49 - - [23/Feb/2025:12:39:55 +0100] "GET /templates/gk_magazine/css/template.css HTTP/1.1" 200 4169 "-" "Mozilla/5.0 (Linux; Android 10; K) AppleWebKit/537.36 (KHTML, like Gecko) Chrome/133.0.0.0 Mobile Safari/537.36"
186.188.32.170 - - [23/Feb/2025:12:39:55 +0100] "GET /templates/gk_magazine/css/k2.css HTTP/1.1" 200 4301 "-" "Mozilla/5.0 (Linux; Android 10; K) AppleWebKit/537.36 (KHTML, like Gecko) Chrome/133.0.0.0 Mobile Safari/537.36"
102.191.130.147 - - [23/Feb/2025:12:39:55 +0100] "GET /favicon.ico HTTP/1.1" 200 15406 "https://chipionatv.com/" "Mozilla/5.0 (Linux; Android 10; K) AppleWebKit/537.36 (KHTML, like Gecko) Chrome/132.0.0.0 Mobile Safari/537.36"
186.188.32.170 - - [23/Feb/2025:12:39:55 +0100] "GET /templates/gk_magazine/css/normalize.css HTTP/1.1" 200 2271 "-" "Mozilla/5.0 (Linux; Android 10; K) AppleWebKit/537.36 (KHTML, like Gecko) Chrome/133.0.0.0 Mobile Safari/537.36"
197.55.159.180 - - [23/Feb/2025:12:39:55 +0100] "GET /templates/gk_magazine/css/system/system.css HTTP/1.1" 200 537 "-" "Mozilla/5.0 (Linux; Android 10; K) AppleWebKit/537.36 (KHTML, like Gecko) Chrome/133.0.0.0 Mobile Safari/537.36"
182.0.140.205 - - [23/Feb/2025:12:39:55 +0100] "GET /templates/gk_magazine/css/layout.css HTTP/1.1" 200 1321 "-" "Mozilla/5.0 (Linux; Android 10; K) AppleWebKit/537.36 (KHTML, like Gecko) Chrome/133.0.0.0 Mobile Safari/537.36"
182.0.140.205 - - [23/Feb/2025:12:39:55 +0100] "GET /templates/gk_magazine/css/joomla.css HTTP/1.1" 200 6079 "-" "Mozilla/5.0 (Linux; Android 10; K) AppleWebKit/537.36 (KHTML, like Gecko) Chrome/133.0.0.0 Mobile Safari/537.36"
46.196.208.28 - - [23/Feb/2025:12:39:55 +0100] "GET /48516.png?1522650125 HTTP/1.1" 200 10078 "https://chipionatv.com/" "Mozilla/5.0 (Linux; Android 10; K) AppleWebKit/537.36 (KHTML, like Gecko) Chrome/133.0.0.0 Mobile Safari/537.36"
186.188.32.170 - - [23/Feb/2025:12:39:55 +0100] "GET /templates/gk_magazine/css/k2.css?v=2.8.0 HTTP/1.1" 200 4301 "-" "Mozilla/5.0 (Linux; Android 10; K) AppleWebKit/537.36 (KHTML, like Gecko) Chrome/133.0.0.0 Mobile Safari/537.36"
152.58.215.185 - - [23/Feb/2025:12:39:55 +0100] "GET /templates/gk_magazine/css/normalize.css HTTP/1.1" 200 2271 "-" "Mozilla/5.0 (Linux; Android 10; K) AppleWebKit/537.36 (KHTML, like Gecko) Chrome/111.0.0.0 Mobile Safari/537.36"
103.42.196.85 - - [23/Feb/2025:12:39:55 +0100] "GET /templates/gk_magazine/css/gk.stuff.css HTTP/1.1" 200 3347 "-" "Mozilla/5.0 (Linux; Android 10; K) AppleWebKit/537.36 (KHTML, like Gecko) Chrome/133.0.0.0 Mobile Safari/537.36"
46.196.208.28 - - [23/Feb/2025:12:39:55 +0100] "GET /templates/gk_magazine/css/layout.css HTTP/1.1" 200 1321 "-" "Mozilla/5.0 (Linux; Android 10; K) AppleWebKit/537.36 (KHTML, like Gecko) Chrome/133.0.0.0 Mobile Safari/537.36"
103.151.156.49 - - [23/Feb/2025:12:39:55 +0100] "GET /templates/gk_magazine/css/menu/menu.css HTTP/1.1" 200 1007 "-" "Mozilla/5.0 (Linux; Android 10; K) AppleWebKit/537.36 (KHTML, like Gecko) Chrome/133.0.0.0 Mobile Safari/537.36"
49.34.186.22 - - [23/Feb/2025:12:39:55 +0100] "GET /templates/gk_magazine/css/k2.css HTTP/1.1" 200 4301 "-" "Mozilla/5.0 (Linux; Android 10; K) AppleWebKit/537.36 (KHTML, like Gecko) Chrome/132.0.0.0 Mobile Safari/537.36"
37.239.13.130 - - [23/Feb/2025:12:39:55 +0100] "GET /templates/gk_magazine/css/joomla.css HTTP/1.1" 200 6079 "-" "Mozilla/5.0 (Linux; Android 10; K) AppleWebKit/537.36 (KHTML, like Gecko) Chrome/133.0.0.0 Mobile Safari/537.36"
197.55.159.180 - - [23/Feb/2025:12:39:55 +0100] "GET /templates/gk_magazine/css/template.css HTTP/1.1" 200 4169 "-" "Mozilla/5.0 (Linux; Android 10; K) AppleWebKit/537.36 (KHTML, like Gecko) Chrome/133.0.0.0 Mobile Safari/537.36"
46.196.208.28 - - [23/Feb/2025:12:39:55 +0100] "GET /templates/gk_magazine/css/joomla.css HTTP/1.1" 200 6079 "-" "Mozilla/5.0 (Linux; Android 10; K) AppleWebKit/537.36 (KHTML, like Gecko) Chrome/133.0.0.0 Mobile Safari/537.36"
154.80.98.97 - - [23/Feb/2025:12:39:55 +0100] "GET /templates/gk_magazine/css/layout.css HTTP/1.1" 200 1321 "-" "Mozilla/5.0 (Linux; Android 10; K) AppleWebKit/537.36 (KHTML, like Gecko) Chrome/133.0.0.0 Mobile Safari/537.36"
178.52.92.201 - - [23/Feb/2025:12:39:55 +0100] "GET /48516.png?1522650125 HTTP/1.1" 200 10078 "https://chipionatv.com/" "Mozilla/5.0 (Linux; Android 10; K) AppleWebKit/537.36 (KHTML, like Gecko) Chrome/133.0.0.0 Mobile Safari/537.36"
103.151.156.49 - - [23/Feb/2025:12:39:55 +0100] "GET /templates/gk_magazine/css/gk.stuff.css HTTP/1.1" 200 3347 "-" "Mozilla/5.0 (Linux; Android 10; K) AppleWebKit/537.36 (KHTML, like Gecko) Chrome/133.0.0.0 Mobile Safari/537.36"
152.58.23.97 - - [23/Feb/2025:12:39:55 +0100] "GET /templates/gk_magazine/css/menu/menu.css HTTP/1.1" 200 1007 "-" "Mozilla/5.0 (Linux; Android 10; K) AppleWebKit/537.36 (KHTML, like Gecko) Chrome/132.0.0.0 Mobile Safari/537.36"
152.58.41.128 - - [23/Feb/2025:12:39:55 +0100] "GET /templates/gk_magazine/css/k2.css?v=2.8.0 HTTP/1.1" 200 4301 "-" "Mozilla/5.0 (Linux; Android 10; K) AppleWebKit/537.36 (KHTML, like Gecko) Chrome/133.0.0.0 Mobile Safari/537.36"
152.58.215.185 - - [23/Feb/2025:12:39:55 +0100] "GET /templates/gk_magazine/css/layout.css HTTP/1.1" 200 1321 "-" "Mozilla/5.0 (Linux; Android 10; K) AppleWebKit/537.36 (KHTML, like Gecko) Chrome/111.0.0.0 Mobile Safari/537.36"
152.58.23.97 - - [23/Feb/2025:12:39:55 +0100] "GET /templates/gk_magazine/css/system/system.css HTTP/1.1" 200 537 "-" "Mozilla/5.0 (Linux; Android 10; K) AppleWebKit/537.36 (KHTML, like Gecko) Chrome/132.0.0.0 Mobile Safari/537.36"
152.58.23.97 - - [23/Feb/2025:12:39:55 +0100] "GET /templates/gk_magazine/css/template.css HTTP/1.1" 200 4169 "-" "Mozilla/5.0 (Linux; Android 10; K) AppleWebKit/537.36 (KHTML, like Gecko) Chrome/132.0.0.0 Mobile Safari/537.36"
152.58.215.185 - - [23/Feb/2025:12:39:55 +0100] "GET /templates/gk_magazine/css/joomla.css HTTP/1.1" 200 6079 "-" "Mozilla/5.0 (Linux; Android 10; K) AppleWebKit/537.36 (KHTML, like Gecko) Chrome/111.0.0.0 Mobile Safari/537.36"
14.102.43.26 - - [23/Feb/2025:12:39:55 +0100] "GET /templates/gk_magazine/css/k2.css?v=2.8.0 HTTP/1.1" 200 4301 "-" "Mozilla/5.0 (Linux; Android 10; K) AppleWebKit/537.36 (KHTML, like Gecko) Chrome/133.0.0.0 Mobile Safari/537.36"
129.45.9.130 - - [23/Feb/2025:12:39:55 +0100] "GET /48516.png?1522650125 HTTP/1.1" 200 10078 "https://chipionatv.com/" "Mozilla/5.0 (Linux; Android 8.1.0; SM-J410F) AppleWebKit/537.36 (KHTML, like Gecko) Chrome/70.0.3538.110 Mobile Safari/537.36"
152.59.152.148 - - [23/Feb/2025:12:39:55 +0100] "GET /templates/gk_magazine/css/k2.css?v=2.8.0 HTTP/1.1" 200 4301 "-" "Mozilla/5.0 (Linux; Android 10; K) AppleWebKit/537.36 (KHTML, like Gecko) Chrome/133.0.0.0 Mobile Safari/537.36"
49.34.186.22 - - [23/Feb/2025:12:39:55 +0100] "GET /templates/gk_magazine/css/k2.css?v=2.8.0 HTTP/1.1" 200 4301 "-" "Mozilla/5.0 (Linux; Android 10; K) AppleWebKit/537.36 (KHTML, like Gecko) Chrome/132.0.0.0 Mobile Safari/537.36"
46.196.208.28 - - [23/Feb/2025:12:39:55 +0100] "GET /templates/gk_magazine/css/system/system.css HTTP/1.1" 200 537 "-" "Mozilla/5.0 (Linux; Android 10; K) AppleWebKit/537.36 (KHTML, like Gecko) Chrome/133.0.0.0 Mobile Safari/537.36"
157.39.232.222 - - [23/Feb/2025:12:39:55 +0100] "GET /templates/gk_magazine/css/layout.css HTTP/1.1" 200 1321 "-" "Mozilla/5.0 (Linux; Android 10; K) AppleWebKit/537.36 (KHTML, like Gecko) Chrome/132.0.0.0 Mobile Safari/537.36"
197.55.159.180 - - [23/Feb/2025:12:39:55 +0100] "GET /templates/gk_magazine/css/menu/menu.css HTTP/1.1" 200 1007 "-" "Mozilla/5.0 (Linux; Android 10; K) AppleWebKit/537.36 (KHTML, like Gecko) Chrome/133.0.0.0 Mobile Safari/537.36"
152.59.152.148 - - [23/Feb/2025:12:39:55 +0100] "GET /templates/gk_magazine/css/k2.css HTTP/1.1" 200 4301 "-" "Mozilla/5.0 (Linux; Android 10; K) AppleWebKit/537.36 (KHTML, like Gecko) Chrome/133.0.0.0 Mobile Safari/537.36"
197.55.159.180 - - [23/Feb/2025:12:39:55 +0100] "GET /templates/gk_magazine/css/gk.stuff.css HTTP/1.1" 200 3347 "-" "Mozilla/5.0 (Linux; Android 10; K) AppleWebKit/537.36 (KHTML, like Gecko) Chrome/133.0.0.0 Mobile Safari/537.36"
93.180.222.181 - - [23/Feb/2025:12:39:55 +0100] "GET /templates/gk_magazine/css/k2.css?v=2.8.0 HTTP/1.1" 200 4301 "-" "Mozilla/5.0 (Linux; Android 10; K) AppleWebKit/537.36 (KHTML, like Gecko) Chrome/133.0.0.0 Mobile Safari/537.36"
93.180.222.181 - - [23/Feb/2025:12:39:55 +0100] "GET /templates/gk_magazine/css/k2.css HTTP/1.1" 200 4301 "-" "Mozilla/5.0 (Linux; Android 10; K) AppleWebKit/537.36 (KHTML, like Gecko) Chrome/133.0.0.0 Mobile Safari/537.36"
49.37.135.223 - - [23/Feb/2025:12:39:55 +0100] "GET /templates/gk_magazine/css/layout.css HTTP/1.1" 200 1321 "-" "Mozilla/5.0 (Linux; Android 10; K) AppleWebKit/537.36 (KHTML, like Gecko) Chrome/133.0.0.0 Mobile Safari/537.36"
49.37.135.223 - - [23/Feb/2025:12:39:55 +0100] "GET /templates/gk_magazine/css/normalize.css HTTP/1.1" 200 2271 "-" "Mozilla/5.0 (Linux; Android 10; K) AppleWebKit/537.36 (KHTML, like Gecko) Chrome/133.0.0.0 Mobile Safari/537.36"
37.236.25.18 - - [23/Feb/2025:12:39:55 +0100] "GET /templates/gk_magazine/css/system/system.css HTTP/1.1" 200 537 "-" "Mozilla/5.0 (Linux; Android 10; K) AppleWebKit/537.36 (KHTML, like Gecko) Chrome/133.0.0.0 Mobile Safari/537.36"
152.58.41.128 - - [23/Feb/2025:12:39:55 +0100] "GET /templates/gk_magazine/css/normalize.css HTTP/1.1" 200 2271 "-" "Mozilla/5.0 (Linux; Android 10; K) AppleWebKit/537.36 (KHTML, like Gecko) Chrome/133.0.0.0 Mobile Safari/537.36"
154.80.98.97 - - [23/Feb/2025:12:39:55 +0100] "GET /templates/gk_magazine/css/joomla.css HTTP/1.1" 200 6079 "-" "Mozilla/5.0 (Linux; Android 10; K) AppleWebKit/537.36 (KHTML, like Gecko) Chrome/133.0.0.0 Mobile Safari/537.36"
103.240.169.226 - - [23/Feb/2025:12:39:55 +0100] "GET /48516.png?1522650125 HTTP/1.1" 200 10078 "https://chipionatv.com/" "Mozilla/5.0 (Linux; Android 10; K) AppleWebKit/537.36 (KHTML, like Gecko) Chrome/133.0.0.0 Mobile Safari/537.36"
5.229.62.97 - - [23/Feb/2025:12:39:55 +0100] "GET /favicon.ico HTTP/1.1" 200 15406 "https://chipionatv.com/" "Mozilla/5.0 (iPhone; CPU iPhone OS 17_0_2 like Mac OS X) AppleWebKit/605.1.15 (KHTML, like Gecko) Version/17.0 Mobile/15E148 Safari/604.1"
49.47.8.25 - - [23/Feb/2025:12:39:55 +0100] "GET /48516.png?1522650125 HTTP/1.1" 200 10078 "https://chipionatv.com/" "Mozilla/5.0 (iPhone; CPU iPhone OS 18_1_1 like Mac OS X) AppleWebKit/605.1.15 (KHTML, like Gecko) CriOS/133.0.6943.120 Mobile/15E148 Safari/604.1"
46.196.208.28 - - [23/Feb/2025:12:39:55 +0100] "GET /templates/gk_magazine/css/template.css HTTP/1.1" 200 4169 "-" "Mozilla/5.0 (Linux; Android 10; K) AppleWebKit/537.36 (KHTML, like Gecko) Chrome/133.0.0.0 Mobile Safari/537.36"
185.106.28.145 - - [23/Feb/2025:12:39:55 +0100] "GET /favicon.ico HTTP/1.1" 200 15406 "https://chipionatv.com/" "Mozilla/5.0 (Linux; Android 10; K) AppleWebKit/537.36 (KHTML, like Gecko) Chrome/133.0.0.0 Mobile Safari/537.36"
46.196.208.28 - - [23/Feb/2025:12:39:55 +0100] "GET /templates/gk_magazine/css/menu/menu.css HTTP/1.1" 200 1007 "-" "Mozilla/5.0 (Linux; Android 10; K) AppleWebKit/537.36 (KHTML, like Gecko) Chrome/133.0.0.0 Mobile Safari/537.36"
223.237.188.21 - - [23/Feb/2025:12:39:55 +0100] "GET /48516.png?1522650125 HTTP/1.1" 200 10078 "https://chipionatv.com/" "Mozilla/5.0 (Linux; Android 10; K) AppleWebKit/537.36 (KHTML, like Gecko) Chrome/133.0.0.0 Mobile Safari/537.36"
223.186.138.214 - - [23/Feb/2025:12:39:55 +0100] "GET /templates/gk_magazine/css/layout.css HTTP/1.1" 200 1321 "-" "Mozilla/5.0 (Linux; Android 10; K) AppleWebKit/537.36 (KHTML, like Gecko) Chrome/133.0.0.0 Mobile Safari/537.36"
197.55.159.180 - - [23/Feb/2025:12:39:55 +0100] "GET /48516.png?1522650125 HTTP/1.1" 200 10078 "https://chipionatv.com/" "Mozilla/5.0 (Linux; Android 10; K) AppleWebKit/537.36 (KHTML, like Gecko) Chrome/133.0.0.0 Mobile Safari/537.36"
204.18.241.200 - - [23/Feb/2025:12:39:55 +0100] "GET /templates/gk_magazine/css/k2.css?v=2.8.0 HTTP/1.1" 200 4301 "-" "Mozilla/5.0 (Linux; Android 10; K) AppleWebKit/537.36 (KHTML, like Gecko) Chrome/134.0.0.0 Mobile Safari/537.36"
42.106.92.238 - - [23/Feb/2025:12:39:55 +0100] "GET /templates/gk_magazine/css/k2.css HTTP/1.1" 200 4301 "-" "Mozilla/5.0 (Linux; Android 10; K) AppleWebKit/537.36 (KHTML, like Gecko) Chrome/133.0.0.0 Mobile Safari/537.36"
37.77.55.164 - - [23/Feb/2025:12:39:55 +0100] "GET /48516.png?1522650125 HTTP/1.1" 200 10078 "https://chipionatv.com/" "Mozilla/5.0 (iPhone; CPU iPhone OS 17_2 like Mac OS X) AppleWebKit/605.1.15 (KHTML, like Gecko) GSA/262.1.529165518 Mobile/15E148 Safari/604.1"
186.188.32.170 - - [23/Feb/2025:12:39:55 +0100] "GET /templates/gk_magazine/css/layout.css HTTP/1.1" 200 1321 "-" "Mozilla/5.0 (Linux; Android 10; K) AppleWebKit/537.36 (KHTML, like Gecko) Chrome/133.0.0.0 Mobile Safari/537.36"
1.187.222.53 - - [23/Feb/2025:12:39:55 +0100] "GET /templates/gk_magazine/css/k2.css?v=2.8.0 HTTP/1.1" 200 4301 "-" "Mozilla/5.0 (Linux; Android 10; K) AppleWebKit/537.36 (KHTML, like Gecko) Chrome/133.0.0.0 Mobile Safari/537.36"
42.106.92.238 - - [23/Feb/2025:12:39:55 +0100] "GET /templates/gk_magazine/css/k2.css?v=2.8.0 HTTP/1.1" 200 4301 "-" "Mozilla/5.0 (Linux; Android 10; K) AppleWebKit/537.36 (KHTML, like Gecko) Chrome/133.0.0.0 Mobile Safari/537.36"
192.145.174.242 - - [23/Feb/2025:12:39:55 +0100] "GET /templates/gk_magazine/css/normalize.css HTTP/1.1" 200 2271 "-" "Mozilla/5.0 (Linux; Android 10; K) AppleWebKit/537.36 (KHTML, like Gecko) Chrome/111.0.0.0 Mobile Safari/537.36"
1.187.222.53 - - [23/Feb/2025:12:39:55 +0100] "GET /templates/gk_magazine/css/k2.css HTTP/1.1" 200 4301 "-" "Mozilla/5.0 (Linux; Android 10; K) AppleWebKit/537.36 (KHTML, like Gecko) Chrome/133.0.0.0 Mobile Safari/537.36"
204.18.241.200 - - [23/Feb/2025:12:39:55 +0100] "GET /templates/gk_magazine/css/k2.css HTTP/1.1" 200 4301 "-" "Mozilla/5.0 (Linux; Android 10; K) AppleWebKit/537.36 (KHTML, like Gecko) Chrome/134.0.0.0 Mobile Safari/537.36"
1.187.222.53 - - [23/Feb/2025:12:39:55 +0100] "GET /templates/gk_magazine/css/normalize.css HTTP/1.1" 200 2271 "-" "Mozilla/5.0 (Linux; Android 10; K) AppleWebKit/537.36 (KHTML, like Gecko) Chrome/133.0.0.0 Mobile Safari/537.36"
49.34.186.22 - - [23/Feb/2025:12:39:55 +0100] "GET /templates/gk_magazine/css/normalize.css HTTP/1.1" 200 2271 "-" "Mozilla/5.0 (Linux; Android 10; K) AppleWebKit/537.36 (KHTML, like Gecko) Chrome/132.0.0.0 Mobile Safari/537.36"
192.145.174.242 - - [23/Feb/2025:12:39:55 +0100] "GET /templates/gk_magazine/css/layout.css HTTP/1.1" 200 1321 "-" "Mozilla/5.0 (Linux; Android 10; K) AppleWebKit/537.36 (KHTML, like Gecko) Chrome/111.0.0.0 Mobile Safari/537.36"
42.105.135.252 - - [23/Feb/2025:12:39:55 +0100] "GET /templates/gk_magazine/css/joomla.css HTTP/1.1" 200 6079 "-" "Mozilla/5.0 (Linux; Android 10; K) AppleWebKit/537.36 (KHTML, like Gecko) Chrome/133.0.0.0 Mobile Safari/537.36"
186.188.32.170 - - [23/Feb/2025:12:39:55 +0100] "GET /templates/gk_magazine/css/joomla.css HTTP/1.1" 200 6079 "-" "Mozilla/5.0 (Linux; Android 10; K) AppleWebKit/537.36 (KHTML, like Gecko) Chrome/133.0.0.0 Mobile Safari/537.36"
154.80.98.97 - - [23/Feb/2025:12:39:55 +0100] "GET /templates/gk_magazine/css/system/system.css HTTP/1.1" 200 537 "-" "Mozilla/5.0 (Linux; Android 10; K) AppleWebKit/537.36 (KHTML, like Gecko) Chrome/133.0.0.0 Mobile Safari/537.36"
103.184.71.37 - - [23/Feb/2025:12:39:55 +0100] "GET /templates/gk_magazine/css/k2.css HTTP/1.1" 200 4301 "-" "Mozilla/5.0 (Linux; Android 10; K) AppleWebKit/537.36 (KHTML, like Gecko) Chrome/133.0.0.0 Mobile Safari/537.36"
103.184.71.37 - - [23/Feb/2025:12:39:55 +0100] "GET /templates/gk_magazine/css/normalize.css HTTP/1.1" 200 2271 "-" "Mozilla/5.0 (Linux; Android 10; K) AppleWebKit/537.36 (KHTML, like Gecko) Chrome/133.0.0.0 Mobile Safari/537.36"
103.184.71.37 - - [23/Feb/2025:12:39:55 +0100] "GET /templates/gk_magazine/css/k2.css?v=2.8.0 HTTP/1.1" 200 4301 "-" "Mozilla/5.0 (Linux; Android 10; K) AppleWebKit/537.36 (KHTML, like Gecko) Chrome/133.0.0.0 Mobile Safari/537.36"
192.145.174.242 - - [23/Feb/2025:12:39:55 +0100] "GET /templates/gk_magazine/css/joomla.css HTTP/1.1" 200 6079 "-" "Mozilla/5.0 (Linux; Android 10; K) AppleWebKit/537.36 (KHTML, like Gecko) Chrome/111.0.0.0 Mobile Safari/537.36"
37.236.25.18 - - [23/Feb/2025:12:39:55 +0100] "GET /templates/gk_magazine/css/menu/menu.css HTTP/1.1" 200 1007 "-" "Mozilla/5.0 (Linux; Android 10; K) AppleWebKit/537.36 (KHTML, like Gecko) Chrome/133.0.0.0 Mobile Safari/537.36"
37.239.13.130 - - [23/Feb/2025:12:39:55 +0100] "GET /templates/gk_magazine/css/system/system.css HTTP/1.1" 200 537 "-" "Mozilla/5.0 (Linux; Android 10; K) AppleWebKit/537.36 (KHTML, like Gecko) Chrome/133.0.0.0 Mobile Safari/537.36"
37.239.13.130 - - [23/Feb/2025:12:39:55 +0100] "GET /48516.png?1522650125 HTTP/1.1" 200 10078 "https://chipionatv.com/" "Mozilla/5.0 (Linux; Android 10; K) AppleWebKit/537.36 (KHTML, like Gecko) Chrome/133.0.0.0 Mobile Safari/537.36"
42.106.92.238 - - [23/Feb/2025:12:39:55 +0100] "GET /templates/gk_magazine/css/normalize.css HTTP/1.1" 200 2271 "-" "Mozilla/5.0 (Linux; Android 10; K) AppleWebKit/537.36 (KHTML, like Gecko) Chrome/133.0.0.0 Mobile Safari/537.36"
42.105.135.252 - - [23/Feb/2025:12:39:55 +0100] "GET /templates/gk_magazine/css/system/system.css HTTP/1.1" 200 537 "-" "Mozilla/5.0 (Linux; Android 10; K) AppleWebKit/537.36 (KHTML, like Gecko) Chrome/133.0.0.0 Mobile Safari/537.36"
223.231.215.16 - - [23/Feb/2025:12:39:55 +0100] "GET /templates/gk_magazine/css/k2.css?v=2.8.0 HTTP/1.1" 200 4301 "-" "Mozilla/5.0 (Linux; Android 10; K) AppleWebKit/537.36 (KHTML, like Gecko) Chrome/133.0.0.0 Mobile Safari/537.36"
37.236.25.18 - - [23/Feb/2025:12:39:55 +0100] "GET /templates/gk_magazine/css/template.css HTTP/1.1" 200 4169 "-" "Mozilla/5.0 (Linux; Android 10; K) AppleWebKit/537.36 (KHTML, like Gecko) Chrome/133.0.0.0 Mobile Safari/537.36"
59.183.255.202 - - [23/Feb/2025:12:39:55 +0100] "GET /48516.png?1522650125 HTTP/1.1" 200 10078 "https://chipionatv.com/" "Mozilla/5.0 (Linux; Android 10; K) AppleWebKit/537.36 (KHTML, like Gecko) Chrome/133.0.0.0 Mobile Safari/537.36"
223.186.138.214 - - [23/Feb/2025:12:39:55 +0100] "GET /48516.png?1522650125 HTTP/1.1" 200 10078 "https://chipionatv.com/" "Mozilla/5.0 (Linux; Android 10; K) AppleWebKit/537.36 (KHTML, like Gecko) Chrome/133.0.0.0 Mobile Safari/537.36"
93.180.222.181 - - [23/Feb/2025:12:39:55 +0100] "GET /templates/gk_magazine/css/normalize.css HTTP/1.1" 200 2271 "-" "Mozilla/5.0 (Linux; Android 10; K) AppleWebKit/537.36 (KHTML, like Gecko) Chrome/133.0.0.0 Mobile Safari/537.36"
46.196.208.28 - - [23/Feb/2025:12:39:55 +0100] "GET /templates/gk_magazine/css/gk.stuff.css HTTP/1.1" 200 3347 "-" "Mozilla/5.0 (Linux; Android 10; K) AppleWebKit/537.36 (KHTML, like Gecko) Chrome/133.0.0.0 Mobile Safari/537.36"
223.184.234.177 - - [23/Feb/2025:12:39:55 +0100] "GET /48516.png?1522650125 HTTP/1.1" 200 10078 "https://chipionatv.com/" "Mozilla/5.0 (Linux; Android 10; K) AppleWebKit/537.36 (KHTML, like Gecko) Chrome/133.0.0.0 Mobile Safari/537.36"
152.58.23.97 - - [23/Feb/2025:12:39:55 +0100] "GET /48516.png?1522650125 HTTP/1.1" 200 10078 "https://chipionatv.com/" "Mozilla/5.0 (Linux; Android 10; K) AppleWebKit/537.36 (KHTML, like Gecko) Chrome/132.0.0.0 Mobile Safari/537.36"
157.39.232.222 - - [23/Feb/2025:12:39:55 +0100] "GET /templates/gk_magazine/css/joomla.css HTTP/1.1" 200 6079 "-" "Mozilla/5.0 (Linux; Android 10; K) AppleWebKit/537.36 (KHTML, like Gecko) Chrome/132.0.0.0 Mobile Safari/537.36"
223.186.138.214 - - [23/Feb/2025:12:39:55 +0100] "GET /templates/gk_magazine/css/joomla.css HTTP/1.1" 200 6079 "-" "Mozilla/5.0 (Linux; Android 10; K) AppleWebKit/537.36 (KHTML, like Gecko) Chrome/133.0.0.0 Mobile Safari/537.36"
106.221.140.72 - - [23/Feb/2025:12:39:55 +0100] "GET /templates/gk_magazine/css/k2.css?v=2.8.0 HTTP/1.1" 200 4301 "-" "Mozilla/5.0 (Linux; Android 10; K) AppleWebKit/537.36 (KHTML, like Gecko) Chrome/133.0.0.0 Mobile Safari/537.36"
152.58.215.185 - - [23/Feb/2025:12:39:55 +0100] "GET /48516.png?1522650125 HTTP/1.1" 200 10078 "https://chipionatv.com/" "Mozilla/5.0 (Linux; Android 10; K) AppleWebKit/537.36 (KHTML, like Gecko) Chrome/111.0.0.0 Mobile Safari/537.36"
157.39.232.222 - - [23/Feb/2025:12:39:55 +0100] "GET /templates/gk_magazine/css/system/system.css HTTP/1.1" 200 537 "-" "Mozilla/5.0 (Linux; Android 10; K) AppleWebKit/537.36 (KHTML, like Gecko) Chrome/132.0.0.0 Mobile Safari/537.36"
186.188.32.170 - - [23/Feb/2025:12:39:55 +0100] "GET /templates/gk_magazine/css/system/system.css HTTP/1.1" 200 537 "-" "Mozilla/5.0 (Linux; Android 10; K) AppleWebKit/537.36 (KHTML, like Gecko) Chrome/133.0.0.0 Mobile Safari/537.36"
152.58.41.128 - - [23/Feb/2025:12:39:55 +0100] "GET /templates/gk_magazine/css/layout.css HTTP/1.1" 200 1321 "-" "Mozilla/5.0 (Linux; Android 10; K) AppleWebKit/537.36 (KHTML, like Gecko) Chrome/133.0.0.0 Mobile Safari/537.36"
182.0.140.205 - - [23/Feb/2025:12:39:55 +0100] "GET /templates/gk_magazine/css/system/system.css HTTP/1.1" 200 537 "-" "Mozilla/5.0 (Linux; Android 10; K) AppleWebKit/537.36 (KHTML, like Gecko) Chrome/133.0.0.0 Mobile Safari/537.36"
152.58.23.97 - - [23/Feb/2025:12:39:55 +0100] "GET /templates/gk_magazine/css/gk.stuff.css HTTP/1.1" 200 3347 "-" "Mozilla/5.0 (Linux; Android 10; K) AppleWebKit/537.36 (KHTML, like Gecko) Chrome/132.0.0.0 Mobile Safari/537.36"
106.221.140.72 - - [23/Feb/2025:12:39:55 +0100] "GET /templates/gk_magazine/css/k2.css HTTP/1.1" 200 4301 "-" "Mozilla/5.0 (Linux; Android 10; K) AppleWebKit/537.36 (KHTML, like Gecko) Chrome/133.0.0.0 Mobile Safari/537.36"
152.59.152.148 - - [23/Feb/2025:12:39:55 +0100] "GET /templates/gk_magazine/css/normalize.css HTTP/1.1" 200 2271 "-" "Mozilla/5.0 (Linux; Android 10; K) AppleWebKit/537.36 (KHTML, like Gecko) Chrome/133.0.0.0 Mobile Safari/537.36"
103.171.247.239 - - [23/Feb/2025:12:39:55 +0100] "GET /favicon.ico HTTP/1.1" 200 15406 "https://chipionatv.com/" "Mozilla/5.0 (Linux; Android 10; K) AppleWebKit/537.36 (KHTML, like Gecko) Chrome/133.0.0.0 Mobile Safari/537.36"
223.187.78.156 - - [23/Feb/2025:12:39:55 +0100] "GET /templates/gk_magazine/css/k2.css HTTP/1.1" 200 4301 "-" "Mozilla/5.0 (Linux; Android 10; K) AppleWebKit/537.36 (KHTML, like Gecko) Chrome/126.0.0.0 Mobile Safari/537.36"
42.108.28.147 - - [23/Feb/2025:12:39:55 +0100] "GET /48516.png?1522650125 HTTP/1.1" 200 10078 "https://chipionatv.com/" "Mozilla/5.0 (iPhone; CPU iPhone OS 18_2_0 like Mac OS X) AppleWebKit/605.1.15 (KHTML, like Gecko) CriOS/132.0.6834.100 Mobile/15E148 Safari/604.1"
152.58.215.185 - - [23/Feb/2025:12:39:55 +0100] "GET /templates/gk_magazine/css/system/system.css HTTP/1.1" 200 537 "-" "Mozilla/5.0 (Linux; Android 10; K) AppleWebKit/537.36 (KHTML, like Gecko) Chrome/111.0.0.0 Mobile Safari/537.36"
79.91.26.146 - - [23/Feb/2025:12:39:55 +0100] "GET /48516.png?1522650125 HTTP/1.1" 200 10078 "https://chipionatv.com/" "Mozilla/5.0 (iPhone; CPU iPhone OS 18_3_1 like Mac OS X) AppleWebKit/605.1.15 (KHTML, like Gecko) GSA/356.2.728375747 Mobile/15E148 Safari/604.1"
182.0.140.205 - - [23/Feb/2025:12:39:55 +0100] "GET /templates/gk_magazine/css/template.css HTTP/1.1" 200 4169 "-" "Mozilla/5.0 (Linux; Android 10; K) AppleWebKit/537.36 (KHTML, like Gecko) Chrome/133.0.0.0 Mobile Safari/537.36"
49.47.8.25 - - [23/Feb/2025:12:39:55 +0100] "GET /favicon.ico HTTP/1.1" 200 15406 "-" "Mozilla/5.0 (iPhone; CPU iPhone OS 18_1_1 like Mac OS X) AppleWebKit/605.1.15 (KHTML, like Gecko) CriOS/133.0.6943.120 Mobile/15E148 Safari/604.1"
223.231.215.16 - - [23/Feb/2025:12:39:55 +0100] "GET /templates/gk_magazine/css/normalize.css HTTP/1.1" 200 2271 "-" "Mozilla/5.0 (Linux; Android 10; K) AppleWebKit/537.36 (KHTML, like Gecko) Chrome/133.0.0.0 Mobile Safari/537.36"
223.231.215.16 - - [23/Feb/2025:12:39:55 +0100] "GET /templates/gk_magazine/css/k2.css HTTP/1.1" 200 4301 "-" "Mozilla/5.0 (Linux; Android 10; K) AppleWebKit/537.36 (KHTML, like Gecko) Chrome/133.0.0.0 Mobile Safari/537.36"
46.155.82.192 - - [23/Feb/2025:12:39:55 +0100] "GET /48516.png?1522650125 HTTP/1.1" 200 10078 "https://chipionatv.com/" "Mozilla/5.0 (iPhone; CPU iPhone OS 18_3_0 like Mac OS X) AppleWebKit/605.1.15 (KHTML, like Gecko) GSA/355.0.723646882 Mobile/15E148 Safari/604.1"
223.187.78.156 - - [23/Feb/2025:12:39:55 +0100] "GET /templates/gk_magazine/css/k2.css?v=2.8.0 HTTP/1.1" 200 4301 "-" "Mozilla/5.0 (Linux; Android 10; K) AppleWebKit/537.36 (KHTML, like Gecko) Chrome/126.0.0.0 Mobile Safari/537.36"
93.180.222.181 - - [23/Feb/2025:12:39:55 +0100] "GET /templates/gk_magazine/css/layout.css HTTP/1.1" 200 1321 "-" "Mozilla/5.0 (Linux; Android 10; K) AppleWebKit/537.36 (KHTML, like Gecko) Chrome/133.0.0.0 Mobile Safari/537.36"
93.180.222.181 - - [23/Feb/2025:12:39:55 +0100] "GET /templates/gk_magazine/css/joomla.css HTTP/1.1" 200 6079 "-" "Mozilla/5.0 (Linux; Android 10; K) AppleWebKit/537.36 (KHTML, like Gecko) Chrome/133.0.0.0 Mobile Safari/537.36"
106.221.140.72 - - [23/Feb/2025:12:39:55 +0100] "GET /templates/gk_magazine/css/normalize.css HTTP/1.1" 200 2271 "-" "Mozilla/5.0 (Linux; Android 10; K) AppleWebKit/537.36 (KHTML, like Gecko) Chrome/133.0.0.0 Mobile Safari/537.36"
106.219.177.132 - - [23/Feb/2025:12:39:55 +0100] "GET /templates/gk_magazine/css/k2.css?v=2.8.0 HTTP/1.1" 200 4301 "-" "Mozilla/5.0 (Linux; Android 10; K) AppleWebKit/537.36 (KHTML, like Gecko) Chrome/133.0.0.0 Mobile Safari/537.36"
106.219.177.132 - - [23/Feb/2025:12:39:55 +0100] "GET /templates/gk_magazine/css/k2.css HTTP/1.1" 200 4301 "-" "Mozilla/5.0 (Linux; Android 10; K) AppleWebKit/537.36 (KHTML, like Gecko) Chrome/133.0.0.0 Mobile Safari/537.36"
152.58.215.185 - - [23/Feb/2025:12:39:55 +0100] "GET /templates/gk_magazine/css/template.css HTTP/1.1" 200 4169 "-" "Mozilla/5.0 (Linux; Android 10; K) AppleWebKit/537.36 (KHTML, like Gecko) Chrome/111.0.0.0 Mobile Safari/537.36"
154.80.98.97 - - [23/Feb/2025:12:39:55 +0100] "GET /templates/gk_magazine/css/template.css HTTP/1.1" 200 4169 "-" "Mozilla/5.0 (Linux; Android 10; K) AppleWebKit/537.36 (KHTML, like Gecko) Chrome/133.0.0.0 Mobile Safari/537.36"
152.59.152.148 - - [23/Feb/2025:12:39:55 +0100] "GET /templates/gk_magazine/css/layout.css HTTP/1.1" 200 1321 "-" "Mozilla/5.0 (Linux; Android 10; K) AppleWebKit/537.36 (KHTML, like Gecko) Chrome/133.0.0.0 Mobile Safari/537.36"
157.39.232.222 - - [23/Feb/2025:12:39:55 +0100] "GET /48516.png?1522650125 HTTP/1.1" 200 10078 "https://chipionatv.com/" "Mozilla/5.0 (Linux; Android 10; K) AppleWebKit/537.36 (KHTML, like Gecko) Chrome/132.0.0.0 Mobile Safari/537.36"
182.0.140.205 - - [23/Feb/2025:12:39:55 +0100] "GET /templates/gk_magazine/css/menu/menu.css HTTP/1.1" 200 1007 "-" "Mozilla/5.0 (Linux; Android 10; K) AppleWebKit/537.36 (KHTML, like Gecko) Chrome/133.0.0.0 Mobile Safari/537.36"
157.39.232.222 - - [23/Feb/2025:12:39:55 +0100] "GET /templates/gk_magazine/css/template.css HTTP/1.1" 200 4169 "-" "Mozilla/5.0 (Linux; Android 10; K) AppleWebKit/537.36 (KHTML, like Gecko) Chrome/132.0.0.0 Mobile Safari/537.36"
49.37.135.223 - - [23/Feb/2025:12:39:55 +0100] "GET /48516.png?1522650125 HTTP/1.1" 200 10078 "https://chipionatv.com/" "Mozilla/5.0 (Linux; Android 10; K) AppleWebKit/537.36 (KHTML, like Gecko) Chrome/133.0.0.0 Mobile Safari/537.36"
152.59.152.148 - - [23/Feb/2025:12:39:55 +0100] "GET /templates/gk_magazine/css/joomla.css HTTP/1.1" 200 6079 "-" "Mozilla/5.0 (Linux; Android 10; K) AppleWebKit/537.36 (KHTML, like Gecko) Chrome/133.0.0.0 Mobile Safari/537.36"
83.52.7.134 - - [23/Feb/2025:12:39:55 +0100] "GET /48516.png?1522650125 HTTP/1.1" 200 10078 "https://chipionatv.com/" "Mozilla/5.0 (Linux; Android 11; SM-A505F) AppleWebKit/537.36 (KHTML, like Gecko) Chrome/106.0.0.0 Mobile Safari/537.36"
204.18.241.200 - - [23/Feb/2025:12:39:55 +0100] "GET /templates/gk_magazine/css/normalize.css HTTP/1.1" 200 2271 "-" "Mozilla/5.0 (Linux; Android 10; K) AppleWebKit/537.36 (KHTML, like Gecko) Chrome/134.0.0.0 Mobile Safari/537.36"
156.195.29.9 - - [23/Feb/2025:12:39:55 +0100] "GET /48516.png?1522650125 HTTP/1.1" 200 10078 "https://chipionatv.com/" "Mozilla/5.0 (Linux; Android 10; K) AppleWebKit/537.36 (KHTML, like Gecko) Chrome/133.0.0.0 Mobile Safari/537.36"
157.47.106.35 - - [23/Feb/2025:12:39:55 +0100] "GET /48516.png?1522650125 HTTP/1.1" 200 10078 "https://chipionatv.com/" "Mozilla/5.0 (Linux; Android 10; K) AppleWebKit/537.36 (KHTML, like Gecko) Chrome/132.0.0.0 Mobile Safari/537.36"
49.34.186.22 - - [23/Feb/2025:12:39:55 +0100] "GET /48516.png?1522650125 HTTP/1.1" 200 10078 "https://chipionatv.com/" "Mozilla/5.0 (Linux; Android 10; K) AppleWebKit/537.36 (KHTML, like Gecko) Chrome/132.0.0.0 Mobile Safari/537.36"
103.5.135.79 - - [23/Feb/2025:12:39:55 +0100] "GET /48516.png?1522650125 HTTP/1.1" 200 10078 "https://chipionatv.com/" "Mozilla/5.0 (Linux; Android 10; K) AppleWebKit/537.36 (KHTML, like Gecko) Chrome/133.0.0.0 Mobile Safari/537.36"
213.230.93.5 - - [23/Feb/2025:12:39:55 +0100] "GET /48516.png?1522650125 HTTP/1.1" 200 10078 "https://chipionatv.com/" "Mozilla/5.0 (iPhone; CPU iPhone OS 18_3_1 like Mac OS X) AppleWebKit/605.1.15 (KHTML, like Gecko) Version/18.3 Mobile/15E148 Safari/604.1"
186.188.32.170 - - [23/Feb/2025:12:39:55 +0100] "GET /templates/gk_magazine/css/template.css HTTP/1.1" 200 4169 "-" "Mozilla/5.0 (Linux; Android 10; K) AppleWebKit/537.36 (KHTML, like Gecko) Chrome/133.0.0.0 Mobile Safari/537.36"
103.101.212.167 - - [23/Feb/2025:12:39:55 +0100] "GET /templates/gk_magazine/css/k2.css?v=2.8.0 HTTP/1.1" 200 4301 "-" "Mozilla/5.0 (Linux; Android 10; K) AppleWebKit/537.36 (KHTML, like Gecko) Chrome/133.0.0.0 Mobile Safari/537.36"
177.37.186.219 - - [23/Feb/2025:12:39:55 +0100] "GET /favicon.ico HTTP/1.1" 200 15406 "-" "Mozilla/5.0 (iPhone; CPU iPhone OS 18_1_1 like Mac OS X) AppleWebKit/605.1.15 (KHTML, like Gecko) CriOS/133.0.6943.120 Mobile/15E148 Safari/604.1"
103.101.212.167 - - [23/Feb/2025:12:39:55 +0100] "GET /templates/gk_magazine/css/k2.css HTTP/1.1" 200 4301 "-" "Mozilla/5.0 (Linux; Android 10; K) AppleWebKit/537.36 (KHTML, like Gecko) Chrome/133.0.0.0 Mobile Safari/537.36"
204.18.241.200 - - [23/Feb/2025:12:39:55 +0100] "GET /templates/gk_magazine/css/layout.css HTTP/1.1" 200 1321 "-" "Mozilla/5.0 (Linux; Android 10; K) AppleWebKit/537.36 (KHTML, like Gecko) Chrome/134.0.0.0 Mobile Safari/537.36"
154.80.98.97 - - [23/Feb/2025:12:39:55 +0100] "GET /templates/gk_magazine/css/menu/menu.css HTTP/1.1" 200 1007 "-" "Mozilla/5.0 (Linux; Android 10; K) AppleWebKit/537.36 (KHTML, like Gecko) Chrome/133.0.0.0 Mobile Safari/537.36"
152.58.41.128 - - [23/Feb/2025:12:39:55 +0100] "GET /48516.png?1522650125 HTTP/1.1" 200 10078 "https://chipionatv.com/" "Mozilla/5.0 (Linux; Android 10; K) AppleWebKit/537.36 (KHTML, like Gecko) Chrome/133.0.0.0 Mobile Safari/537.36"
223.186.138.214 - - [23/Feb/2025:12:39:55 +0100] "GET /templates/gk_magazine/css/system/system.css HTTP/1.1" 200 537 "-" "Mozilla/5.0 (Linux; Android 10; K) AppleWebKit/537.36 (KHTML, like Gecko) Chrome/133.0.0.0 Mobile Safari/537.36"
49.37.135.223 - - [23/Feb/2025:12:39:55 +0100] "GET /templates/gk_magazine/css/system/system.css HTTP/1.1" 200 537 "-" "Mozilla/5.0 (Linux; Android 10; K) AppleWebKit/537.36 (KHTML, like Gecko) Chrome/133.0.0.0 Mobile Safari/537.36"
204.18.241.200 - - [23/Feb/2025:12:39:55 +0100] "GET /templates/gk_magazine/css/joomla.css HTTP/1.1" 200 6079 "-" "Mozilla/5.0 (Linux; Android 10; K) AppleWebKit/537.36 (KHTML, like Gecko) Chrome/134.0.0.0 Mobile Safari/537.36"
49.37.135.223 - - [23/Feb/2025:12:39:55 +0100] "GET /templates/gk_magazine/css/joomla.css HTTP/1.1" 200 6079 "-" "Mozilla/5.0 (Linux; Android 10; K) AppleWebKit/537.36 (KHTML, like Gecko) Chrome/133.0.0.0 Mobile Safari/537.36"
192.145.174.242 - - [23/Feb/2025:12:39:55 +0100] "GET /48516.png?1522650125 HTTP/1.1" 200 10078 "https://chipionatv.com/" "Mozilla/5.0 (Linux; Android 10; K) AppleWebKit/537.36 (KHTML, like Gecko) Chrome/111.0.0.0 Mobile Safari/537.36"
37.239.13.130 - - [23/Feb/2025:12:39:55 +0100] "GET /templates/gk_magazine/css/template.css HTTP/1.1" 200 4169 "-" "Mozilla/5.0 (Linux; Android 10; K) AppleWebKit/537.36 (KHTML, like Gecko) Chrome/133.0.0.0 Mobile Safari/537.36"
152.58.41.128 - - [23/Feb/2025:12:39:55 +0100] "GET /templates/gk_magazine/css/joomla.css HTTP/1.1" 200 6079 "-" "Mozilla/5.0 (Linux; Android 10; K) AppleWebKit/537.36 (KHTML, like Gecko) Chrome/133.0.0.0 Mobile Safari/537.36"
93.180.222.181 - - [23/Feb/2025:12:39:55 +0100] "GET /templates/gk_magazine/css/system/system.css HTTP/1.1" 200 537 "-" "Mozilla/5.0 (Linux; Android 10; K) AppleWebKit/537.36 (KHTML, like Gecko) Chrome/133.0.0.0 Mobile Safari/537.36"
37.239.13.130 - - [23/Feb/2025:12:39:55 +0100] "GET /templates/gk_magazine/css/menu/menu.css HTTP/1.1" 200 1007 "-" "Mozilla/5.0 (Linux; Android 10; K) AppleWebKit/537.36 (KHTML, like Gecko) Chrome/133.0.0.0 Mobile Safari/537.36"
223.185.206.152 - - [23/Feb/2025:12:39:55 +0100] "GET /favicon.ico HTTP/1.1" 200 15406 "https://chipionatv.com/" "Mozilla/5.0 (Linux; Android 10; K) AppleWebKit/537.36 (KHTML, like Gecko) Chrome/131.0.0.0 Mobile Safari/537.36"
37.239.13.130 - - [23/Feb/2025:12:39:55 +0100] "GET /templates/gk_magazine/css/gk.stuff.css HTTP/1.1" 200 3347 "-" "Mozilla/5.0 (Linux; Android 10; K) AppleWebKit/537.36 (KHTML, like Gecko) Chrome/133.0.0.0 Mobile Safari/537.36"
192.145.174.242 - - [23/Feb/2025:12:39:55 +0100] "GET /templates/gk_magazine/css/system/system.css HTTP/1.1" 200 537 "-" "Mozilla/5.0 (Linux; Android 10; K) AppleWebKit/537.36 (KHTML, like Gecko) Chrome/111.0.0.0 Mobile Safari/537.36"
152.58.215.185 - - [23/Feb/2025:12:39:55 +0100] "GET /templates/gk_magazine/css/menu/menu.css HTTP/1.1" 200 1007 "-" "Mozilla/5.0 (Linux; Android 10; K) AppleWebKit/537.36 (KHTML, like Gecko) Chrome/111.0.0.0 Mobile Safari/537.36"
42.106.92.238 - - [23/Feb/2025:12:39:55 +0100] "GET /templates/gk_magazine/css/layout.css HTTP/1.1" 200 1321 "-" "Mozilla/5.0 (Linux; Android 10; K) AppleWebKit/537.36 (KHTML, like Gecko) Chrome/133.0.0.0 Mobile Safari/537.36"
27.59.186.110 - - [23/Feb/2025:12:39:55 +0100] "GET /48516.png?1522650125 HTTP/1.1" 200 10078 "https://chipionatv.com/" "Mozilla/5.0 (Linux; Android 10; K) AppleWebKit/537.36 (KHTML, like Gecko) Chrome/133.0.0.0 Mobile Safari/537.36"
103.184.71.37 - - [23/Feb/2025:12:39:55 +0100] "GET /templates/gk_magazine/css/layout.css HTTP/1.1" 200 1321 "-" "Mozilla/5.0 (Linux; Android 10; K) AppleWebKit/537.36 (KHTML, like Gecko) Chrome/133.0.0.0 Mobile Safari/537.36"
37.236.25.18 - - [23/Feb/2025:12:39:55 +0100] "GET /templates/gk_magazine/css/gk.stuff.css HTTP/1.1" 200 3347 "-" "Mozilla/5.0 (Linux; Android 10; K) AppleWebKit/537.36 (KHTML, like Gecko) Chrome/133.0.0.0 Mobile Safari/537.36"
42.106.92.238 - - [23/Feb/2025:12:39:55 +0100] "GET /templates/gk_magazine/css/joomla.css HTTP/1.1" 200 6079 "-" "Mozilla/5.0 (Linux; Android 10; K) AppleWebKit/537.36 (KHTML, like Gecko) Chrome/133.0.0.0 Mobile Safari/537.36"
46.213.80.36 - - [23/Feb/2025:12:39:55 +0100] "GET /favicon.ico HTTP/1.1" 200 15406 "https://chipionatv.com/" "Mozilla/5.0 (Linux; Android 10; K) AppleWebKit/537.36 (KHTML, like Gecko) Chrome/131.0.0.0 Mobile Safari/537.36"
103.184.71.37 - - [23/Feb/2025:12:39:55 +0100] "GET /templates/gk_magazine/css/joomla.css HTTP/1.1" 200 6079 "-" "Mozilla/5.0 (Linux; Android 10; K) AppleWebKit/537.36 (KHTML, like Gecko) Chrome/133.0.0.0 Mobile Safari/537.36"
