37.27.51.145 - - [23/Feb/2025:10:54:24 +0100] "GET /carnavalisimo-2021/item/10312-sebastian-guzman-satisfecho-por-el-apoyo-unanime-del-pleno-al-proyecto-de-via-verde-entre-rios HTTP/1.1" 301 162 "-" "Mozilla/5.0 (compatible; BLEXBot/1.0; +http://webmeup-crawler.com/)"
37.27.51.145 - - [23/Feb/2025:10:55:45 +0100] "GET /carnavalisimo-2021/item/10312-sebastian-guzman-satisfecho-por-el-apoyo-unanime-del-pleno-al-proyecto-de-via-verde-entre-rios HTTP/1.1" 301 162 "-" "Mozilla/5.0 (compatible; BLEXBot/1.0; +http://webmeup-crawler.com/)"
37.27.51.145 - - [23/Feb/2025:10:57:06 +0100] "GET /carnavalisimo-2021/item/10313-ciudadanos-de-chipiona-denuncia-falta-de-informacion-por-parte-de-comercio-sobre-nuevas-subvenciones-de-la-junta HTTP/1.1" 301 162 "-" "Mozilla/5.0 (compatible; BLEXBot/1.0; +http://webmeup-crawler.com/)"
37.27.51.145 - - [23/Feb/2025:10:58:27 +0100] "GET /carnavalisimo-2021/item/10313-ciudadanos-de-chipiona-denuncia-falta-de-informacion-por-parte-de-comercio-sobre-nuevas-subvenciones-de-la-junta HTTP/1.1" 301 162 "-" "Mozilla/5.0 (compatible; BLEXBot/1.0; +http://webmeup-crawler.com/)"
37.27.51.145 - - [23/Feb/2025:10:59:48 +0100] "GET /carnavalisimo-2021/item/10314-luis-mario-aparcero-anuncia-que-el-proyecto-de-arreglo-del-camino-de-la-reyerta-ya-se-encuentra-en-fase-de-contratacion HTTP/1.1" 301 162 "-" "Mozilla/5.0 (compatible; BLEXBot/1.0; +http://webmeup-crawler.com/)"
37.27.51.145 - - [23/Feb/2025:11:01:09 +0100] "GET /carnavalisimo-2021/item/10314-luis-mario-aparcero-anuncia-que-el-proyecto-de-arreglo-del-camino-de-la-reyerta-ya-se-encuentra-en-fase-de-contratacion HTTP/1.1" 301 162 "-" "Mozilla/5.0 (compatible; BLEXBot/1.0; +http://webmeup-crawler.com/)"
37.27.51.145 - - [23/Feb/2025:11:02:31 +0100] "GET /carnavalisimo-2021/item/10315-ciudadanos-de-chipiona-se-opone-al-proyecto-de-instalacion-de-un-parque-eolico-marino-frente-a-rota-y-cadiz HTTP/1.1" 301 162 "-" "Mozilla/5.0 (compatible; BLEXBot/1.0; +http://webmeup-crawler.com/)"
37.27.51.145 - - [23/Feb/2025:11:03:52 +0100] "GET /carnavalisimo-2021/item/10315-ciudadanos-de-chipiona-se-opone-al-proyecto-de-instalacion-de-un-parque-eolico-marino-frente-a-rota-y-cadiz HTTP/1.1" 301 162 "-" "Mozilla/5.0 (compatible; BLEXBot/1.0; +http://webmeup-crawler.com/)"
37.27.51.145 - - [23/Feb/2025:11:05:14 +0100] "GET /carnavalisimo-2021/item/10316-la-delegacion-de-medio-ambiente-del-ayuntamiento-de-chipiona-muestra-su-rechazo-al-proyecto-de-eolica-marina-en-la-bahia-de-cadiz HTTP/1.1" 301 162 "-" "Mozilla/5.0 (compatible; BLEXBot/1.0; +http://webmeup-crawler.com/)"
37.27.51.145 - - [23/Feb/2025:11:06:35 +0100] "GET /carnavalisimo-2021/item/10316-la-delegacion-de-medio-ambiente-del-ayuntamiento-de-chipiona-muestra-su-rechazo-al-proyecto-de-eolica-marina-en-la-bahia-de-cadiz HTTP/1.1" 301 162 "-" "Mozilla/5.0 (compatible; BLEXBot/1.0; +http://webmeup-crawler.com/)"
54.36.148.182 - - [23/Feb/2025:11:07:44 +0100] "GET /robots.txt HTTP/1.1" 301 162 "-" "Mozilla/5.0 (compatible; AhrefsBot/7.0; +http://ahrefs.com/robot/)"
37.27.51.145 - - [23/Feb/2025:11:07:57 +0100] "GET /carnavalisimo-2021/item/10317-pepe-mellado-anuncia-que-en-unas-semanas-comenzaran-las-obras-de-mejora-y-ampliacion-del-cuartel-de-la-guardia-civil-de-chipiona HTTP/1.1" 301 162 "-" "Mozilla/5.0 (compatible; BLEXBot/1.0; +http://webmeup-crawler.com/)"
37.27.51.145 - - [23/Feb/2025:11:09:18 +0100] "GET /carnavalisimo-2021/item/10317-pepe-mellado-anuncia-que-en-unas-semanas-comenzaran-las-obras-de-mejora-y-ampliacion-del-cuartel-de-la-guardia-civil-de-chipiona HTTP/1.1" 301 162 "-" "Mozilla/5.0 (compatible; BLEXBot/1.0; +http://webmeup-crawler.com/)"
37.27.51.145 - - [23/Feb/2025:11:10:40 +0100] "GET /carnavalisimo-2021/item/10318-presentado-el-cartel-de-la-semana-santa-de-chipiona-de-2022-una-obra-del-fotografo-chipionero-jose-blanco-lorenzo HTTP/1.1" 301 162 "-" "Mozilla/5.0 (compatible; BLEXBot/1.0; +http://webmeup-crawler.com/)"
37.27.51.145 - - [23/Feb/2025:11:12:02 +0100] "GET /carnavalisimo-2021/item/10318-presentado-el-cartel-de-la-semana-santa-de-chipiona-de-2022-una-obra-del-fotografo-chipionero-jose-blanco-lorenzo HTTP/1.1" 301 162 "-" "Mozilla/5.0 (compatible; BLEXBot/1.0; +http://webmeup-crawler.com/)"
37.27.51.145 - - [23/Feb/2025:11:13:23 +0100] "GET /carnavalisimo-2021/item/10319-comienzan-los-trabajos-para-la-instalacion-del-entoldado-del-primer-tramo-de-victor-pradera HTTP/1.1" 301 162 "-" "Mozilla/5.0 (compatible; BLEXBot/1.0; +http://webmeup-crawler.com/)"
66.249.92.200 - - [23/Feb/2025:11:13:55 +0100] "GET / HTTP/1.1" 301 162 "-" "FeedFetcher-Google; (+http://www.google.com/feedfetcher.html)"
37.27.51.145 - - [23/Feb/2025:11:14:45 +0100] "GET /carnavalisimo-2021/item/10319-comienzan-los-trabajos-para-la-instalacion-del-entoldado-del-primer-tramo-de-victor-pradera HTTP/1.1" 301 162 "-" "Mozilla/5.0 (compatible; BLEXBot/1.0; +http://webmeup-crawler.com/)"
37.27.51.145 - - [23/Feb/2025:11:16:06 +0100] "GET /carnavalisimo-2021/item/10320-leve-bajada-de-la-incidencia-covid-en-chipiona-tras-el-fin-de-semana-hasta-los-893-2-casos-y-30-nuevos-contagios HTTP/1.1" 301 162 "-" "Mozilla/5.0 (compatible; BLEXBot/1.0; +http://webmeup-crawler.com/)"
43.153.79.218 - - [23/Feb/2025:11:16:25 +0100] "GET / HTTP/1.1" 301 162 "-" "Mozilla/5.0 (iPhone; CPU iPhone OS 13_2_3 like Mac OS X) AppleWebKit/605.1.15 (KHTML, like Gecko) Version/13.0.3 Mobile/15E148 Safari/604.1"
37.27.51.145 - - [23/Feb/2025:11:17:28 +0100] "GET /carnavalisimo-2021/item/10320-leve-bajada-de-la-incidencia-covid-en-chipiona-tras-el-fin-de-semana-hasta-los-893-2-casos-y-30-nuevos-contagios HTTP/1.1" 301 162 "-" "Mozilla/5.0 (compatible; BLEXBot/1.0; +http://webmeup-crawler.com/)"
18.201.113.62 - - [23/Feb/2025:11:18:12 +0100] "GET / HTTP/1.1" 301 162 "-" "Mozilla/5.0 (Macintosh; Intel Mac OS X 10.15; rv:92.0) Gecko/20100101 Firefox/92.0"
37.27.51.145 - - [23/Feb/2025:11:18:50 +0100] "GET /carnavalisimo-2021/item/10321-chipiona-sera-sede-en-mayo-de-la-copa-de-espana-de-disc-golf-que-se-disputara-en-el-campo-municipal-los-lagos-de-costa-ballena HTTP/1.1" 301 162 "-" "Mozilla/5.0 (compatible; BLEXBot/1.0; +http://webmeup-crawler.com/)"
37.27.51.145 - - [23/Feb/2025:11:20:12 +0100] "GET /carnavalisimo-2021/item/10321-chipiona-sera-sede-en-mayo-de-la-copa-de-espana-de-disc-golf-que-se-disputara-en-el-campo-municipal-los-lagos-de-costa-ballena HTTP/1.1" 301 162 "-" "Mozilla/5.0 (compatible; BLEXBot/1.0; +http://webmeup-crawler.com/)"
37.27.51.145 - - [23/Feb/2025:11:21:34 +0100] "GET /carnavalisimo-2021/item/10322-manana-ultimo-dia-de-inscripciones-para-la-cabalgata-del-carnaval-de-chipiona-2022 HTTP/1.1" 301 162 "-" "Mozilla/5.0 (compatible; BLEXBot/1.0; +http://webmeup-crawler.com/)"
213.186.1.154 - - [23/Feb/2025:11:22:07 +0100] "GET /index.php/tablon-de-anuncios HTTP/1.1" 301 162 "-" "Mediatoolkitbot (complaints@mediatoolkit.com)"
37.27.51.145 - - [23/Feb/2025:11:22:56 +0100] "GET /carnavalisimo-2021/item/10322-manana-ultimo-dia-de-inscripciones-para-la-cabalgata-del-carnaval-de-chipiona-2022 HTTP/1.1" 301 162 "-" "Mozilla/5.0 (compatible; BLEXBot/1.0; +http://webmeup-crawler.com/)"
37.27.51.145 - - [23/Feb/2025:11:24:18 +0100] "GET /carnavalisimo-2021/item/10323-isabel-maria-fernandez-presenta-el-calendario-de-actos-del-carnaval-de-chipiona-2022 HTTP/1.1" 301 162 "-" "Mozilla/5.0 (compatible; BLEXBot/1.0; +http://webmeup-crawler.com/)"
192.133.77.15 - - [23/Feb/2025:11:24:58 +0100] "GET /robots.txt HTTP/1.1" 301 162 "-" "Twitterbot/1.0"
192.133.77.15 - - [23/Feb/2025:11:24:59 +0100] "GET /item/8803-programa-de-actos-religiosos-y-cultos-para-la-semana-santa-2021-en-los-templos-chipioneros HTTP/1.1" 301 162 "-" "Twitterbot/1.0"
37.27.51.145 - - [23/Feb/2025:11:25:41 +0100] "GET /carnavalisimo-2021/item/10323-isabel-maria-fernandez-presenta-el-calendario-de-actos-del-carnaval-de-chipiona-2022 HTTP/1.1" 301 162 "-" "Mozilla/5.0 (compatible; BLEXBot/1.0; +http://webmeup-crawler.com/)"
37.27.51.145 - - [23/Feb/2025:11:27:03 +0100] "GET /carnavalisimo-2021/item/10324-nueva-bajada-de-la-incidencia-covid-en-chipiona-que-hoy-se-situa-en-862-2-casos-y-se-notifican-4-nuevos-contagios HTTP/1.1" 301 162 "-" "Mozilla/5.0 (compatible; BLEXBot/1.0; +http://webmeup-crawler.com/)"
66.249.66.12 - - [23/Feb/2025:11:27:04 +0100] "GET /taller-mujeres-progresistas/item/11888-33-319-personas-pasaron-por-el-centro-de-interpretacion-rocio-jurado-en-sus-seis-primeros-meses HTTP/1.1" 301 162 "-" "Mozilla/5.0 (Linux; Android 6.0.1; Nexus 5X Build/MMB29P) AppleWebKit/537.36 (KHTML, like Gecko) Chrome/133.0.6943.53 Mobile Safari/537.36 (compatible; GoogleOther)"
47.82.11.252 - - [23/Feb/2025:11:27:16 +0100] "GET /lagrada/item/9762-el-cristo-de-las-misericordias-volvera-a-salir-en-procesion-por-las-calles-de-chipiona-el-proximo-1-de-noviembre HTTP/1.1" 301 162 "http://chipionatv.com/lagrada/item/9762-el-cristo-de-las-misericordias-volvera-a-salir-en-procesion-por-las-calles-de-chipiona-el-proximo-1-de-noviembre" "Mozilla/5.0 (Windows NT 10.0; Win64; x64) AppleWebKit/537.36 (KHTML, like Gecko) Chrome/114.0.0.0 Safari/537.36 Edg/114.0.1823.43"
37.27.51.145 - - [23/Feb/2025:11:28:26 +0100] "GET /carnavalisimo-2021/item/10324-nueva-bajada-de-la-incidencia-covid-en-chipiona-que-hoy-se-situa-en-862-2-casos-y-se-notifican-4-nuevos-contagios HTTP/1.1" 301 162 "-" "Mozilla/5.0 (compatible; BLEXBot/1.0; +http://webmeup-crawler.com/)"
37.27.51.145 - - [23/Feb/2025:11:29:48 +0100] "GET /carnavalisimo-2021/item/10325-helen-lorenzo-reyes-elegida-carnavalera-de-2022 HTTP/1.1" 301 162 "-" "Mozilla/5.0 (compatible; BLEXBot/1.0; +http://webmeup-crawler.com/)"
37.27.51.145 - - [23/Feb/2025:11:31:10 +0100] "GET /carnavalisimo-2021/item/10325-helen-lorenzo-reyes-elegida-carnavalera-de-2022 HTTP/1.1" 301 162 "-" "Mozilla/5.0 (compatible; BLEXBot/1.0; +http://webmeup-crawler.com/)"
37.27.51.145 - - [23/Feb/2025:11:32:33 +0100] "GET /carnavalisimo-2021/item/10326-el-pp-realiza-un-repaso-a-las-mejoras-que-ha-supuesto-para-chipiona-las-inversiones-realizadas-por-el-gobierno-de-juanma-moreno HTTP/1.1" 301 162 "-" "Mozilla/5.0 (compatible; BLEXBot/1.0; +http://webmeup-crawler.com/)"
37.27.51.145 - - [23/Feb/2025:11:33:56 +0100] "GET /carnavalisimo-2021/item/10326-el-pp-realiza-un-repaso-a-las-mejoras-que-ha-supuesto-para-chipiona-las-inversiones-realizadas-por-el-gobierno-de-juanma-moreno HTTP/1.1" 301 162 "-" "Mozilla/5.0 (compatible; BLEXBot/1.0; +http://webmeup-crawler.com/)"
37.27.51.145 - - [23/Feb/2025:11:35:18 +0100] "GET /carnavalisimo-2021/item/10327-el-lunes-comienzan-obras-de-mejora-en-el-centro-de-mayores-que-permitiran-habilitar-la-azotea-para-actividades-al-aire-libre HTTP/1.1" 301 162 "-" "Mozilla/5.0 (compatible; BLEXBot/1.0; +http://webmeup-crawler.com/)"
213.186.1.154 - - [23/Feb/2025:11:35:26 +0100] "GET / HTTP/1.1" 301 162 "-" "Mediatoolkitbot (complaints@mediatoolkit.com)"
66.249.66.12 - - [23/Feb/2025:11:36:08 +0100] "GET /media/k2/items/cache/51982ee739afcc85f16c1d48a7430406_XL.jpg HTTP/1.1" 301 162 "-" "Googlebot-Image/1.0"
37.27.51.145 - - [23/Feb/2025:11:36:40 +0100] "GET /carnavalisimo-2021/item/10327-el-lunes-comienzan-obras-de-mejora-en-el-centro-de-mayores-que-permitiran-habilitar-la-azotea-para-actividades-al-aire-libre HTTP/1.1" 301 162 "-" "Mozilla/5.0 (compatible; BLEXBot/1.0; +http://webmeup-crawler.com/)"
37.27.51.145 - - [23/Feb/2025:11:38:04 +0100] "GET /carnavalisimo-2021/item/10328-sube-la-incidencia-covid-en-chipiona-que-hoy-se-situa-en-877-7-casos-y-se-notifican-9-nuevos-contagios HTTP/1.1" 301 162 "-" "Mozilla/5.0 (compatible; BLEXBot/1.0; +http://webmeup-crawler.com/)"
37.27.51.145 - - [23/Feb/2025:11:39:26 +0100] "GET /carnavalisimo-2021/item/10328-sube-la-incidencia-covid-en-chipiona-que-hoy-se-situa-en-877-7-casos-y-se-notifican-9-nuevos-contagios HTTP/1.1" 301 162 "-" "Mozilla/5.0 (compatible; BLEXBot/1.0; +http://webmeup-crawler.com/)"
37.27.51.145 - - [23/Feb/2025:11:40:49 +0100] "GET /carnavalisimo-2021/item/10329-acitur-convoca-a-sus-asociados-a-una-asamblea-general-extraordinaria-que-se-celebra-manana-via-telematica HTTP/1.1" 301 162 "-" "Mozilla/5.0 (compatible; BLEXBot/1.0; +http://webmeup-crawler.com/)"
178.159.37.4 - - [23/Feb/2025:11:40:53 +0100] "GET / HTTP/1.0" 301 162 "http://chipionatv.com/" "Mozilla/5.0 (Windows NT 10.0; Win64; x64) AppleWebKit/537.36 (KHTML, like Gecko) Chrome/130.0.0.0 Safari/537.36"
37.27.51.145 - - [23/Feb/2025:11:42:12 +0100] "GET /carnavalisimo-2021/item/10329-acitur-convoca-a-sus-asociados-a-una-asamblea-general-extraordinaria-que-se-celebra-manana-via-telematica HTTP/1.1" 301 162 "-" "Mozilla/5.0 (compatible; BLEXBot/1.0; +http://webmeup-crawler.com/)"
37.27.51.145 - - [23/Feb/2025:11:43:35 +0100] "GET /carnavalisimo-2021/item/10330-manos-unidas-de-chipiona-realiza-este-fin-de-semana-cuestaciones-para-la-campana-2022-nuestra-indiferencia-los-condena-al-olvido HTTP/1.1" 301 162 "-" "Mozilla/5.0 (compatible; BLEXBot/1.0; +http://webmeup-crawler.com/)"
37.27.51.145 - - [23/Feb/2025:11:44:59 +0100] "GET /carnavalisimo-2021/item/10330-manos-unidas-de-chipiona-realiza-este-fin-de-semana-cuestaciones-para-la-campana-2022-nuestra-indiferencia-los-condena-al-olvido HTTP/1.1" 301 162 "-" "Mozilla/5.0 (compatible; BLEXBot/1.0; +http://webmeup-crawler.com/)"
37.27.51.145 - - [23/Feb/2025:11:46:22 +0100] "GET /carnavalisimo-2021/item/10331-manolo-sanlucar-sera-homenajeado-el-sabado-en-chipiona-con-la-nominacion-de-un-mirador-con-su-nombre-y-una-escultura-en-su-honor HTTP/1.1" 301 162 "-" "Mozilla/5.0 (compatible; BLEXBot/1.0; +http://webmeup-crawler.com/)"
37.27.51.145 - - [23/Feb/2025:11:47:45 +0100] "GET /carnavalisimo-2021/item/10331-manolo-sanlucar-sera-homenajeado-el-sabado-en-chipiona-con-la-nominacion-de-un-mirador-con-su-nombre-y-una-escultura-en-su-honor HTTP/1.1" 301 162 "-" "Mozilla/5.0 (compatible; BLEXBot/1.0; +http://webmeup-crawler.com/)"
66.249.66.202 - - [23/Feb/2025:11:48:22 +0100] "GET /item/8609-chipiona-podra-acceder-a-ayudas-de-hasta-15-000-euros-con-el-plan-de-dinamizacion-municipal-de-la-diputacion-de-cadiz HTTP/1.1" 301 162 "-" "Mozilla/5.0 (Linux; Android 6.0.1; Nexus 5X Build/MMB29P) AppleWebKit/537.36 (KHTML, like Gecko) Chrome/133.0.6943.53 Mobile Safari/537.36 (compatible; GoogleOther)"
37.27.51.145 - - [23/Feb/2025:11:49:08 +0100] "GET /carnavalisimo-2021/item/10332-diputacion-se-incorpora-a-la-ruta-del-vino-y-del-brandy-de-jerez-a-la-que-pertenece-chipiona-para-mejorar-sus-canales-de-comercializacion HTTP/1.1" 301 162 "-" "Mozilla/5.0 (compatible; BLEXBot/1.0; +http://webmeup-crawler.com/)"
46.166.60.189 - - [23/Feb/2025:11:50:08 +0100] "GET /media/k2/items/cache/e27e14fd9c82b81b8c84d177d8865305_XL.jpg HTTP/1.1" 301 162 "-" "Dalvik/2.1.0 (Linux; U; Android 14; SM-A336B Build/UP1A.231005.007)"
37.27.51.145 - - [23/Feb/2025:11:50:31 +0100] "GET /carnavalisimo-2021/item/10332-diputacion-se-incorpora-a-la-ruta-del-vino-y-del-brandy-de-jerez-a-la-que-pertenece-chipiona-para-mejorar-sus-canales-de-comercializacion HTTP/1.1" 301 162 "-" "Mozilla/5.0 (compatible; BLEXBot/1.0; +http://webmeup-crawler.com/)"
37.27.51.145 - - [23/Feb/2025:11:51:59 +0100] "GET /carnavalisimo-2021/item/10333-el-delegado-de-sanidad-entrega-un-nuevo-lector-de-microchip-para-animales-a-la-policia-local HTTP/1.1" 301 162 "-" "Mozilla/5.0 (compatible; BLEXBot/1.0; +http://webmeup-crawler.com/)"
37.27.51.145 - - [23/Feb/2025:11:53:23 +0100] "GET /carnavalisimo-2021/item/10333-el-delegado-de-sanidad-entrega-un-nuevo-lector-de-microchip-para-animales-a-la-policia-local HTTP/1.1" 301 162 "-" "Mozilla/5.0 (compatible; BLEXBot/1.0; +http://webmeup-crawler.com/)"
37.27.51.145 - - [23/Feb/2025:11:54:46 +0100] "GET /carnavalisimo-2021/item/10334-chpiona-pasa-a-ser-el-municipio-con-peores-datos-del-distrito-al-alcanzar-una-incidencia-covid-de-960-3-casos-y-25-contagios-mas HTTP/1.1" 301 162 "-" "Mozilla/5.0 (compatible; BLEXBot/1.0; +http://webmeup-crawler.com/)"
47.79.108.95 - - [23/Feb/2025:11:54:53 +0100] "GET /modules/mod_news_pro_gk4/cache/k2.items.cache.3bc20e6ea2f0861dba472cf79bb8c152_Lnsp_188.jpg HTTP/1.1" 301 162 "-" "Mozilla/5.0 (Macintosh; Intel Mac OS X 10_15_7) AppleWebKit/537.36 (KHTML, like Gecko) Chrome/126.0.0.0 Safari/537.36"
47.79.108.95 - - [23/Feb/2025:11:54:53 +0100] "GET /modules/mod_news_pro_gk4/cache/k2.items.cache.560ecba164f0e63e86e531615031d4c5_Lnsp_204.jpg HTTP/1.1" 301 162 "-" "Mozilla/5.0 (Macintosh; Intel Mac OS X 10_15_7) AppleWebKit/537.36 (KHTML, like Gecko) Chrome/126.0.0.0 Safari/537.36"
66.249.66.11 - - [23/Feb/2025:11:54:58 +0100] "GET /artefacto/item/11430-una-actividad-informativa-ha-conmemorado-hoy-en-chipiona-el-dia-mundial-de-la-investigacion-contra-el-cancer HTTP/1.1" 301 162 "-" "Mozilla/5.0 (Linux; Android 6.0.1; Nexus 5X Build/MMB29P) AppleWebKit/537.36 (KHTML, like Gecko) Chrome/133.0.6943.53 Mobile Safari/537.36 (compatible; Googlebot/2.1; +http://www.google.com/bot.html)"
37.27.51.145 - - [23/Feb/2025:11:56:09 +0100] "GET /carnavalisimo-2021/item/10334-chpiona-pasa-a-ser-el-municipio-con-peores-datos-del-distrito-al-alcanzar-una-incidencia-covid-de-960-3-casos-y-25-contagios-mas HTTP/1.1" 301 162 "-" "Mozilla/5.0 (compatible; BLEXBot/1.0; +http://webmeup-crawler.com/)"
37.27.51.145 - - [23/Feb/2025:11:57:33 +0100] "GET /carnavalisimo-2021/item/10335-comienzan-nuevos-cursos-de-atencion-sociosanitaria-a-personas-dependientes-en-instituciones-y-atencion-a-personas-enfermas-con-alzheimer HTTP/1.1" 301 162 "-" "Mozilla/5.0 (compatible; BLEXBot/1.0; +http://webmeup-crawler.com/)"
37.27.51.145 - - [23/Feb/2025:11:58:56 +0100] "GET /carnavalisimo-2021/item/10335-comienzan-nuevos-cursos-de-atencion-sociosanitaria-a-personas-dependientes-en-instituciones-y-atencion-a-personas-enfermas-con-alzheimer HTTP/1.1" 301 162 "-" "Mozilla/5.0 (compatible; BLEXBot/1.0; +http://webmeup-crawler.com/)"
37.27.51.145 - - [23/Feb/2025:12:00:20 +0100] "GET /carnavalisimo-2021/item/10336-deportes-e-igualdad-organizan-la-ii-carrera-de-la-mujer-para-conmemorar-el-8-de-marzo HTTP/1.1" 301 162 "-" "Mozilla/5.0 (compatible; BLEXBot/1.0; +http://webmeup-crawler.com/)"
37.27.51.145 - - [23/Feb/2025:12:01:44 +0100] "GET /carnavalisimo-2021/item/10336-deportes-e-igualdad-organizan-la-ii-carrera-de-la-mujer-para-conmemorar-el-8-de-marzo HTTP/1.1" 301 162 "-" "Mozilla/5.0 (compatible; BLEXBot/1.0; +http://webmeup-crawler.com/)"
37.27.51.145 - - [23/Feb/2025:12:03:12 +0100] "GET /carnavalisimo-2021/item/10337-la-delegacion-de-agricultura-finaliza-los-trabajos-de-senalizacion-de-los-caminos-rurales-de-chipiona HTTP/1.1" 301 162 "-" "Mozilla/5.0 (compatible; BLEXBot/1.0; +http://webmeup-crawler.com/)"
37.27.51.145 - - [23/Feb/2025:12:04:36 +0100] "GET /carnavalisimo-2021/item/10337-la-delegacion-de-agricultura-finaliza-los-trabajos-de-senalizacion-de-los-caminos-rurales-de-chipiona HTTP/1.1" 301 162 "-" "Mozilla/5.0 (compatible; BLEXBot/1.0; +http://webmeup-crawler.com/)"
91.121.227.181 - - [23/Feb/2025:12:05:25 +0100] "GET /emprende/item/5538-la-nominacion-para-los-premos-grammy-latinos-completa-un-2018-pletorico-para-samuel-serrano/ HTTP/1.1" 301 162 "-" "Mozilla/5.0 (X11; Ubuntu; Linux x86_64; rv:114.0) Gecko/20100101 Firefox/114.0"
37.27.51.145 - - [23/Feb/2025:12:05:59 +0100] "GET /carnavalisimo-2021/item/10338-el-alcalde-de-chipiona-y-el-delegado-de-sanidad-estudian-con-esperanza-canina-la-situacion-de-la-asociacion-y-sus-principales-necesidades HTTP/1.1" 301 162 "-" "Mozilla/5.0 (compatible; BLEXBot/1.0; +http://webmeup-crawler.com/)"
37.27.51.145 - - [23/Feb/2025:12:07:23 +0100] "GET /carnavalisimo-2021/item/10338-el-alcalde-de-chipiona-y-el-delegado-de-sanidad-estudian-con-esperanza-canina-la-situacion-de-la-asociacion-y-sus-principales-necesidades HTTP/1.1" 301 162 "-" "Mozilla/5.0 (compatible; BLEXBot/1.0; +http://webmeup-crawler.com/)"
37.27.51.145 - - [23/Feb/2025:12:08:46 +0100] "GET /carnavalisimo-2021/item/10339-nueva-subida-de-la-incidencia-covid-en-chipona-que-alcanza-hoy-los-965-5-casos-por-100-000-habitantes-y-registra-16-nuevos-positivos HTTP/1.1" 301 162 "-" "Mozilla/5.0 (compatible; BLEXBot/1.0; +http://webmeup-crawler.com/)"
37.27.51.145 - - [23/Feb/2025:12:10:09 +0100] "GET /carnavalisimo-2021/item/10339-nueva-subida-de-la-incidencia-covid-en-chipona-que-alcanza-hoy-los-965-5-casos-por-100-000-habitantes-y-registra-16-nuevos-positivos HTTP/1.1" 301 162 "-" "Mozilla/5.0 (compatible; BLEXBot/1.0; +http://webmeup-crawler.com/)"
37.27.51.145 - - [23/Feb/2025:12:11:33 +0100] "GET /carnavalisimo-2021/item/10340-la-escuela-infantil-pepita-perez-de-chipiona-participa-en-el-programa-erasmus-en-bolonia-para-conocer-nuevas-metodologias-educativas HTTP/1.1" 301 162 "-" "Mozilla/5.0 (compatible; BLEXBot/1.0; +http://webmeup-crawler.com/)"
37.27.51.145 - - [23/Feb/2025:12:12:56 +0100] "GET /carnavalisimo-2021/item/10340-la-escuela-infantil-pepita-perez-de-chipiona-participa-en-el-programa-erasmus-en-bolonia-para-conocer-nuevas-metodologias-educativas HTTP/1.1" 301 162 "-" "Mozilla/5.0 (compatible; BLEXBot/1.0; +http://webmeup-crawler.com/)"
37.27.51.145 - - [23/Feb/2025:12:14:24 +0100] "GET /carnavalisimo-2021/item/10341-hoy-arrancan-los-actos-oficiales-del-carnaval-de-chipiona-2022-con-el-encendido-del-alumbrado-y-la-presentacion-oficial-de-la-fiesta HTTP/1.1" 301 162 "-" "Mozilla/5.0 (compatible; BLEXBot/1.0; +http://webmeup-crawler.com/)"
170.223.207.7 - - [23/Feb/2025:12:15:38 +0100] "GET /media/k2/items/cache/44cd48a980779449180d283254bb7796_XL.jpg HTTP/1.1" 301 162 "-" "Python/3.8 aiohttp/3.10.11"
170.223.207.7 - - [23/Feb/2025:12:15:38 +0100] "GET /media/k2/items/cache/d9884303ff1f7f922e50e433e24f35d9_XL.jpg HTTP/1.1" 301 162 "-" "Python/3.8 aiohttp/3.10.11"
37.27.51.145 - - [23/Feb/2025:12:15:48 +0100] "GET /carnavalisimo-2021/item/10341-hoy-arrancan-los-actos-oficiales-del-carnaval-de-chipiona-2022-con-el-encendido-del-alumbrado-y-la-presentacion-oficial-de-la-fiesta HTTP/1.1" 301 162 "-" "Mozilla/5.0 (compatible; BLEXBot/1.0; +http://webmeup-crawler.com/)"
37.27.51.145 - - [23/Feb/2025:12:17:11 +0100] "GET /carnavalisimo-2021/item/10342-el-alcalde-anuncia-la-concesion-de-una-subvencion-de-272-427-48-para-la-puesta-en-marcha-de-un-plan-de-cooperacion-local HTTP/1.1" 301 162 "-" "Mozilla/5.0 (compatible; BLEXBot/1.0; +http://webmeup-crawler.com/)"
66.249.66.11 - - [23/Feb/2025:12:17:40 +0100] "GET / HTTP/1.1" 301 162 "-" "Mozilla/5.0 (compatible; Googlebot/2.1; +http://www.google.com/bot.html)"
37.27.51.145 - - [23/Feb/2025:12:18:35 +0100] "GET /carnavalisimo-2021/item/10342-el-alcalde-anuncia-la-concesion-de-una-subvencion-de-272-427-48-para-la-puesta-en-marcha-de-un-plan-de-cooperacion-local HTTP/1.1" 301 162 "-" "Mozilla/5.0 (compatible; BLEXBot/1.0; +http://webmeup-crawler.com/)"
37.27.51.145 - - [23/Feb/2025:12:19:58 +0100] "GET /carnavalisimo-2021/item/10343-el-carnaval-de-chipiona-de-2022-da-el-pistoletazo-de-salida-con-la-presentacion-oficial-de-la-fiesta HTTP/1.1" 301 162 "-" "Mozilla/5.0 (compatible; BLEXBot/1.0; +http://webmeup-crawler.com/)"
69.171.249.9 - - [23/Feb/2025:12:20:26 +0100] "GET /robots.txt HTTP/1.1" 301 162 "-" "facebookexternalhit/1.1 (+http://www.facebook.com/externalhit_uatext.php)"
69.171.249.8 - - [23/Feb/2025:12:20:27 +0100] "GET /media/k2/items/cache/b53c139ffa31e19fd15326521df5fa0e_XL.jpg HTTP/1.1" 301 162 "-" "facebookexternalhit/1.1 (+http://www.facebook.com/externalhit_uatext.php)"
37.27.51.145 - - [23/Feb/2025:12:21:22 +0100] "GET /carnavalisimo-2021/item/10343-el-carnaval-de-chipiona-de-2022-da-el-pistoletazo-de-salida-con-la-presentacion-oficial-de-la-fiesta HTTP/1.1" 301 162 "-" "Mozilla/5.0 (compatible; BLEXBot/1.0; +http://webmeup-crawler.com/)"
37.27.51.145 - - [23/Feb/2025:12:22:45 +0100] "GET /carnavalisimo-2021/item/10344-luis-mario-aparcero-anuncia-que-las-obras-de-mejora-y-ampliacion-del-cuartel-de-la-guarda-civil-comenzaran-entre-marzo-y-abril HTTP/1.1" 301 162 "-" "Mozilla/5.0 (compatible; BLEXBot/1.0; +http://webmeup-crawler.com/)"
37.27.51.145 - - [23/Feb/2025:12:24:08 +0100] "GET /carnavalisimo-2021/item/10344-luis-mario-aparcero-anuncia-que-las-obras-de-mejora-y-ampliacion-del-cuartel-de-la-guarda-civil-comenzaran-entre-marzo-y-abril HTTP/1.1" 301 162 "-" "Mozilla/5.0 (compatible; BLEXBot/1.0; +http://webmeup-crawler.com/)"
37.27.51.145 - - [23/Feb/2025:12:25:37 +0100] "GET /carnavalisimo-2021/item/10345-baja-la-incidencia-covid-en-chipona-tras-el-fin-de-semana-hasta-los-790-casos-y-se-notifican-21-nuevos-positivos-desde-el-viernes HTTP/1.1" 301 162 "-" "Mozilla/5.0 (compatible; BLEXBot/1.0; +http://webmeup-crawler.com/)"
213.186.1.154 - - [23/Feb/2025:12:26:40 +0100] "GET /index.php/tablon-de-anuncios HTTP/1.1" 301 162 "-" "Mediatoolkitbot (complaints@mediatoolkit.com)"
69.171.249.114 - - [23/Feb/2025:12:26:44 +0100] "GET /media/k2/items/cache/4c1a9e14de1b093406919b66df6360f6_S.jpg HTTP/1.1" 301 162 "-" "facebookexternalhit/1.1 (+http://www.facebook.com/externalhit_uatext.php)"
37.27.51.145 - - [23/Feb/2025:12:27:02 +0100] "GET /carnavalisimo-2021/item/10345-baja-la-incidencia-covid-en-chipona-tras-el-fin-de-semana-hasta-los-790-casos-y-se-notifican-21-nuevos-positivos-desde-el-viernes HTTP/1.1" 301 162 "-" "Mozilla/5.0 (compatible; BLEXBot/1.0; +http://webmeup-crawler.com/)"
37.27.51.145 - - [23/Feb/2025:12:28:26 +0100] "GET /carnavalisimo-2021/item/10346-aprobada-la-convocatoria-de-ayudas-para-asociaciones-culturales-y-artistas-chipioneros-para-2022 HTTP/1.1" 301 162 "-" "Mozilla/5.0 (compatible; BLEXBot/1.0; +http://webmeup-crawler.com/)"
37.27.51.145 - - [23/Feb/2025:12:29:50 +0100] "GET /carnavalisimo-2021/item/10346-aprobada-la-convocatoria-de-ayudas-para-asociaciones-culturales-y-artistas-chipioneros-para-2022 HTTP/1.1" 301 162 "-" "Mozilla/5.0 (compatible; BLEXBot/1.0; +http://webmeup-crawler.com/)"
37.27.51.145 - - [23/Feb/2025:12:31:13 +0100] "GET /carnavalisimo-2021/item/10347-el-club-de-tenis-chipiona-consigue-tres-puntos-mas-en-la-tercera-jornada-de-la-v-liga-interclub-de-tenis-costa-oeste-celebrada-el-sabado HTTP/1.1" 301 162 "-" "Mozilla/5.0 (compatible; BLEXBot/1.0; +http://webmeup-crawler.com/)"
213.186.1.154 - - [23/Feb/2025:12:31:45 +0100] "GET / HTTP/1.1" 301 162 "-" "Mediatoolkitbot (complaints@mediatoolkit.com)"
37.27.51.145 - - [23/Feb/2025:12:32:36 +0100] "GET /carnavalisimo-2021/item/10347-el-club-de-tenis-chipiona-consigue-tres-puntos-mas-en-la-tercera-jornada-de-la-v-liga-interclub-de-tenis-costa-oeste-celebrada-el-sabado HTTP/1.1" 301 162 "-" "Mozilla/5.0 (compatible; BLEXBot/1.0; +http://webmeup-crawler.com/)"
37.27.51.145 - - [23/Feb/2025:12:34:30 +0100] "GET /carnavalisimo-2021/item/10348-el-guitarrista-manolo-sanlucar-ya-cuenta-con-una-escultura-en-su-honor-en-el-mirador-que-lleva-su-nombre-en-el-paseo-de-las-canteras HTTP/1.1" 301 162 "-" "Mozilla/5.0 (compatible; BLEXBot/1.0; +http://webmeup-crawler.com/)"
66.249.66.200 - - [23/Feb/2025:12:36:11 +0100] "GET / HTTP/1.1" 301 162 "-" "Mozilla/5.0 (compatible; Googlebot/2.1; +http://www.google.com/bot.html)"
37.27.51.145 - - [23/Feb/2025:12:36:15 +0100] "GET /carnavalisimo-2021/item/10348-el-guitarrista-manolo-sanlucar-ya-cuenta-con-una-escultura-en-su-honor-en-el-mirador-que-lleva-su-nombre-en-el-paseo-de-las-canteras HTTP/1.1" 301 162 "-" "Mozilla/5.0 (compatible; BLEXBot/1.0; +http://webmeup-crawler.com/)"
37.27.51.145 - - [23/Feb/2025:12:37:39 +0100] "GET /carnavalisimo-2021/item/10349-manana-ultimo-dia-de-inscripciones-para-la-cabalgata-del-carnaval-de-chipiona-2022 HTTP/1.1" 301 162 "-" "Mozilla/5.0 (compatible; BLEXBot/1.0; +http://webmeup-crawler.com/)"
37.27.51.145 - - [23/Feb/2025:12:39:04 +0100] "GET /carnavalisimo-2021/item/10349-manana-ultimo-dia-de-inscripciones-para-la-cabalgata-del-carnaval-de-chipiona-2022 HTTP/1.1" 301 162 "-" "Mozilla/5.0 (compatible; BLEXBot/1.0; +http://webmeup-crawler.com/)"
37.27.51.145 - - [23/Feb/2025:12:40:28 +0100] "GET /carnavalisimo-2021/item/10350-abierto-el-plazo-para-solicitar-la-instalacion-de-casetas-en-la-feria-del-moscatel-de-chipiona-que-se-celebra-del-21-al-24-de-abril HTTP/1.1" 301 162 "-" "Mozilla/5.0 (compatible; BLEXBot/1.0; +http://webmeup-crawler.com/)"
34.219.164.146 - - [23/Feb/2025:12:41:13 +0100] "GET / HTTP/1.1" 301 162 "-" "Mozilla/5.0 (Windows NT 10.0; Win64; x64) AppleWebKit/537.36 (KHTML, like Gecko) Chrome/113.0.0.0 Safari/537.36"
37.27.51.145 - - [23/Feb/2025:12:42:23 +0100] "GET /carnavalisimo-2021/item/10350-abierto-el-plazo-para-solicitar-la-instalacion-de-casetas-en-la-feria-del-moscatel-de-chipiona-que-se-celebra-del-21-al-24-de-abril HTTP/1.1" 301 162 "-" "Mozilla/5.0 (compatible; BLEXBot/1.0; +http://webmeup-crawler.com/)"
37.27.51.145 - - [23/Feb/2025:12:43:46 +0100] "GET /carnavalisimo-2021/item/10351-el-delegado-de-sanidad-entrega-un-lector-de-microchip-para-animales-a-proteccion-civil-de-chipiona HTTP/1.1" 301 162 "-" "Mozilla/5.0 (compatible; BLEXBot/1.0; +http://webmeup-crawler.com/)"
37.27.51.145 - - [23/Feb/2025:12:45:09 +0100] "GET /carnavalisimo-2021/item/10351-el-delegado-de-sanidad-entrega-un-lector-de-microchip-para-animales-a-proteccion-civil-de-chipiona HTTP/1.1" 301 162 "-" "Mozilla/5.0 (compatible; BLEXBot/1.0; +http://webmeup-crawler.com/)"
37.27.51.145 - - [23/Feb/2025:12:46:34 +0100] "GET /carnavalisimo-2021/item/10352-coag-convoca-a-los-agricultores-de-la-costa-noroeste-a-una-reunion-informativa-sobre-la-situacion-del-sector-y-acciones-reivindicativas HTTP/1.1" 301 162 "-" "Mozilla/5.0 (compatible; BLEXBot/1.0; +http://webmeup-crawler.com/)"
37.27.51.145 - - [23/Feb/2025:12:47:57 +0100] "GET /carnavalisimo-2021/item/10352-coag-convoca-a-los-agricultores-de-la-costa-noroeste-a-una-reunion-informativa-sobre-la-situacion-del-sector-y-acciones-reivindicativas HTTP/1.1" 301 162 "-" "Mozilla/5.0 (compatible; BLEXBot/1.0; +http://webmeup-crawler.com/)"
64.233.173.34 - - [23/Feb/2025:12:48:37 +0100] "GET /favicon.ico HTTP/1.1" 301 162 "-" "Mozilla/5.0 (Windows NT 5.1; rv:11.0) Gecko Firefox/11.0 (via ggpht.com GoogleImageProxy)"
37.27.51.145 - - [23/Feb/2025:12:49:21 +0100] "GET /carnavalisimo-2021/item/10353-nueva-bajada-de-la-incidencia-covid-en-chipiona-hasta-los-748-7-casos-y-11-nuevos-positivos-en-las-ultimas-24-horas HTTP/1.1" 301 162 "-" "Mozilla/5.0 (compatible; BLEXBot/1.0; +http://webmeup-crawler.com/)"
37.27.51.145 - - [23/Feb/2025:12:50:45 +0100] "GET /carnavalisimo-2021/item/10353-nueva-bajada-de-la-incidencia-covid-en-chipiona-hasta-los-748-7-casos-y-11-nuevos-positivos-en-las-ultimas-24-horas HTTP/1.1" 301 162 "-" "Mozilla/5.0 (compatible; BLEXBot/1.0; +http://webmeup-crawler.com/)"
37.27.51.145 - - [23/Feb/2025:12:52:08 +0100] "GET /carnavalisimo-2021/item/10354-esta-tarde-se-entregan-los-numeros-para-la-compra-de-las-entradas-para-el-acto-de-eleccion-de-piconero-o-piconera-del-carnaval HTTP/1.1" 301 162 "-" "Mozilla/5.0 (compatible; BLEXBot/1.0; +http://webmeup-crawler.com/)"
84.139.19.129 - - [23/Feb/2025:12:53:21 +0100] "GET /item/11788-acitur-ha-presentado-chipiona-experience-un-video-promocional-para-atraer-el-turismo-de-cruceros-a-la-localidad HTTP/1.1" 301 162 "-" "Mozilla/5.0 (Windows NT 10.0; Win64; x64) AppleWebKit/537.36 (KHTML, like Gecko) Chrome/91.0.4472.114 Safari/537.36 Edg/91.0.864.54"
37.27.51.145 - - [23/Feb/2025:12:53:31 +0100] "GET /carnavalisimo-2021/item/10354-esta-tarde-se-entregan-los-numeros-para-la-compra-de-las-entradas-para-el-acto-de-eleccion-de-piconero-o-piconera-del-carnaval HTTP/1.1" 301 162 "-" "Mozilla/5.0 (compatible; BLEXBot/1.0; +http://webmeup-crawler.com/)"
37.27.51.145 - - [23/Feb/2025:12:54:55 +0100] "GET /carnavalisimo-2021/item/10355-el-alcalde-de-chipiona-se-reune-con-los-departamentos-implicados-en-el-plan-integral-de-limpieza-para-estudiar-propuestas-de-mejora HTTP/1.1" 301 162 "-" "Mozilla/5.0 (compatible; BLEXBot/1.0; +http://webmeup-crawler.com/)"
37.27.51.145 - - [23/Feb/2025:12:56:18 +0100] "GET /carnavalisimo-2021/item/10355-el-alcalde-de-chipiona-se-reune-con-los-departamentos-implicados-en-el-plan-integral-de-limpieza-para-estudiar-propuestas-de-mejora HTTP/1.1" 301 162 "-" "Mozilla/5.0 (compatible; BLEXBot/1.0; +http://webmeup-crawler.com/)"
69.171.249.7 - - [23/Feb/2025:12:56:27 +0100] "GET /item/7203-fiestas-ya-tiene-definido-el-calendario-oficial-de-un-carnaval-de-chipiona-2020-que-presenta-importantes-novedades HTTP/1.1" 301 162 "-" "facebookexternalhit/1.1 (+http://www.facebook.com/externalhit_uatext.php)"
69.171.249.2 - - [23/Feb/2025:12:56:27 +0100] "GET /item/7203-fiestas-ya-tiene-definido-el-calendario-oficial-de-un-carnaval-de-chipiona-2020-que-presenta-importantes-novedades HTTP/1.1" 301 162 "-" "facebookexternalhit/1.1 (+http://www.facebook.com/externalhit_uatext.php)"
69.171.249.112 - - [23/Feb/2025:12:56:28 +0100] "GET /item/7203-fiestas-ya-tiene-definido-el-calendario-oficial-de-un-carnaval-de-chipiona-2020-que-presenta-importantes-novedades HTTP/1.1" 301 162 "-" "facebookexternalhit/1.1 (+http://www.facebook.com/externalhit_uatext.php)"
173.252.83.11 - - [23/Feb/2025:12:56:28 +0100] "GET /media/k2/items/cache/0a55750959c2d0524546669443332ea1_S.jpg HTTP/1.1" 301 162 "-" "facebookexternalhit/1.1 (+http://www.facebook.com/externalhit_uatext.php)"
69.171.249.113 - - [23/Feb/2025:12:56:29 +0100] "GET /media/k2/items/cache/0a55750959c2d0524546669443332ea1_S.jpg HTTP/1.1" 301 162 "-" "facebookexternalhit/1.1 (+http://www.facebook.com/externalhit_uatext.php)"
37.27.51.145 - - [23/Feb/2025:12:57:41 +0100] "GET /carnavalisimo-2021/item/10359-la-hermandad-del-rocio-de-chipiona-abre-inscripciones-de-la-pernocta-en-la-casa-de-hermanda-del-rocio-de-gines-para-la-misa-oficial HTTP/1.1" 301 162 "-" "Mozilla/5.0 (compatible; BLEXBot/1.0; +http://webmeup-crawler.com/)"
43.167.241.46 - - [23/Feb/2025:12:57:53 +0100] "GET / HTTP/1.1" 301 162 "-" "Mozilla/5.0 (iPhone; CPU iPhone OS 13_2_3 like Mac OS X) AppleWebKit/605.1.15 (KHTML, like Gecko) Version/13.0.3 Mobile/15E148 Safari/604.1"
37.27.51.145 - - [23/Feb/2025:12:59:06 +0100] "GET /carnavalisimo-2021/item/10359-la-hermandad-del-rocio-de-chipiona-abre-inscripciones-de-la-pernocta-en-la-casa-de-hermanda-del-rocio-de-gines-para-la-misa-oficial HTTP/1.1" 301 162 "-" "Mozilla/5.0 (compatible; BLEXBot/1.0; +http://webmeup-crawler.com/)"
37.27.51.145 - - [23/Feb/2025:13:00:29 +0100] "GET /carnavalisimo-2021/item/10360-laura-roman-lanza-una-campana-para-incentivar-que-se-regalen-flores-de-chipiona-en-el-dia-internacional-de-las-mujeres HTTP/1.1" 301 162 "-" "Mozilla/5.0 (compatible; BLEXBot/1.0; +http://webmeup-crawler.com/)"
37.27.51.145 - - [23/Feb/2025:13:01:53 +0100] "GET /carnavalisimo-2021/item/10360-laura-roman-lanza-una-campana-para-incentivar-que-se-regalen-flores-de-chipiona-en-el-dia-internacional-de-las-mujeres HTTP/1.1" 301 162 "-" "Mozilla/5.0 (compatible; BLEXBot/1.0; +http://webmeup-crawler.com/)"
37.27.51.145 - - [23/Feb/2025:13:03:17 +0100] "GET /carnavalisimo-2021/item/10361-francisco-javier-diaz-jurado-presentara-su-solicitud-de-renuncia-al-cargo-de-concejal-en-el-pleno-ordinario-que-se-celebra-manana HTTP/1.1" 301 162 "-" "Mozilla/5.0 (compatible; BLEXBot/1.0; +http://webmeup-crawler.com/)"
37.27.51.145 - - [23/Feb/2025:13:04:40 +0100] "GET /carnavalisimo-2021/item/10361-francisco-javier-diaz-jurado-presentara-su-solicitud-de-renuncia-al-cargo-de-concejal-en-el-pleno-ordinario-que-se-celebra-manana HTTP/1.1" 301 162 "-" "Mozilla/5.0 (compatible; BLEXBot/1.0; +http://webmeup-crawler.com/)"
37.27.51.145 - - [23/Feb/2025:13:06:04 +0100] "GET /carnavalisimo-2021/item/10362-nueva-bajada-de-la-incidencia-covid-en-chipiona-hasta-los-666-casos-y-1-nuevo-positivo-mas-en-las-ultimas-24-horas HTTP/1.1" 301 162 "-" "Mozilla/5.0 (compatible; BLEXBot/1.0; +http://webmeup-crawler.com/)"
37.27.51.145 - - [23/Feb/2025:13:07:29 +0100] "GET /carnavalisimo-2021/item/10362-nueva-bajada-de-la-incidencia-covid-en-chipiona-hasta-los-666-casos-y-1-nuevo-positivo-mas-en-las-ultimas-24-horas HTTP/1.1" 301 162 "-" "Mozilla/5.0 (compatible; BLEXBot/1.0; +http://webmeup-crawler.com/)"
37.27.51.145 - - [23/Feb/2025:13:08:52 +0100] "GET /carnavalisimo-2021/item/10363-la-hermandad-de-nuestro-padre-jesus-cautivo-celebra-esta-semana-el-solemne-quinario-en-honor-de-los-titulares-de-la-hermandad HTTP/1.1" 301 162 "-" "Mozilla/5.0 (compatible; BLEXBot/1.0; +http://webmeup-crawler.com/)"
37.27.51.145 - - [23/Feb/2025:13:10:15 +0100] "GET /carnavalisimo-2021/item/10363-la-hermandad-de-nuestro-padre-jesus-cautivo-celebra-esta-semana-el-solemne-quinario-en-honor-de-los-titulares-de-la-hermandad HTTP/1.1" 301 162 "-" "Mozilla/5.0 (compatible; BLEXBot/1.0; +http://webmeup-crawler.com/)"
37.27.51.145 - - [23/Feb/2025:13:11:39 +0100] "GET /carnavalisimo-2021/item/10364-el-ayuntamiento-de-chipiona-publica-un-bando-que-permite-ampliar-el-horario-de-cierre-de-establecimientos-con-motivo-del-carnaval HTTP/1.1" 301 162 "-" "Mozilla/5.0 (compatible; BLEXBot/1.0; +http://webmeup-crawler.com/)"
37.27.51.145 - - [23/Feb/2025:13:13:03 +0100] "GET /carnavalisimo-2021/item/10364-el-ayuntamiento-de-chipiona-publica-un-bando-que-permite-ampliar-el-horario-de-cierre-de-establecimientos-con-motivo-del-carnaval HTTP/1.1" 301 162 "-" "Mozilla/5.0 (compatible; BLEXBot/1.0; +http://webmeup-crawler.com/)"
37.27.51.145 - - [23/Feb/2025:13:14:26 +0100] "GET /carnavalisimo-2021/item/10365-coag-convoca-a-los-agricultores-y-ganaderos-de-andalucia-a-un-paro-y-una-movilizacion-el-proximo-25-de-febrero-ante-la-situacion-del-sector HTTP/1.1" 301 162 "-" "Mozilla/5.0 (compatible; BLEXBot/1.0; +http://webmeup-crawler.com/)"
37.27.51.145 - - [23/Feb/2025:13:15:50 +0100] "GET /carnavalisimo-2021/item/10365-coag-convoca-a-los-agricultores-y-ganaderos-de-andalucia-a-un-paro-y-una-movilizacion-el-proximo-25-de-febrero-ante-la-situacion-del-sector HTTP/1.1" 301 162 "-" "Mozilla/5.0 (compatible; BLEXBot/1.0; +http://webmeup-crawler.com/)"
66.249.66.12 - - [23/Feb/2025:13:16:46 +0100] "GET / HTTP/1.1" 301 162 "-" "Mozilla/5.0 (compatible; Googlebot/2.1; +http://www.google.com/bot.html)"
37.27.51.145 - - [23/Feb/2025:13:17:13 +0100] "GET /carnavalisimo-2021/item/10366-nueva-bajada-de-la-incidencia-covid-en-chipiona-hasta-los-578-3-casos-y-1-nuevo-positivo-mas-en-las-ultimas-24-horas HTTP/1.1" 301 162 "-" "Mozilla/5.0 (compatible; BLEXBot/1.0; +http://webmeup-crawler.com/)"
37.27.51.145 - - [23/Feb/2025:13:18:36 +0100] "GET /carnavalisimo-2021/item/10366-nueva-bajada-de-la-incidencia-covid-en-chipiona-hasta-los-578-3-casos-y-1-nuevo-positivo-mas-en-las-ultimas-24-horas HTTP/1.1" 301 162 "-" "Mozilla/5.0 (compatible; BLEXBot/1.0; +http://webmeup-crawler.com/)"
217.77.4.63 - - [23/Feb/2025:13:18:42 +0100] "GET /robots.txt HTTP/1.1" 301 162 "-" "Mozilla/5.0 (compatible; MJ12bot/v1.4.8; http://mj12bot.com/)"
66.249.66.202 - - [23/Feb/2025:13:18:44 +0100] "GET /item/5811-maria-del-mar- HTTP/1.1" 301 162 "-" "Mozilla/5.0 (Linux; Android 6.0.1; Nexus 5X Build/MMB29P) AppleWebKit/537.36 (KHTML, like Gecko) Chrome/133.0.6943.53 Mobile Safari/537.36 (compatible; GoogleOther)"
31.13.127.113 - - [23/Feb/2025:13:18:44 +0100] "GET /media/k2/items/cache/8020ae4bbc239feb55dd3f1fa9968bb9_S.jpg HTTP/1.1" 301 162 "-" "facebookexternalhit/1.1 (+http://www.facebook.com/externalhit_uatext.php)"
217.77.4.63 - - [23/Feb/2025:13:18:48 +0100] "GET /leer-para-ver/itemlist/tag/circulaci%C3%B3n HTTP/1.1" 301 162 "-" "Mozilla/5.0 (compatible; MJ12bot/v1.4.8; http://mj12bot.com/)"
217.77.4.63 - - [23/Feb/2025:13:18:53 +0100] "GET /leer-para-ver/itemlist/tag/nataci%C3%B3n HTTP/1.1" 301 162 "-" "Mozilla/5.0 (compatible; MJ12bot/v1.4.8; http://mj12bot.com/)"
66.249.66.202 - - [23/Feb/2025:13:19:38 +0100] "GET /asocia2/item/578-se-intensifica-la-puesta-a-punto-de-los-centros-educativos-para-el-proximo-curso-escolar HTTP/1.1" 301 162 "-" "Mozilla/5.0 (Linux; Android 6.0.1; Nexus 5X Build/MMB29P) AppleWebKit/537.36 (KHTML, like Gecko) Chrome/133.0.6943.53 Mobile Safari/537.36 (compatible; Googlebot/2.1; +http://www.google.com/bot.html)"
37.27.51.145 - - [23/Feb/2025:13:20:00 +0100] "GET /carnavalisimo-2021/item/10367-13-grupos-e-individuales-en-la-cabalgata-de-carnaval-de-chipiona-de-2022 HTTP/1.1" 301 162 "-" "Mozilla/5.0 (compatible; BLEXBot/1.0; +http://webmeup-crawler.com/)"
66.249.66.12 - - [23/Feb/2025:13:20:19 +0100] "GET /item/14210-pepe-mellado-anima-a-inscribirse-en-un-curso-basico-gratuito-de-proteccion-civil-ofertado-desde-la-agrupacion-local-de-chipiona HTTP/1.1" 301 162 "-" "Mozilla/5.0 (Linux; Android 6.0.1; Nexus 5X Build/MMB29P) AppleWebKit/537.36 (KHTML, like Gecko) Chrome/133.0.6943.53 Mobile Safari/537.36 (compatible; Googlebot/2.1; +http://www.google.com/bot.html)"
37.27.51.145 - - [23/Feb/2025:13:21:23 +0100] "GET /carnavalisimo-2021/item/10367-13-grupos-e-individuales-en-la-cabalgata-de-carnaval-de-chipiona-de-2022 HTTP/1.1" 301 162 "-" "Mozilla/5.0 (compatible; BLEXBot/1.0; +http://webmeup-crawler.com/)"
37.27.51.145 - - [23/Feb/2025:13:22:46 +0100] "GET /carnavalisimo-2021/item/10368-representantes-de-las-tres-asociaciones-de-mujeres-de-la-localidad-participan-en-una-formacion-dentro-del-proyecto-cultivando-igualdad HTTP/1.1" 301 162 "-" "Mozilla/5.0 (compatible; BLEXBot/1.0; +http://webmeup-crawler.com/)"
66.249.66.200 - - [23/Feb/2025:13:23:51 +0100] "GET /item/14168-el-ayuntamiento-de-chipiona-recogera-manana-martes-muebles-y-enseres-domesticos-en-unas-cubas-colocadas-en-la-explanada-de-la-itv HTTP/1.1" 301 162 "-" "Mozilla/5.0 (Linux; Android 6.0.1; Nexus 5X Build/MMB29P) AppleWebKit/537.36 (KHTML, like Gecko) Chrome/133.0.6943.53 Mobile Safari/537.36 (compatible; Googlebot/2.1; +http://www.google.com/bot.html)"
37.27.51.145 - - [23/Feb/2025:13:24:10 +0100] "GET /carnavalisimo-2021/item/10368-representantes-de-las-tres-asociaciones-de-mujeres-de-la-localidad-participan-en-una-formacion-dentro-del-proyecto-cultivando-igualdad HTTP/1.1" 301 162 "-" "Mozilla/5.0 (compatible; BLEXBot/1.0; +http://webmeup-crawler.com/)"
37.27.51.145 - - [23/Feb/2025:13:25:33 +0100] "GET /carnavalisimo-2021/item/10369-el-pleno-ordinario-del-mes-de-febrero-acuerda-nominar-la-actual-calle-jose-maria-peman-con-el-nombre-de-calle-cecilia-boehl-de-faber HTTP/1.1" 301 162 "-" "Mozilla/5.0 (compatible; BLEXBot/1.0; +http://webmeup-crawler.com/)"
37.27.51.145 - - [23/Feb/2025:13:26:56 +0100] "GET /carnavalisimo-2021/item/10369-el-pleno-ordinario-del-mes-de-febrero-acuerda-nominar-la-actual-calle-jose-maria-peman-con-el-nombre-de-calle-cecilia-boehl-de-faber HTTP/1.1" 301 162 "-" "Mozilla/5.0 (compatible; BLEXBot/1.0; +http://webmeup-crawler.com/)"
66.249.66.12 - - [23/Feb/2025:13:27:32 +0100] "GET /item/13937-multitud-de-fieles-acompanaron-a-la-divina-pastora-en-su-primera-salida-procesional-en-un-paso-y-con-costaleros HTTP/1.1" 301 162 "-" "Mozilla/5.0 (Linux; Android 6.0.1; Nexus 5X Build/MMB29P) AppleWebKit/537.36 (KHTML, like Gecko) Chrome/133.0.6943.53 Mobile Safari/537.36 (compatible; Googlebot/2.1; +http://www.google.com/bot.html)"
37.27.51.145 - - [23/Feb/2025:13:28:20 +0100] "GET /carnavalisimo-2021/item/10370-javier-diaz-jurado-presento-ayer-al-pleno-su-renuncia-al-cargo-de-concejal-de-la-corporacion-municipal HTTP/1.1" 301 162 "-" "Mozilla/5.0 (compatible; BLEXBot/1.0; +http://webmeup-crawler.com/)"
213.186.1.154 - - [23/Feb/2025:13:28:29 +0100] "GET /index.php/tablon-de-anuncios HTTP/1.1" 301 162 "-" "Mediatoolkitbot (complaints@mediatoolkit.com)"
66.249.66.12 - - [23/Feb/2025:13:29:16 +0100] "GET /taller-mujeres-progresistas/item/11888-33-319-personas-pasaron-por-el-centro-de-interpretacion-rocio-jurado-en-sus-seis-primeros-meses HTTP/1.1" 301 162 "-" "Mozilla/5.0 (Linux; Android 6.0.1; Nexus 5X Build/MMB29P) AppleWebKit/537.36 (KHTML, like Gecko) Chrome/133.0.6943.53 Mobile Safari/537.36 (compatible; Googlebot/2.1; +http://www.google.com/bot.html)"
37.27.51.145 - - [23/Feb/2025:13:29:44 +0100] "GET /carnavalisimo-2021/item/10370-javier-diaz-jurado-presento-ayer-al-pleno-su-renuncia-al-cargo-de-concejal-de-la-corporacion-municipal HTTP/1.1" 301 162 "-" "Mozilla/5.0 (compatible; BLEXBot/1.0; +http://webmeup-crawler.com/)"
47.82.34.106 - - [23/Feb/2025:13:31:03 +0100] "GET /modules/mod_news_pro_gk4/cache/k2.items.cache.944f984427c7b1e9e9964dba748e2311_Lnsp_188.jpg HTTP/1.1" 301 162 "-" "Mozilla/5.0 (Macintosh; Intel Mac OS X 10_15_7) AppleWebKit/537.36 (KHTML, like Gecko) Chrome/126.0.0.0 Safari/537.36"
47.82.34.106 - - [23/Feb/2025:13:31:04 +0100] "GET /modules/mod_news_pro_gk4/cache/k2.items.cache.c00848fefd4da32fca45204cf06645fc_Lnsp_204.jpg HTTP/1.1" 301 162 "-" "Mozilla/5.0 (Macintosh; Intel Mac OS X 10_15_7) AppleWebKit/537.36 (KHTML, like Gecko) Chrome/126.0.0.0 Safari/537.36"
37.27.51.145 - - [23/Feb/2025:13:31:08 +0100] "GET /carnavalisimo-2021/item/10371-el-carnaval-de-chipiona-vivira-esta-noche-uno-de-los-dias-grandes-de-la-fiesta-con-el-acto-de-eleccion-de-piconero-o-piconera-mayor HTTP/1.1" 301 162 "-" "Mozilla/5.0 (compatible; BLEXBot/1.0; +http://webmeup-crawler.com/)"
37.27.51.145 - - [23/Feb/2025:13:32:31 +0100] "GET /carnavalisimo-2021/item/10371-el-carnaval-de-chipiona-vivira-esta-noche-uno-de-los-dias-grandes-de-la-fiesta-con-el-acto-de-eleccion-de-piconero-o-piconera-mayor HTTP/1.1" 301 162 "-" "Mozilla/5.0 (compatible; BLEXBot/1.0; +http://webmeup-crawler.com/)"
37.27.51.145 - - [23/Feb/2025:13:33:54 +0100] "GET /carnavalisimo-2021/item/10372-sigue-bajando-la-incidencia-covid-en-chipiona-hasta-los-551-5-casos-y-se-notifican-6-nuevos-contagios-en-las-ultimas-24-horas HTTP/1.1" 301 162 "-" "Mozilla/5.0 (compatible; BLEXBot/1.0; +http://webmeup-crawler.com/)"
66.249.92.202 - - [23/Feb/2025:13:35:02 +0100] "GET / HTTP/1.1" 301 162 "-" "FeedFetcher-Google; (+http://www.google.com/feedfetcher.html)"
37.27.51.145 - - [23/Feb/2025:13:35:18 +0100] "GET /carnavalisimo-2021/item/10372-sigue-bajando-la-incidencia-covid-en-chipiona-hasta-los-551-5-casos-y-se-notifican-6-nuevos-contagios-en-las-ultimas-24-horas HTTP/1.1" 301 162 "-" "Mozilla/5.0 (compatible; BLEXBot/1.0; +http://webmeup-crawler.com/)"
37.27.51.145 - - [23/Feb/2025:13:36:42 +0100] "GET /carnavalisimo-2021/item/10373-pepe-mellado-anuncia-que-caepionis-contratara-a-personal-para-refuerzo-de-limpieza-en-carnaval-semana-santa-feria-y-motos HTTP/1.1" 301 162 "-" "Mozilla/5.0 (compatible; BLEXBot/1.0; +http://webmeup-crawler.com/)"
37.27.51.145 - - [23/Feb/2025:13:38:15 +0100] "GET /carnavalisimo-2021/item/10373-pepe-mellado-anuncia-que-caepionis-contratara-a-personal-para-refuerzo-de-limpieza-en-carnaval-semana-santa-feria-y-motos HTTP/1.1" 301 162 "-" "Mozilla/5.0 (compatible; BLEXBot/1.0; +http://webmeup-crawler.com/)"
47.82.34.80 - - [23/Feb/2025:13:39:17 +0100] "GET /modules/mod_news_pro_gk4/cache/k2.items.cache.944f984427c7b1e9e9964dba748e2311_Lnsp_188.jpg HTTP/1.1" 301 162 "-" "Mozilla/5.0 (Macintosh; Intel Mac OS X 10_15_7) AppleWebKit/537.36 (KHTML, like Gecko) Chrome/126.0.0.0 Safari/537.36"
37.27.51.145 - - [23/Feb/2025:13:39:38 +0100] "GET /carnavalisimo-2021/item/10374-maria-naval-comunica-que-la-calle-victor-pradera-estara-transitable-dentro-de-un-par-de-semanas-de-cara-a-la-celebracion-del-carnaval HTTP/1.1" 301 162 "-" "Mozilla/5.0 (compatible; BLEXBot/1.0; +http://webmeup-crawler.com/)"
37.27.51.145 - - [23/Feb/2025:13:41:02 +0100] "GET /carnavalisimo-2021/item/10374-maria-naval-comunica-que-la-calle-victor-pradera-estara-transitable-dentro-de-un-par-de-semanas-de-cara-a-la-celebracion-del-carnaval HTTP/1.1" 301 162 "-" "Mozilla/5.0 (compatible; BLEXBot/1.0; +http://webmeup-crawler.com/)"
37.27.51.145 - - [23/Feb/2025:13:42:26 +0100] "GET /carnavalisimo-2021/item/10375-la-radiotelevision-municipal-de-chipiona-incluida-en-el-atlas-andaluz-de-transicion-ecosocial HTTP/1.1" 301 162 "-" "Mozilla/5.0 (compatible; BLEXBot/1.0; +http://webmeup-crawler.com/)"
213.186.1.154 - - [23/Feb/2025:13:43:06 +0100] "GET / HTTP/1.1" 301 162 "-" "Mediatoolkitbot (complaints@mediatoolkit.com)"
37.27.51.145 - - [23/Feb/2025:13:43:50 +0100] "GET /carnavalisimo-2021/item/10375-la-radiotelevision-municipal-de-chipiona-incluida-en-el-atlas-andaluz-de-transicion-ecosocial HTTP/1.1" 301 162 "-" "Mozilla/5.0 (compatible; BLEXBot/1.0; +http://webmeup-crawler.com/)"
66.249.66.11 - - [23/Feb/2025:13:43:58 +0100] "GET /item/14244-jose-merce-el-chipionero-si-te-da-el-corazon-te-lo-da-de-verdad-yo-he-tenido-esa-suerte HTTP/1.1" 301 162 "-" "Mozilla/5.0 (Linux; Android 6.0.1; Nexus 5X Build/MMB29P) AppleWebKit/537.36 (KHTML, like Gecko) Chrome/133.0.6943.53 Mobile Safari/537.36 (compatible; Googlebot/2.1; +http://www.google.com/bot.html)"
37.27.51.145 - - [23/Feb/2025:13:45:14 +0100] "GET /carnavalisimo-2021/item/10376-abiertas-las-inscripciones-para-los-circuitos-de-carreras-y-pruebas-combinadas-de-chipiona-que-retornan-tras-los-dos-anos-de-pandemia HTTP/1.1" 301 162 "-" "Mozilla/5.0 (compatible; BLEXBot/1.0; +http://webmeup-crawler.com/)"
66.249.66.11 - - [23/Feb/2025:13:45:30 +0100] "GET /item/14186-los-actos-del-dia-de-chipiona-se-celebraran-del-5-al-8-de-julio-e-incluyen-la-entrega-a-jose-merce-del-titulo-de-hijo-adoptivo HTTP/1.1" 301 162 "-" "Mozilla/5.0 (Linux; Android 6.0.1; Nexus 5X Build/MMB29P) AppleWebKit/537.36 (KHTML, like Gecko) Chrome/133.0.6943.53 Mobile Safari/537.36 (compatible; Googlebot/2.1; +http://www.google.com/bot.html)"
37.27.51.145 - - [23/Feb/2025:13:46:38 +0100] "GET /carnavalisimo-2021/item/10376-abiertas-las-inscripciones-para-los-circuitos-de-carreras-y-pruebas-combinadas-de-chipiona-que-retornan-tras-los-dos-anos-de-pandemia HTTP/1.1" 301 162 "-" "Mozilla/5.0 (compatible; BLEXBot/1.0; +http://webmeup-crawler.com/)"
37.27.51.145 - - [23/Feb/2025:13:48:02 +0100] "GET /carnavalisimo-2021/item/10377-la-cooperativa-catolico-agricola-contara-con-el-apoyo-municipal-en-la-promocion-y-difusion-de-la-conmemoracion-de-su-centenario HTTP/1.1" 301 162 "-" "Mozilla/5.0 (compatible; BLEXBot/1.0; +http://webmeup-crawler.com/)"
