Azeri
Home
Console
Upload
information
Create File
Create Folder
About
Tools
:
/
var
/
www
/
vhosts
/
chipionatv.com
/
logs
/
Filename :
proxy_access_log
back
Copy
37.27.51.145 - - [23/Feb/2025:03:29:36 +0100] "GET /carnavalisimo-2021/item/10180-el-joven-walid-msahli-se-impone-en-una-san-silvestre-de-chipiona-que-se-traslado-a-calles-mas-amplias-por-la-crisis-sanitaria HTTP/1.1" 301 162 "-" "Mozilla/5.0 (compatible; BLEXBot/1.0; +http://webmeup-crawler.com/)"
17.241.219.117 - - [23/Feb/2025:03:31:04 +0100] "GET /coplas-y-canciones-de-ida-y-vuelta/item/6870-fundacion-vita-conmemora-el-dia-internacional-de-las-personas-de-edad-con-un-desfile-de-moda-en-el-que-los-mayores-han-sido-los-protagonistas HTTP/1.1" 301 162 "-" "Mozilla/5.0 (Macintosh; Intel Mac OS X 10_15_7) AppleWebKit/605.1.15 (KHTML, like Gecko) Version/17.4 Safari/605.1.15 (Applebot/0.1; +http://www.apple.com/go/applebot)"
37.27.51.145 - - [23/Feb/2025:03:31:45 +0100] "GET /carnavalisimo-2021/item/10181-10-nuevos-positivos-en-24-horas-elevan-la-tasa-de-incidencia-covid-en-chipiona-a-852-1 HTTP/1.1" 301 162 "-" "Mozilla/5.0 (compatible; BLEXBot/1.0; +http://webmeup-crawler.com/)"
37.27.51.145 - - [23/Feb/2025:03:32:49 +0100] "GET /carnavalisimo-2021/item/10181-10-nuevos-positivos-en-24-horas-elevan-la-tasa-de-incidencia-covid-en-chipiona-a-852-1 HTTP/1.1" 301 162 "-" "Mozilla/5.0 (compatible; BLEXBot/1.0; +http://webmeup-crawler.com/)"
37.27.51.145 - - [23/Feb/2025:03:34:57 +0100] "GET /carnavalisimo-2021/item/10182-la-hermandad-del-cautivo-suspende-la-visita-del-cartero-real-debido-a-la-actual-situacion-sanitaria HTTP/1.1" 301 162 "-" "Mozilla/5.0 (compatible; BLEXBot/1.0; +http://webmeup-crawler.com/)"
37.27.51.145 - - [23/Feb/2025:03:36:02 +0100] "GET /carnavalisimo-2021/item/10182-la-hermandad-del-cautivo-suspende-la-visita-del-cartero-real-debido-a-la-actual-situacion-sanitaria HTTP/1.1" 301 162 "-" "Mozilla/5.0 (compatible; BLEXBot/1.0; +http://webmeup-crawler.com/)"
37.27.51.145 - - [23/Feb/2025:03:38:10 +0100] "GET /carnavalisimo-2021/item/10183-isabel-maria-fernandez-la-cabalgata-de-los-reyes-magos-de-chipiona-discurrira-por-calles-mas-espaciosas-para-evitar-concentraciones HTTP/1.1" 301 162 "-" "Mozilla/5.0 (compatible; BLEXBot/1.0; +http://webmeup-crawler.com/)"
37.27.51.145 - - [23/Feb/2025:03:39:15 +0100] "GET /carnavalisimo-2021/item/10183-isabel-maria-fernandez-la-cabalgata-de-los-reyes-magos-de-chipiona-discurrira-por-calles-mas-espaciosas-para-evitar-concentraciones HTTP/1.1" 301 162 "-" "Mozilla/5.0 (compatible; BLEXBot/1.0; +http://webmeup-crawler.com/)"
37.27.51.145 - - [23/Feb/2025:03:41:23 +0100] "GET /carnavalisimo-2021/item/10184-agotadas-las-entradas-para-el-musical-el-rey-leon-el-tributo-incluido-en-la-campana-de-dinamizacion-comercial-en-navidad HTTP/1.1" 301 162 "-" "Mozilla/5.0 (compatible; BLEXBot/1.0; +http://webmeup-crawler.com/)"
37.27.51.145 - - [23/Feb/2025:03:42:28 +0100] "GET /carnavalisimo-2021/item/10184-agotadas-las-entradas-para-el-musical-el-rey-leon-el-tributo-incluido-en-la-campana-de-dinamizacion-comercial-en-navidad HTTP/1.1" 301 162 "-" "Mozilla/5.0 (compatible; BLEXBot/1.0; +http://webmeup-crawler.com/)"
37.27.51.145 - - [23/Feb/2025:03:44:38 +0100] "GET /carnavalisimo-2021/item/10185-comercio-y-consumo-mantiene-las-actividades-programadas-para-la-tarde-de-hoy-jueves HTTP/1.1" 301 162 "-" "Mozilla/5.0 (compatible; BLEXBot/1.0; +http://webmeup-crawler.com/)"
37.27.51.145 - - [23/Feb/2025:03:45:42 +0100] "GET /carnavalisimo-2021/item/10185-comercio-y-consumo-mantiene-las-actividades-programadas-para-la-tarde-de-hoy-jueves HTTP/1.1" 301 162 "-" "Mozilla/5.0 (compatible; BLEXBot/1.0; +http://webmeup-crawler.com/)"
37.27.51.145 - - [23/Feb/2025:03:47:52 +0100] "GET /carnavalisimo-2021/item/10186-horario-especial-de-apertura-de-las-instalaciones-deportivas-municipales-de-chipiona-hasta-el-9-de-enero HTTP/1.1" 301 162 "-" "Mozilla/5.0 (compatible; BLEXBot/1.0; +http://webmeup-crawler.com/)"
44.242.155.73 - - [23/Feb/2025:03:48:27 +0100] "GET / HTTP/1.1" 301 162 "-" "Mozilla/4.0 (compatible; MSIE 6.0; Windows NT 5.1; FSL 7.0.6.01001)"
37.27.51.145 - - [23/Feb/2025:03:48:57 +0100] "GET /carnavalisimo-2021/item/10186-horario-especial-de-apertura-de-las-instalaciones-deportivas-municipales-de-chipiona-hasta-el-9-de-enero HTTP/1.1" 301 162 "-" "Mozilla/5.0 (compatible; BLEXBot/1.0; +http://webmeup-crawler.com/)"
52.167.144.234 - - [23/Feb/2025:03:49:04 +0100] "GET /media/k2/items/cache/ca31d77e51afee6744234175c9f4148f_XL.jpg HTTP/1.1" 301 162 "-" "Mozilla/5.0 AppleWebKit/537.36 (KHTML, like Gecko; compatible; bingbot/2.0; +http://www.bing.com/bingbot.htm) Chrome/116.0.1938.76 Safari/537.36"
66.249.66.12 - - [23/Feb/2025:03:49:33 +0100] "GET /abriendo-puertas/item/2064-un-concierto-de-oboe-broche-final-del-festival-de-musica-ciudad-de-chipiona-mas-existoso HTTP/1.1" 301 162 "-" "Mozilla/5.0 (Linux; Android 6.0.1; Nexus 5X Build/MMB29P) AppleWebKit/537.36 (KHTML, like Gecko) Chrome/133.0.6943.53 Mobile Safari/537.36 (compatible; Googlebot/2.1; +http://www.google.com/bot.html)"
37.27.51.145 - - [23/Feb/2025:03:51:08 +0100] "GET /carnavalisimo-2021/item/10187-la-tasa-de-incidencia-covid-de-chipiona-vuelve-a-subir-y-marca-878-1-tras-una-jornada-con-15-nuevos-positivos HTTP/1.1" 301 162 "-" "Mozilla/5.0 (compatible; BLEXBot/1.0; +http://webmeup-crawler.com/)"
37.27.51.145 - - [23/Feb/2025:03:52:13 +0100] "GET /carnavalisimo-2021/item/10187-la-tasa-de-incidencia-covid-de-chipiona-vuelve-a-subir-y-marca-878-1-tras-una-jornada-con-15-nuevos-positivos HTTP/1.1" 301 162 "-" "Mozilla/5.0 (compatible; BLEXBot/1.0; +http://webmeup-crawler.com/)"
37.27.51.145 - - [23/Feb/2025:03:54:23 +0100] "GET /carnavalisimo-2021/item/10188-acitur-suspende-su-fiesta-infantil-de-fin-de-ano HTTP/1.1" 301 162 "-" "Mozilla/5.0 (compatible; BLEXBot/1.0; +http://webmeup-crawler.com/)"
37.27.51.145 - - [23/Feb/2025:03:55:29 +0100] "GET /carnavalisimo-2021/item/10188-acitur-suspende-su-fiesta-infantil-de-fin-de-ano HTTP/1.1" 301 162 "-" "Mozilla/5.0 (compatible; BLEXBot/1.0; +http://webmeup-crawler.com/)"
37.27.51.145 - - [23/Feb/2025:03:57:39 +0100] "GET /carnavalisimo-2021/item/10189-isabel-m-fernandez-da-a-conocer-un-nuevo-recorrido-de-la-cabalgata-de-reyes-de-chipiona-con-mas-amplitud-y-seguridad HTTP/1.1" 301 162 "-" "Mozilla/5.0 (compatible; BLEXBot/1.0; +http://webmeup-crawler.com/)"
37.27.51.145 - - [23/Feb/2025:03:58:45 +0100] "GET /carnavalisimo-2021/item/10189-isabel-m-fernandez-da-a-conocer-un-nuevo-recorrido-de-la-cabalgata-de-reyes-de-chipiona-con-mas-amplitud-y-seguridad HTTP/1.1" 301 162 "-" "Mozilla/5.0 (compatible; BLEXBot/1.0; +http://webmeup-crawler.com/)"
37.27.51.145 - - [23/Feb/2025:04:00:56 +0100] "GET /carnavalisimo-2021/item/10190-rr-moda-y-complementos-enigma-moda-y-complementos-y-arcadia-store-premiados-en-el-concurso-de-escaparates-navidenos-de-chipiona HTTP/1.1" 301 162 "-" "Mozilla/5.0 (compatible; BLEXBot/1.0; +http://webmeup-crawler.com/)"
37.27.51.145 - - [23/Feb/2025:04:02:01 +0100] "GET /carnavalisimo-2021/item/10190-rr-moda-y-complementos-enigma-moda-y-complementos-y-arcadia-store-premiados-en-el-concurso-de-escaparates-navidenos-de-chipiona HTTP/1.1" 301 162 "-" "Mozilla/5.0 (compatible; BLEXBot/1.0; +http://webmeup-crawler.com/)"
37.27.51.145 - - [23/Feb/2025:04:04:13 +0100] "GET /carnavalisimo-2021/item/10191-el-alcalde-de-chipiona-ha-informado-hoy-sobre-la-programacion-de-eventos-municipales-tras-las-navidades HTTP/1.1" 301 162 "-" "Mozilla/5.0 (compatible; BLEXBot/1.0; +http://webmeup-crawler.com/)"
37.27.51.145 - - [23/Feb/2025:04:05:19 +0100] "GET /carnavalisimo-2021/item/10191-el-alcalde-de-chipiona-ha-informado-hoy-sobre-la-programacion-de-eventos-municipales-tras-las-navidades HTTP/1.1" 301 162 "-" "Mozilla/5.0 (compatible; BLEXBot/1.0; +http://webmeup-crawler.com/)"
37.27.51.145 - - [23/Feb/2025:04:07:31 +0100] "GET /carnavalisimo-2021/item/10192-chipiona-cuenta-con-un-nuevo-club-que-promocionara-el-novedoso-deporte-del-disc-golf HTTP/1.1" 301 162 "-" "Mozilla/5.0 (compatible; BLEXBot/1.0; +http://webmeup-crawler.com/)"
37.27.51.145 - - [23/Feb/2025:04:08:37 +0100] "GET /carnavalisimo-2021/item/10192-chipiona-cuenta-con-un-nuevo-club-que-promocionara-el-novedoso-deporte-del-disc-golf HTTP/1.1" 301 162 "-" "Mozilla/5.0 (compatible; BLEXBot/1.0; +http://webmeup-crawler.com/)"
37.27.51.145 - - [23/Feb/2025:04:10:49 +0100] "GET /carnavalisimo-2021/item/10193-presentada-la-nueva-pena-cadista-de-chipiona-que-lleva-el-nombre-de-manuel-vizcaino HTTP/1.1" 301 162 "-" "Mozilla/5.0 (compatible; BLEXBot/1.0; +http://webmeup-crawler.com/)"
37.27.51.145 - - [23/Feb/2025:04:11:55 +0100] "GET /carnavalisimo-2021/item/10193-presentada-la-nueva-pena-cadista-de-chipiona-que-lleva-el-nombre-de-manuel-vizcaino HTTP/1.1" 301 162 "-" "Mozilla/5.0 (compatible; BLEXBot/1.0; +http://webmeup-crawler.com/)"
37.27.51.145 - - [23/Feb/2025:04:14:07 +0100] "GET /carnavalisimo-2021/item/10194-enrique-lopez-informa-que-el-servicio-andalucia-orienta-asesorara-respecto-al-plan-de-empleo-juvenil HTTP/1.1" 301 162 "-" "Mozilla/5.0 (compatible; BLEXBot/1.0; +http://webmeup-crawler.com/)"
37.27.51.145 - - [23/Feb/2025:04:15:13 +0100] "GET /carnavalisimo-2021/item/10194-enrique-lopez-informa-que-el-servicio-andalucia-orienta-asesorara-respecto-al-plan-de-empleo-juvenil HTTP/1.1" 301 162 "-" "Mozilla/5.0 (compatible; BLEXBot/1.0; +http://webmeup-crawler.com/)"
37.27.51.145 - - [23/Feb/2025:04:17:26 +0100] "GET /carnavalisimo-2021/item/10195-acitur-y-centro-comercial-abierto-han-entregado-hoy-los-dos-premios-de-2-000-y-1-000-euros-de-su-sorteo-de-navidad HTTP/1.1" 301 162 "-" "Mozilla/5.0 (compatible; BLEXBot/1.0; +http://webmeup-crawler.com/)"
37.27.51.145 - - [23/Feb/2025:04:18:32 +0100] "GET /carnavalisimo-2021/item/10195-acitur-y-centro-comercial-abierto-han-entregado-hoy-los-dos-premios-de-2-000-y-1-000-euros-de-su-sorteo-de-navidad HTTP/1.1" 301 162 "-" "Mozilla/5.0 (compatible; BLEXBot/1.0; +http://webmeup-crawler.com/)"
66.249.66.200 - - [23/Feb/2025:04:19:31 +0100] "GET /ads.txt HTTP/1.1" 301 162 "-" "Mozilla/5.0 (compatible; Googlebot/2.1; +http://www.google.com/bot.html)"
66.249.66.11 - - [23/Feb/2025:04:19:32 +0100] "GET /ads.txt HTTP/1.1" 301 162 "-" "Mozilla/5.0 (compatible; Googlebot/2.1; +http://www.google.com/bot.html)"
37.27.51.145 - - [23/Feb/2025:04:20:44 +0100] "GET /carnavalisimo-2021/item/10196-69-contagios-en-cuatro-dias-situan-la-tasa-de-incidencia-covid-de-chipiona-1-117-1 HTTP/1.1" 301 162 "-" "Mozilla/5.0 (compatible; BLEXBot/1.0; +http://webmeup-crawler.com/)"
213.186.1.154 - - [23/Feb/2025:04:21:24 +0100] "GET /index.php/tablon-de-anuncios HTTP/1.1" 301 162 "-" "Mediatoolkitbot (complaints@mediatoolkit.com)"
37.27.51.145 - - [23/Feb/2025:04:21:50 +0100] "GET /carnavalisimo-2021/item/10196-69-contagios-en-cuatro-dias-situan-la-tasa-de-incidencia-covid-de-chipiona-1-117-1 HTTP/1.1" 301 162 "-" "Mozilla/5.0 (compatible; BLEXBot/1.0; +http://webmeup-crawler.com/)"
135.181.49.218 - - [23/Feb/2025:04:23:51 +0100] "GET /media/k2/items/cache/e6b691b2d203a262367d6413a0da0fa5_XL.jpg HTTP/1.1" 301 162 "-" "Mozilla/5.0 (X11; Ubuntu; Linux x86_64; rv:72.0) Gecko/20100101 Firefox/72.0"
37.27.51.145 - - [23/Feb/2025:04:24:03 +0100] "GET /carnavalisimo-2021/item/10197-horario-especial-de-apertura-de-las-instalaciones-deportivas-municipales-de-chipiona-hasta-el-domingo HTTP/1.1" 301 162 "-" "Mozilla/5.0 (compatible; BLEXBot/1.0; +http://webmeup-crawler.com/)"
37.27.51.145 - - [23/Feb/2025:04:25:10 +0100] "GET /carnavalisimo-2021/item/10197-horario-especial-de-apertura-de-las-instalaciones-deportivas-municipales-de-chipiona-hasta-el-domingo HTTP/1.1" 301 162 "-" "Mozilla/5.0 (compatible; BLEXBot/1.0; +http://webmeup-crawler.com/)"
37.27.51.145 - - [23/Feb/2025:04:27:22 +0100] "GET /carnavalisimo-2021/item/10198-la-autorizacion-de-eventos-del-carnaval-de-chipiona-2022-y-su-inclusion-en-el-libreto-puede-solicitarse-hasta-el-14-de-enero HTTP/1.1" 301 162 "-" "Mozilla/5.0 (compatible; BLEXBot/1.0; +http://webmeup-crawler.com/)"
37.27.51.145 - - [23/Feb/2025:04:28:28 +0100] "GET /carnavalisimo-2021/item/10198-la-autorizacion-de-eventos-del-carnaval-de-chipiona-2022-y-su-inclusion-en-el-libreto-puede-solicitarse-hasta-el-14-de-enero HTTP/1.1" 301 162 "-" "Mozilla/5.0 (compatible; BLEXBot/1.0; +http://webmeup-crawler.com/)"
37.27.51.145 - - [23/Feb/2025:04:30:41 +0100] "GET /carnavalisimo-2021/item/10199-chipiona-se-prepara-para-vivir-una-cabalgata-de-reyes-con-estreno-de-carrozas-reales-y-recorrido-alternativo HTTP/1.1" 301 162 "-" "Mozilla/5.0 (compatible; BLEXBot/1.0; +http://webmeup-crawler.com/)"
37.27.51.145 - - [23/Feb/2025:04:31:47 +0100] "GET /carnavalisimo-2021/item/10199-chipiona-se-prepara-para-vivir-una-cabalgata-de-reyes-con-estreno-de-carrozas-reales-y-recorrido-alternativo HTTP/1.1" 301 162 "-" "Mozilla/5.0 (compatible; BLEXBot/1.0; +http://webmeup-crawler.com/)"
37.27.51.145 - - [23/Feb/2025:04:34:01 +0100] "GET /carnavalisimo-2021/item/102-programa-qel-viajeroq HTTP/1.1" 301 162 "-" "Mozilla/5.0 (compatible; BLEXBot/1.0; +http://webmeup-crawler.com/)"
37.27.51.145 - - [23/Feb/2025:04:35:08 +0100] "GET /carnavalisimo-2021/item/102-programa-qel-viajeroq HTTP/1.1" 301 162 "-" "Mozilla/5.0 (compatible; BLEXBot/1.0; +http://webmeup-crawler.com/)"
66.249.66.200 - - [23/Feb/2025:04:36:11 +0100] "GET / HTTP/1.1" 301 162 "-" "Mozilla/5.0 (compatible; Googlebot/2.1; +http://www.google.com/bot.html)"
37.27.51.145 - - [23/Feb/2025:04:37:21 +0100] "GET /carnavalisimo-2021/item/10200-chipiona-cerro-2021-con-683-parados-menos-que-un-ano-antes-un-descenso-del-19-7 HTTP/1.1" 301 162 "-" "Mozilla/5.0 (compatible; BLEXBot/1.0; +http://webmeup-crawler.com/)"
213.186.1.154 - - [23/Feb/2025:04:37:25 +0100] "GET / HTTP/1.1" 301 162 "-" "Mediatoolkitbot (complaints@mediatoolkit.com)"
37.27.51.145 - - [23/Feb/2025:04:38:28 +0100] "GET /carnavalisimo-2021/item/10200-chipiona-cerro-2021-con-683-parados-menos-que-un-ano-antes-un-descenso-del-19-7 HTTP/1.1" 301 162 "-" "Mozilla/5.0 (compatible; BLEXBot/1.0; +http://webmeup-crawler.com/)"
37.27.51.145 - - [23/Feb/2025:04:40:42 +0100] "GET /carnavalisimo-2021/item/10201-la-tasa-de-incidencia-covid-de-chipiona-baja-levemente-a-1-054-y-se-suman-9-nuevos-contagios HTTP/1.1" 301 162 "-" "Mozilla/5.0 (compatible; BLEXBot/1.0; +http://webmeup-crawler.com/)"
37.27.51.145 - - [23/Feb/2025:04:41:49 +0100] "GET /carnavalisimo-2021/item/10201-la-tasa-de-incidencia-covid-de-chipiona-baja-levemente-a-1-054-y-se-suman-9-nuevos-contagios HTTP/1.1" 301 162 "-" "Mozilla/5.0 (compatible; BLEXBot/1.0; +http://webmeup-crawler.com/)"
37.27.51.145 - - [23/Feb/2025:04:44:03 +0100] "GET /carnavalisimo-2021/item/10202-chipiona-formara-parte-del-proyecto-de-diputacion-de-dinamizacion-comercial-en-zonas-de-afluencia-turistica HTTP/1.1" 301 162 "-" "Mozilla/5.0 (compatible; BLEXBot/1.0; +http://webmeup-crawler.com/)"
37.27.51.145 - - [23/Feb/2025:04:45:11 +0100] "GET /carnavalisimo-2021/item/10202-chipiona-formara-parte-del-proyecto-de-diputacion-de-dinamizacion-comercial-en-zonas-de-afluencia-turistica HTTP/1.1" 301 162 "-" "Mozilla/5.0 (compatible; BLEXBot/1.0; +http://webmeup-crawler.com/)"
37.27.51.145 - - [23/Feb/2025:04:47:25 +0100] "GET /carnavalisimo-2021/item/10203-celestino-castellano-isabel-m-lorenzo-y-regla-rodriguez-ganadores-del-certamen-de-adornos-navidenos-en-exteriores-de-chipiona HTTP/1.1" 301 162 "-" "Mozilla/5.0 (compatible; BLEXBot/1.0; +http://webmeup-crawler.com/)"
37.27.51.145 - - [23/Feb/2025:04:48:32 +0100] "GET /carnavalisimo-2021/item/10203-celestino-castellano-isabel-m-lorenzo-y-regla-rodriguez-ganadores-del-certamen-de-adornos-navidenos-en-exteriores-de-chipiona HTTP/1.1" 301 162 "-" "Mozilla/5.0 (compatible; BLEXBot/1.0; +http://webmeup-crawler.com/)"
47.79.98.89 - - [23/Feb/2025:04:50:18 +0100] "GET /lagrada/item/5268-los-morancos-actuaran-en-el-colegio-virgen-de-regla-el-15-de-agosto-dentro-de-la-programacion-musical-y-ludica-de-acitur-para-este-verano HTTP/1.1" 301 162 "http://www.chipionatv.com/lagrada/item/5268-los-morancos-actuaran-en-el-colegio-virgen-de-regla-el-15-de-agosto-dentro-de-la-programacion-musical-y-ludica-de-acitur-para-este-verano" "Mozilla/5.0 (Windows NT 10.0; Win64; x64) AppleWebKit/537.36 (KHTML, like Gecko) Chrome/114.0.0.0 Safari/537.36 Edg/114.0.1823.43"
66.249.92.200 - - [23/Feb/2025:04:50:33 +0100] "GET / HTTP/1.1" 301 162 "-" "FeedFetcher-Google; (+http://www.google.com/feedfetcher.html)"
37.27.51.145 - - [23/Feb/2025:04:50:52 +0100] "GET /carnavalisimo-2021/item/10204-luz-maria-caraballo-gracias-a-las-colaboraciones-la-campana-ningun-nino-sin-juguetes-ha-podido-llegar-a-muchas-mas-familias HTTP/1.1" 301 162 "-" "Mozilla/5.0 (compatible; BLEXBot/1.0; +http://webmeup-crawler.com/)"
44.242.155.73 - - [23/Feb/2025:04:50:54 +0100] "GET / HTTP/1.1" 301 162 "-" "Mozilla/4.0 (compatible; MSIE 6.0; Windows NT 5.1; FSL 7.0.6.01001)"
37.27.51.145 - - [23/Feb/2025:04:51:59 +0100] "GET /carnavalisimo-2021/item/10204-luz-maria-caraballo-gracias-a-las-colaboraciones-la-campana-ningun-nino-sin-juguetes-ha-podido-llegar-a-muchas-mas-familias HTTP/1.1" 301 162 "-" "Mozilla/5.0 (compatible; BLEXBot/1.0; +http://webmeup-crawler.com/)"
37.27.51.145 - - [23/Feb/2025:04:54:15 +0100] "GET /carnavalisimo-2021/item/10205-el-ayuntamiento-de-chipiona-comienza-la-retirada-de-los-frutos-de-mas-de-500-naranjos HTTP/1.1" 301 162 "-" "Mozilla/5.0 (compatible; BLEXBot/1.0; +http://webmeup-crawler.com/)"
37.27.51.145 - - [23/Feb/2025:04:55:24 +0100] "GET /carnavalisimo-2021/item/10205-el-ayuntamiento-de-chipiona-comienza-la-retirada-de-los-frutos-de-mas-de-500-naranjos HTTP/1.1" 301 162 "-" "Mozilla/5.0 (compatible; BLEXBot/1.0; +http://webmeup-crawler.com/)"
43.157.95.239 - - [23/Feb/2025:04:57:24 +0100] "GET / HTTP/1.1" 301 162 "-" "Mozilla/5.0 (iPhone; CPU iPhone OS 13_2_3 like Mac OS X) AppleWebKit/605.1.15 (KHTML, like Gecko) Version/13.0.3 Mobile/15E148 Safari/604.1"
37.27.51.145 - - [23/Feb/2025:04:57:38 +0100] "GET /carnavalisimo-2021/item/10206-entregados-los-premios-del-certamen-de-adornos-navidenos-en-exteriores-de-chipiona HTTP/1.1" 301 162 "-" "Mozilla/5.0 (compatible; BLEXBot/1.0; +http://webmeup-crawler.com/)"
37.27.51.145 - - [23/Feb/2025:04:58:47 +0100] "GET /carnavalisimo-2021/item/10206-entregados-los-premios-del-certamen-de-adornos-navidenos-en-exteriores-de-chipiona HTTP/1.1" 301 162 "-" "Mozilla/5.0 (compatible; BLEXBot/1.0; +http://webmeup-crawler.com/)"
37.27.51.145 - - [23/Feb/2025:05:01:02 +0100] "GET /carnavalisimo-2021/item/10207-nueva-bajada-de-la-tasa-de-incidencia-covid-de-chipiona-hasta-1-008-con-6-contagios-en-la-ultima-jornada HTTP/1.1" 301 162 "-" "Mozilla/5.0 (compatible; BLEXBot/1.0; +http://webmeup-crawler.com/)"
37.27.51.145 - - [23/Feb/2025:05:02:10 +0100] "GET /carnavalisimo-2021/item/10207-nueva-bajada-de-la-tasa-de-incidencia-covid-de-chipiona-hasta-1-008-con-6-contagios-en-la-ultima-jornada HTTP/1.1" 301 162 "-" "Mozilla/5.0 (compatible; BLEXBot/1.0; +http://webmeup-crawler.com/)"
192.133.77.15 - - [23/Feb/2025:05:03:50 +0100] "GET /robots.txt HTTP/1.1" 301 162 "-" "Twitterbot/1.0"
192.133.77.15 - - [23/Feb/2025:05:03:51 +0100] "GET /item/6259-bar-casa-juan-se-hace-de-nuevo-con-el-primer-premio-de-la-ruta-de-la-tapa-de-chipiona HTTP/1.1" 301 162 "-" "Twitterbot/1.0"
37.27.51.145 - - [23/Feb/2025:05:04:26 +0100] "GET /carnavalisimo-2021/item/10208-la-tasa-de-incidencia-covid-de-chipiona-sigue-bajando-hasta-924-9-tras-dos-jornadas-en-las-que-se-suman-36-contagios HTTP/1.1" 301 162 "-" "Mozilla/5.0 (compatible; BLEXBot/1.0; +http://webmeup-crawler.com/)"
37.27.51.145 - - [23/Feb/2025:05:05:34 +0100] "GET /carnavalisimo-2021/item/10208-la-tasa-de-incidencia-covid-de-chipiona-sigue-bajando-hasta-924-9-tras-dos-jornadas-en-las-que-se-suman-36-contagios HTTP/1.1" 301 162 "-" "Mozilla/5.0 (compatible; BLEXBot/1.0; +http://webmeup-crawler.com/)"
37.27.51.145 - - [23/Feb/2025:05:07:51 +0100] "GET /carnavalisimo-2021/item/10209-isabel-m-fernandez-programar-los-actos-al-aire-libre-nos-ha-permitido-sacar-adelante-el-programa-de-fiestas-para-navidad HTTP/1.1" 301 162 "-" "Mozilla/5.0 (compatible; BLEXBot/1.0; +http://webmeup-crawler.com/)"
37.27.51.145 - - [23/Feb/2025:05:08:59 +0100] "GET /carnavalisimo-2021/item/10209-isabel-m-fernandez-programar-los-actos-al-aire-libre-nos-ha-permitido-sacar-adelante-el-programa-de-fiestas-para-navidad HTTP/1.1" 301 162 "-" "Mozilla/5.0 (compatible; BLEXBot/1.0; +http://webmeup-crawler.com/)"
37.27.51.145 - - [23/Feb/2025:05:11:16 +0100] "GET /carnavalisimo-2021/item/10210-la-sala-de-espacio-vacio-acogera-la-muestra-pictorica-de-jose-maria-garcia-payan-agradecido-x-tanto HTTP/1.1" 301 162 "-" "Mozilla/5.0 (compatible; BLEXBot/1.0; +http://webmeup-crawler.com/)"
66.249.66.11 - - [23/Feb/2025:05:12:13 +0100] "GET / HTTP/1.1" 301 162 "-" "Mozilla/5.0 (compatible; Googlebot/2.1; +http://www.google.com/bot.html)"
37.27.51.145 - - [23/Feb/2025:05:12:25 +0100] "GET /carnavalisimo-2021/item/10210-la-sala-de-espacio-vacio-acogera-la-muestra-pictorica-de-jose-maria-garcia-payan-agradecido-x-tanto HTTP/1.1" 301 162 "-" "Mozilla/5.0 (compatible; BLEXBot/1.0; +http://webmeup-crawler.com/)"
37.27.51.145 - - [23/Feb/2025:05:14:42 +0100] "GET /carnavalisimo-2021/item/10211-isabel-m-fernandez-muy-satisfecha-por-la-finalizacion-de-las-cuatro-propuestas-elegidas-por-la-ciudadania-de-los-presupuestos-participativos HTTP/1.1" 301 162 "-" "Mozilla/5.0 (compatible; BLEXBot/1.0; +http://webmeup-crawler.com/)"
37.27.51.145 - - [23/Feb/2025:05:15:50 +0100] "GET /carnavalisimo-2021/item/10211-isabel-m-fernandez-muy-satisfecha-por-la-finalizacion-de-las-cuatro-propuestas-elegidas-por-la-ciudadania-de-los-presupuestos-participativos HTTP/1.1" 301 162 "-" "Mozilla/5.0 (compatible; BLEXBot/1.0; +http://webmeup-crawler.com/)"
37.27.51.145 - - [23/Feb/2025:05:18:08 +0100] "GET /carnavalisimo-2021/item/10212-sigue-el-descenso-de-la-incidencia-covid-en-chipiona-tras-el-fin-de-semana-hasta-alcanzar-914-5-y-se-suman-37-contagios HTTP/1.1" 301 162 "-" "Mozilla/5.0 (compatible; BLEXBot/1.0; +http://webmeup-crawler.com/)"
37.27.51.145 - - [23/Feb/2025:05:19:16 +0100] "GET /carnavalisimo-2021/item/10212-sigue-el-descenso-de-la-incidencia-covid-en-chipiona-tras-el-fin-de-semana-hasta-alcanzar-914-5-y-se-suman-37-contagios HTTP/1.1" 301 162 "-" "Mozilla/5.0 (compatible; BLEXBot/1.0; +http://webmeup-crawler.com/)"
37.27.51.145 - - [23/Feb/2025:05:21:34 +0100] "GET /carnavalisimo-2021/item/10213-chipiona-se-prepara-para-vivir-este-fin-de-semana-su-segunda-ruta-de-la-galera-y-el-mosto HTTP/1.1" 301 162 "-" "Mozilla/5.0 (compatible; BLEXBot/1.0; +http://webmeup-crawler.com/)"
37.27.51.145 - - [23/Feb/2025:05:22:43 +0100] "GET /carnavalisimo-2021/item/10213-chipiona-se-prepara-para-vivir-este-fin-de-semana-su-segunda-ruta-de-la-galera-y-el-mosto HTTP/1.1" 301 162 "-" "Mozilla/5.0 (compatible; BLEXBot/1.0; +http://webmeup-crawler.com/)"
37.27.51.145 - - [23/Feb/2025:05:25:02 +0100] "GET /carnavalisimo-2021/item/10214-luis-mario-aparcero-invita-a-los-agricultores-a-la-presentacion-de-un-estudio-de-soluciones-para-la-zona-inundable-de-chipiona HTTP/1.1" 301 162 "-" "Mozilla/5.0 (compatible; BLEXBot/1.0; +http://webmeup-crawler.com/)"
37.27.51.145 - - [23/Feb/2025:05:26:11 +0100] "GET /carnavalisimo-2021/item/10214-luis-mario-aparcero-invita-a-los-agricultores-a-la-presentacion-de-un-estudio-de-soluciones-para-la-zona-inundable-de-chipiona HTTP/1.1" 301 162 "-" "Mozilla/5.0 (compatible; BLEXBot/1.0; +http://webmeup-crawler.com/)"
80.94.92.110 - - [23/Feb/2025:05:26:36 +0100] "GET / HTTP/1.1" 301 162 "-" "Mozilla/4.0 (compatible; MSIE 5.0; Windows NT; DigExt; DTS Agent"
213.186.1.154 - - [23/Feb/2025:05:28:05 +0100] "GET /index.php/tablon-de-anuncios HTTP/1.1" 301 162 "-" "Mediatoolkitbot (complaints@mediatoolkit.com)"
37.27.51.145 - - [23/Feb/2025:05:28:29 +0100] "GET /carnavalisimo-2021/item/10215-las-defunciones-en-chipiona-se-elevaron-a-175-durante-2021-14-menos-que-en-2020-pero-37-mas-que-en-2018 HTTP/1.1" 301 162 "-" "Mozilla/5.0 (compatible; BLEXBot/1.0; +http://webmeup-crawler.com/)"
37.27.51.145 - - [23/Feb/2025:05:29:38 +0100] "GET /carnavalisimo-2021/item/10215-las-defunciones-en-chipiona-se-elevaron-a-175-durante-2021-14-menos-que-en-2020-pero-37-mas-que-en-2018 HTTP/1.1" 301 162 "-" "Mozilla/5.0 (compatible; BLEXBot/1.0; +http://webmeup-crawler.com/)"
3.251.68.134 - - [23/Feb/2025:05:31:04 +0100] "GET / HTTP/1.1" 301 162 "-" "Mozilla/5.0 (Macintosh; Intel Mac OS X 10.15; rv:92.0) Gecko/20100101 Firefox/92.0"
37.27.51.145 - - [23/Feb/2025:05:31:57 +0100] "GET /carnavalisimo-2021/item/10216-madre-coraje-recogio-en-chipiona-durante-2021-dos-toneladas-mas-de-ropa-y-calzado-y-216-litros-mas-de-aceite-usado HTTP/1.1" 301 162 "-" "Mozilla/5.0 (compatible; BLEXBot/1.0; +http://webmeup-crawler.com/)"
37.27.51.145 - - [23/Feb/2025:05:33:06 +0100] "GET /carnavalisimo-2021/item/10216-madre-coraje-recogio-en-chipiona-durante-2021-dos-toneladas-mas-de-ropa-y-calzado-y-216-litros-mas-de-aceite-usado HTTP/1.1" 301 162 "-" "Mozilla/5.0 (compatible; BLEXBot/1.0; +http://webmeup-crawler.com/)"
66.249.66.201 - - [23/Feb/2025:05:35:23 +0100] "GET /robots.txt HTTP/1.1" 301 162 "-" "Mozilla/5.0 (compatible; Googlebot/2.1; +http://www.google.com/bot.html)"
66.249.66.201 - - [23/Feb/2025:05:35:24 +0100] "GET / HTTP/1.1" 301 162 "-" "Mozilla/5.0 (compatible; Googlebot/2.1; +http://www.google.com/bot.html)"
37.27.51.145 - - [23/Feb/2025:05:35:28 +0100] "GET /carnavalisimo-2021/item/10217-la-plaza-juan-carlos-i-sera-escenario-el-proximo-domingo-de-la-fiesta-de-san-anton-de-bendicion-de-las-mascotas-de-chipiona HTTP/1.1" 301 162 "-" "Mozilla/5.0 (compatible; BLEXBot/1.0; +http://webmeup-crawler.com/)"
37.27.51.145 - - [23/Feb/2025:05:36:38 +0100] "GET /carnavalisimo-2021/item/10217-la-plaza-juan-carlos-i-sera-escenario-el-proximo-domingo-de-la-fiesta-de-san-anton-de-bendicion-de-las-mascotas-de-chipiona HTTP/1.1" 301 162 "-" "Mozilla/5.0 (compatible; BLEXBot/1.0; +http://webmeup-crawler.com/)"
37.27.51.145 - - [23/Feb/2025:05:38:57 +0100] "GET /carnavalisimo-2021/item/10218-sube-la-incidencia-covid-en-chipiona-a-945-7-y-se-anotan-28-contagios HTTP/1.1" 301 162 "-" "Mozilla/5.0 (compatible; BLEXBot/1.0; +http://webmeup-crawler.com/)"
37.27.51.145 - - [23/Feb/2025:05:40:06 +0100] "GET /carnavalisimo-2021/item/10218-sube-la-incidencia-covid-en-chipiona-a-945-7-y-se-anotan-28-contagios HTTP/1.1" 301 162 "-" "Mozilla/5.0 (compatible; BLEXBot/1.0; +http://webmeup-crawler.com/)"
207.211.168.73 - - [23/Feb/2025:05:41:20 +0100] "GET /modules/mod_news_pro_gk4/cache/k2.items.cache.54da80b3ee183019a4781301439616e2_Lnsp_204.jpg HTTP/1.1" 301 162 "-" "Mozilla/5.0 (X11; Ubuntu; Linux x86_64; rv:72.0) Gecko/20100101 Firefox/72.0"
37.27.51.145 - - [23/Feb/2025:05:42:25 +0100] "GET /carnavalisimo-2021/item/10219-fundacion-vita-mejoro-y-renovo-el-equipamiento-para-su-programa-de-estimulacion-cognitiva-gracias-a-los-presupuestos-participativos HTTP/1.1" 301 162 "-" "Mozilla/5.0 (compatible; BLEXBot/1.0; +http://webmeup-crawler.com/)"
37.27.51.145 - - [23/Feb/2025:05:43:34 +0100] "GET /carnavalisimo-2021/item/10219-fundacion-vita-mejoro-y-renovo-el-equipamiento-para-su-programa-de-estimulacion-cognitiva-gracias-a-los-presupuestos-participativos HTTP/1.1" 301 162 "-" "Mozilla/5.0 (compatible; BLEXBot/1.0; +http://webmeup-crawler.com/)"
37.27.51.145 - - [23/Feb/2025:05:45:54 +0100] "GET /carnavalisimo-2021/item/10220-las-mejores-fotos-del-chipionero-juan-manuel-zarazaga-en-el-libro-gran-poder-de-sevilla-uno-de-los-mas-vendidos-en-reyes HTTP/1.1" 301 162 "-" "Mozilla/5.0 (compatible; BLEXBot/1.0; +http://webmeup-crawler.com/)"
37.27.51.145 - - [23/Feb/2025:05:47:04 +0100] "GET /carnavalisimo-2021/item/10220-las-mejores-fotos-del-chipionero-juan-manuel-zarazaga-en-el-libro-gran-poder-de-sevilla-uno-de-los-mas-vendidos-en-reyes HTTP/1.1" 301 162 "-" "Mozilla/5.0 (compatible; BLEXBot/1.0; +http://webmeup-crawler.com/)"
213.186.1.154 - - [23/Feb/2025:05:47:07 +0100] "GET / HTTP/1.1" 301 162 "-" "Mediatoolkitbot (complaints@mediatoolkit.com)"
37.27.51.145 - - [23/Feb/2025:05:49:25 +0100] "GET /carnavalisimo-2021/item/10221-el-colectivo-espacio-vacio-pone-en-marcha-una-campana-de-recogida-de-alimentos-medicinas-y-donaciones-para-esperanza-canina HTTP/1.1" 301 162 "-" "Mozilla/5.0 (compatible; BLEXBot/1.0; +http://webmeup-crawler.com/)"
37.27.51.145 - - [23/Feb/2025:05:50:35 +0100] "GET /carnavalisimo-2021/item/10221-el-colectivo-espacio-vacio-pone-en-marcha-una-campana-de-recogida-de-alimentos-medicinas-y-donaciones-para-esperanza-canina HTTP/1.1" 301 162 "-" "Mozilla/5.0 (compatible; BLEXBot/1.0; +http://webmeup-crawler.com/)"
47.128.125.184 - - [23/Feb/2025:05:52:05 +0100] "GET /robots.txt HTTP/1.1" 301 162 "-" "Mozilla/5.0 (Linux; Android 5.0) AppleWebKit/537.36 (KHTML, like Gecko) Mobile Safari/537.36 (compatible; Bytespider; spider-feedback@bytedance.com)"
37.27.51.145 - - [23/Feb/2025:05:52:56 +0100] "GET /carnavalisimo-2021/item/10222-en-chipiona-sigue-creciendo-la-diferencia-a-favor-de-los-fallecimientos-frente-a-los-nacimientos HTTP/1.1" 301 162 "-" "Mozilla/5.0 (compatible; BLEXBot/1.0; +http://webmeup-crawler.com/)"
37.27.51.145 - - [23/Feb/2025:05:54:06 +0100] "GET /carnavalisimo-2021/item/10222-en-chipiona-sigue-creciendo-la-diferencia-a-favor-de-los-fallecimientos-frente-a-los-nacimientos HTTP/1.1" 301 162 "-" "Mozilla/5.0 (compatible; BLEXBot/1.0; +http://webmeup-crawler.com/)"
149.88.104.9 - - [23/Feb/2025:05:54:27 +0100] "GET / HTTP/1.0" 301 162 "http://chipionatv.com/" "Mozilla/5.0 (Windows NT 10.0; Win64; x64) AppleWebKit/537.36 (KHTML, like Gecko) Chrome/130.0.0.0 Safari/537.36"
37.27.51.145 - - [23/Feb/2025:05:56:27 +0100] "GET /carnavalisimo-2021/item/10223-nueva-subida-de-la-incidencia-covid-en-chipiona-hasta-1-008-en-una-jornada-con-25-contagios HTTP/1.1" 301 162 "-" "Mozilla/5.0 (compatible; BLEXBot/1.0; +http://webmeup-crawler.com/)"
37.27.51.145 - - [23/Feb/2025:05:57:38 +0100] "GET /carnavalisimo-2021/item/10223-nueva-subida-de-la-incidencia-covid-en-chipiona-hasta-1-008-en-una-jornada-con-25-contagios HTTP/1.1" 301 162 "-" "Mozilla/5.0 (compatible; BLEXBot/1.0; +http://webmeup-crawler.com/)"
37.27.51.145 - - [23/Feb/2025:06:00:00 +0100] "GET /carnavalisimo-2021/item/10224-chipiona-presentara-en-fitur-2022-el-proyecto-ciudad-del-deporte HTTP/1.1" 301 162 "-" "Mozilla/5.0 (compatible; BLEXBot/1.0; +http://webmeup-crawler.com/)"
91.137.27.140 - - [23/Feb/2025:06:00:12 +0100] "GET /robots.txt HTTP/1.1" 301 162 "-" "Mozilla/5.0 (compatible; MJ12bot/v1.4.8; http://mj12bot.com/)"
91.137.27.140 - - [23/Feb/2025:06:00:15 +0100] "GET /carnavalisimo-2019/item/6226-manuel-rodriguez-gomez-dele-candidato-de-ciudadanos-a-la-alcaldia-de-chipiona HTTP/1.1" 301 162 "-" "Mozilla/5.0 (compatible; MJ12bot/v1.4.8; http://mj12bot.com/)"
37.27.51.145 - - [23/Feb/2025:06:01:11 +0100] "GET /carnavalisimo-2021/item/10224-chipiona-presentara-en-fitur-2022-el-proyecto-ciudad-del-deporte HTTP/1.1" 301 162 "-" "Mozilla/5.0 (compatible; BLEXBot/1.0; +http://webmeup-crawler.com/)"
46.8.10.15 - - [23/Feb/2025:06:01:43 +0100] "GET / HTTP/1.0" 301 162 "http://chipionatv.com/" "Mozilla/5.0 (Windows NT 10.0; Win64; x64) AppleWebKit/537.36 (KHTML, like Gecko) Chrome/131.0.0.0 Safari/537.36 Avast/131.0.0.0"
37.27.51.145 - - [23/Feb/2025:06:03:31 +0100] "GET /carnavalisimo-2021/item/10225-el-ayuntamiento-presenta-a-los-agricultores-el-estudio-de-soluciones-para-la-zona-inundable-de-chipiona-realizado-por-jose-garcia-serrano HTTP/1.1" 301 162 "-" "Mozilla/5.0 (compatible; BLEXBot/1.0; +http://webmeup-crawler.com/)"
37.27.51.145 - - [23/Feb/2025:06:04:42 +0100] "GET /carnavalisimo-2021/item/10225-el-ayuntamiento-presenta-a-los-agricultores-el-estudio-de-soluciones-para-la-zona-inundable-de-chipiona-realizado-por-jose-garcia-serrano HTTP/1.1" 301 162 "-" "Mozilla/5.0 (compatible; BLEXBot/1.0; +http://webmeup-crawler.com/)"
173.252.107.12 - - [23/Feb/2025:06:05:14 +0100] "GET /component/k2/item/10313-ciudadanos-de-chipiona-denuncia-falta-de-informacion-por-parte-de-comercio-sobre-nuevas-subvenciones-de-la-junta HTTP/1.1" 301 162 "-" "facebookexternalhit/1.1 (+http://www.facebook.com/externalhit_uatext.php)"
37.27.51.145 - - [23/Feb/2025:06:07:04 +0100] "GET /carnavalisimo-2021/item/10226-isabel-maria-fernandez-continua-las-reuniones-para-establecer-la-fecha-definitiva-de-celebracion-del-carnaval-de-chipiona-de-2022 HTTP/1.1" 301 162 "-" "Mozilla/5.0 (compatible; BLEXBot/1.0; +http://webmeup-crawler.com/)"
37.27.51.145 - - [23/Feb/2025:06:08:14 +0100] "GET /carnavalisimo-2021/item/10226-isabel-maria-fernandez-continua-las-reuniones-para-establecer-la-fecha-definitiva-de-celebracion-del-carnaval-de-chipiona-de-2022 HTTP/1.1" 301 162 "-" "Mozilla/5.0 (compatible; BLEXBot/1.0; +http://webmeup-crawler.com/)"
37.27.51.145 - - [23/Feb/2025:06:10:41 +0100] "GET /carnavalisimo-2021/item/10227-ampliado-el-plazo-para-solicitar-la-autorizacion-de-eventos-del-carnaval-de-chipiona-2022-y-su-inclusion-en-el-libreto HTTP/1.1" 301 162 "-" "Mozilla/5.0 (compatible; BLEXBot/1.0; +http://webmeup-crawler.com/)"
37.27.51.145 - - [23/Feb/2025:06:11:52 +0100] "GET /carnavalisimo-2021/item/10227-ampliado-el-plazo-para-solicitar-la-autorizacion-de-eventos-del-carnaval-de-chipiona-2022-y-su-inclusion-en-el-libreto HTTP/1.1" 301 162 "-" "Mozilla/5.0 (compatible; BLEXBot/1.0; +http://webmeup-crawler.com/)"
37.27.51.145 - - [23/Feb/2025:06:14:15 +0100] "GET /carnavalisimo-2021/item/10228-maria-naval-visita-el-mercado-de-abastos-de-chipiona-para-dar-a-conocer-en-que-momento-se-encuentran-los-trabajos-de-rehabilitacion HTTP/1.1" 301 162 "-" "Mozilla/5.0 (compatible; BLEXBot/1.0; +http://webmeup-crawler.com/)"
37.27.51.145 - - [23/Feb/2025:06:15:27 +0100] "GET /carnavalisimo-2021/item/10228-maria-naval-visita-el-mercado-de-abastos-de-chipiona-para-dar-a-conocer-en-que-momento-se-encuentran-los-trabajos-de-rehabilitacion HTTP/1.1" 301 162 "-" "Mozilla/5.0 (compatible; BLEXBot/1.0; +http://webmeup-crawler.com/)"
37.27.51.145 - - [23/Feb/2025:06:17:49 +0100] "GET /carnavalisimo-2021/item/10229-baja-la-incidencia-covid-en-chipiona-hasta-982-en-una-jornada-con-14-nuevos-contagios HTTP/1.1" 301 162 "-" "Mozilla/5.0 (compatible; BLEXBot/1.0; +http://webmeup-crawler.com/)"
37.27.51.145 - - [23/Feb/2025:06:19:01 +0100] "GET /carnavalisimo-2021/item/10229-baja-la-incidencia-covid-en-chipiona-hasta-982-en-una-jornada-con-14-nuevos-contagios HTTP/1.1" 301 162 "-" "Mozilla/5.0 (compatible; BLEXBot/1.0; +http://webmeup-crawler.com/)"
192.133.77.17 - - [23/Feb/2025:06:19:10 +0100] "GET /robots.txt HTTP/1.1" 301 162 "-" "Twitterbot/1.0"
192.133.77.17 - - [23/Feb/2025:06:19:10 +0100] "GET /item/7981-fray-juan-jose-rodriguez-si-existiera-la-mas-minima-posibilidad-hubieramos-sacado-a-la-virgen HTTP/1.1" 301 162 "-" "Twitterbot/1.0"
37.27.51.145 - - [23/Feb/2025:06:21:26 +0100] "GET /carnavalisimo-2021/item/10230-llamamiento-a-una-donacion-colectiva-de-sangre-en-chipiona-el-lunes-17-de-enero-debido-a-las-bajas-reservas HTTP/1.1" 301 162 "-" "Mozilla/5.0 (compatible; BLEXBot/1.0; +http://webmeup-crawler.com/)"
37.27.51.145 - - [23/Feb/2025:06:22:38 +0100] "GET /carnavalisimo-2021/item/10230-llamamiento-a-una-donacion-colectiva-de-sangre-en-chipiona-el-lunes-17-de-enero-debido-a-las-bajas-reservas HTTP/1.1" 301 162 "-" "Mozilla/5.0 (compatible; BLEXBot/1.0; +http://webmeup-crawler.com/)"
37.27.51.145 - - [23/Feb/2025:06:25:01 +0100] "GET /carnavalisimo-2021/item/10231-hoy-abre-sus-puertas-la-nueva-exposicion-de-jose-maria-garcia-payan-agradecido-x-tanto-en-la-pena-el-chusco-casa-manolo HTTP/1.1" 301 162 "-" "Mozilla/5.0 (compatible; BLEXBot/1.0; +http://webmeup-crawler.com/)"
66.249.66.11 - - [23/Feb/2025:06:25:43 +0100] "GET /noticias/item/3291-la-asociacion-accion-solidaria-pone-en-marcha-la-segunda-campana-de-donacion-de-calzado-escolar-para-familias-con-necesidades HTTP/1.1" 301 162 "-" "Mozilla/5.0 (Linux; Android 6.0.1; Nexus 5X Build/MMB29P) AppleWebKit/537.36 (KHTML, like Gecko) Chrome/133.0.6943.53 Mobile Safari/537.36 (compatible; Googlebot/2.1; +http://www.google.com/bot.html)"
37.27.51.145 - - [23/Feb/2025:06:26:17 +0100] "GET /carnavalisimo-2021/item/10231-hoy-abre-sus-puertas-la-nueva-exposicion-de-jose-maria-garcia-payan-agradecido-x-tanto-en-la-pena-el-chusco-casa-manolo HTTP/1.1" 301 162 "-" "Mozilla/5.0 (compatible; BLEXBot/1.0; +http://webmeup-crawler.com/)"
37.27.51.145 - - [23/Feb/2025:06:28:41 +0100] "GET /carnavalisimo-2021/item/10232-isabel-maria-fernandez-confirma-el-cambio-de-fecha-del-carnaval-de-chipiona-de-2022-que-se-celebrara-del-25-de-febrero-al-13-de-marzo HTTP/1.1" 301 162 "-" "Mozilla/5.0 (compatible; BLEXBot/1.0; +http://webmeup-crawler.com/)"
37.27.51.145 - - [23/Feb/2025:06:29:52 +0100] "GET /carnavalisimo-2021/item/10232-isabel-maria-fernandez-confirma-el-cambio-de-fecha-del-carnaval-de-chipiona-de-2022-que-se-celebrara-del-25-de-febrero-al-13-de-marzo HTTP/1.1" 301 162 "-" "Mozilla/5.0 (compatible; BLEXBot/1.0; +http://webmeup-crawler.com/)"
37.27.51.145 - - [23/Feb/2025:06:32:16 +0100] "GET /carnavalisimo-2021/item/10233-nueva-bajada-de-la-incidencia-covid-en-chipiona-hasta-940-5-y-se-suman-11-nuevos-contagios HTTP/1.1" 301 162 "-" "Mozilla/5.0 (compatible; BLEXBot/1.0; +http://webmeup-crawler.com/)"
37.27.51.145 - - [23/Feb/2025:06:33:29 +0100] "GET /carnavalisimo-2021/item/10233-nueva-bajada-de-la-incidencia-covid-en-chipiona-hasta-940-5-y-se-suman-11-nuevos-contagios HTTP/1.1" 301 162 "-" "Mozilla/5.0 (compatible; BLEXBot/1.0; +http://webmeup-crawler.com/)"
37.27.51.145 - - [23/Feb/2025:06:35:54 +0100] "GET /carnavalisimo-2021/item/10234-el-5-de-febrero-se-celebran-las-pruebas-de-menores-de-la-carrera-popular-san-silvestre-que-tuvieron-que-aplazarse HTTP/1.1" 301 162 "-" "Mozilla/5.0 (compatible; BLEXBot/1.0; +http://webmeup-crawler.com/)"
37.27.51.145 - - [23/Feb/2025:06:37:10 +0100] "GET /carnavalisimo-2021/item/10234-el-5-de-febrero-se-celebran-las-pruebas-de-menores-de-la-carrera-popular-san-silvestre-que-tuvieron-que-aplazarse HTTP/1.1" 301 162 "-" "Mozilla/5.0 (compatible; BLEXBot/1.0; +http://webmeup-crawler.com/)"
37.27.51.145 - - [23/Feb/2025:06:39:34 +0100] "GET /carnavalisimo-2021/item/10235-el-coordinador-medico-de-donaciones-de-la-provincia-pide-la-colaboracion-ciudadana-para-la-donacion-colectiva-de-sangre-de-hoy-en-chipiona HTTP/1.1" 301 162 "-" "Mozilla/5.0 (compatible; BLEXBot/1.0; +http://webmeup-crawler.com/)"
18.199.96.233 - - [23/Feb/2025:06:40:40 +0100] "GET /robots.txt HTTP/1.1" 301 162 "-" "zoombot (linkbot 1.0 http://suite.seozoom.it/bot.html)"
37.27.51.145 - - [23/Feb/2025:06:40:47 +0100] "GET /carnavalisimo-2021/item/10235-el-coordinador-medico-de-donaciones-de-la-provincia-pide-la-colaboracion-ciudadana-para-la-donacion-colectiva-de-sangre-de-hoy-en-chipiona HTTP/1.1" 301 162 "-" "Mozilla/5.0 (compatible; BLEXBot/1.0; +http://webmeup-crawler.com/)"
213.186.1.154 - - [23/Feb/2025:06:42:56 +0100] "GET /index.php/tablon-de-anuncios HTTP/1.1" 301 162 "-" "Mediatoolkitbot (complaints@mediatoolkit.com)"
37.27.51.145 - - [23/Feb/2025:06:43:13 +0100] "GET /carnavalisimo-2021/item/10236-fiestas-amplia-hasta-el-31-de-enero-el-plazo-para-solicitar-autorizacion-para-celebrar-eventos-carnavalescos-y-su-inclusion-en-el-libreto HTTP/1.1" 301 162 "-" "Mozilla/5.0 (compatible; BLEXBot/1.0; +http://webmeup-crawler.com/)"
213.186.1.154 - - [23/Feb/2025:06:44:20 +0100] "GET / HTTP/1.1" 301 162 "-" "Mediatoolkitbot (complaints@mediatoolkit.com)"
37.27.51.145 - - [23/Feb/2025:06:44:26 +0100] "GET /carnavalisimo-2021/item/10236-fiestas-amplia-hasta-el-31-de-enero-el-plazo-para-solicitar-autorizacion-para-celebrar-eventos-carnavalescos-y-su-inclusion-en-el-libreto HTTP/1.1" 301 162 "-" "Mozilla/5.0 (compatible; BLEXBot/1.0; +http://webmeup-crawler.com/)"
37.27.51.145 - - [23/Feb/2025:06:46:52 +0100] "GET /carnavalisimo-2021/item/10237-ema-rtv-realizara-un-seguimiento-espacial-de-fitur-2022-para-todas-las-emisoras-de-la-red-comunitaria-a-la-que-pertenece-radio-chipiona HTTP/1.1" 301 162 "-" "Mozilla/5.0 (compatible; BLEXBot/1.0; +http://webmeup-crawler.com/)"
37.27.51.145 - - [23/Feb/2025:06:48:05 +0100] "GET /carnavalisimo-2021/item/10237-ema-rtv-realizara-un-seguimiento-espacial-de-fitur-2022-para-todas-las-emisoras-de-la-red-comunitaria-a-la-que-pertenece-radio-chipiona HTTP/1.1" 301 162 "-" "Mozilla/5.0 (compatible; BLEXBot/1.0; +http://webmeup-crawler.com/)"
37.27.51.145 - - [23/Feb/2025:06:50:31 +0100] "GET /carnavalisimo-2021/item/10238-sube-la-incidencia-covid-en-chipiona-tras-el-fin-de-semana-hasta-1013-2-y-se-suman-41-nuevos-contagios HTTP/1.1" 301 162 "-" "Mozilla/5.0 (compatible; BLEXBot/1.0; +http://webmeup-crawler.com/)"
66.249.66.13 - - [23/Feb/2025:06:51:22 +0100] "GET /sones-de-primavera/item/11298-maria-naval-presenta-los-nuevos-pasamanos-de-la-playa-de-la-cruz-del-mar-el-muelle HTTP/1.1" 301 162 "-" "Mozilla/5.0 (Linux; Android 6.0.1; Nexus 5X Build/MMB29P) AppleWebKit/537.36 (KHTML, like Gecko) Chrome/133.0.6943.53 Mobile Safari/537.36 (compatible; Googlebot/2.1; +http://www.google.com/bot.html)"
37.27.51.145 - - [23/Feb/2025:06:51:44 +0100] "GET /carnavalisimo-2021/item/10238-sube-la-incidencia-covid-en-chipiona-tras-el-fin-de-semana-hasta-1013-2-y-se-suman-41-nuevos-contagios HTTP/1.1" 301 162 "-" "Mozilla/5.0 (compatible; BLEXBot/1.0; +http://webmeup-crawler.com/)"
45.66.209.195 - - [23/Feb/2025:06:51:47 +0100] "GET / HTTP/1.1" 301 162 "-" "Mozilla/5.0 (Windows NT 10.0; Win64; x64) AppleWebKit/537.36 (KHTML, like Gecko) Chrome/109.0.0.0 Safari/537.36"
66.249.66.13 - - [23/Feb/2025:06:54:03 +0100] "GET /sones-de-primavera/item/11209-la-hermandad-del-cristo-de-las-misericordias-nombra-a-pedro-martin-e-isidoro-gutierrez-nuevos-capataces-de-la-virgen-de-la-soledad HTTP/1.1" 301 162 "-" "Mozilla/5.0 (Linux; Android 6.0.1; Nexus 5X Build/MMB29P) AppleWebKit/537.36 (KHTML, like Gecko) Chrome/133.0.6943.53 Mobile Safari/537.36 (compatible; Googlebot/2.1; +http://www.google.com/bot.html)"
37.27.51.145 - - [23/Feb/2025:06:54:10 +0100] "GET /carnavalisimo-2021/item/10239-maria-naval-ultima-los-detalles-para-la-instalacion-del-entolado-de-victor-pradera-con-la-empresa-adjudicataria HTTP/1.1" 301 162 "-" "Mozilla/5.0 (compatible; BLEXBot/1.0; +http://webmeup-crawler.com/)"
37.27.51.145 - - [23/Feb/2025:06:55:23 +0100] "GET /carnavalisimo-2021/item/10239-maria-naval-ultima-los-detalles-para-la-instalacion-del-entolado-de-victor-pradera-con-la-empresa-adjudicataria HTTP/1.1" 301 162 "-" "Mozilla/5.0 (compatible; BLEXBot/1.0; +http://webmeup-crawler.com/)"
66.249.66.13 - - [23/Feb/2025:06:57:35 +0100] "GET /sones-de-primavera/item/11113-este-miercoles-en-radio-chipiona-serrat-canta-a-miguel-hernandez-por-el-80-aniversario-de-la-muerte-del-poeta HTTP/1.1" 301 162 "-" "Mozilla/5.0 (Linux; Android 6.0.1; Nexus 5X Build/MMB29P) AppleWebKit/537.36 (KHTML, like Gecko) Chrome/133.0.6943.53 Mobile Safari/537.36 (compatible; Googlebot/2.1; +http://www.google.com/bot.html)"
37.27.51.145 - - [23/Feb/2025:06:57:50 +0100] "GET /carnavalisimo-2021/item/10240-chipiona-estara-presente-desde-manana-en-fitur-2022-donde-mostrara-el-proyecto-ciudad-del-deporte HTTP/1.1" 301 162 "-" "Mozilla/5.0 (compatible; BLEXBot/1.0; +http://webmeup-crawler.com/)"
37.27.51.145 - - [23/Feb/2025:06:59:03 +0100] "GET /carnavalisimo-2021/item/10240-chipiona-estara-presente-desde-manana-en-fitur-2022-donde-mostrara-el-proyecto-ciudad-del-deporte HTTP/1.1" 301 162 "-" "Mozilla/5.0 (compatible; BLEXBot/1.0; +http://webmeup-crawler.com/)"
66.249.92.200 - - [23/Feb/2025:07:01:19 +0100] "GET / HTTP/1.1" 301 162 "-" "FeedFetcher-Google; (+http://www.google.com/feedfetcher.html)"
37.27.51.145 - - [23/Feb/2025:07:01:30 +0100] "GET /carnavalisimo-2021/item/10241-abiertas-las-inscripciones-para-las-pruebas-de-menores-de-la-carrera-popular-san-silvestre-que-se-celebran-el-proximo-5-de-febrero HTTP/1.1" 301 162 "-" "Mozilla/5.0 (compatible; BLEXBot/1.0; +http://webmeup-crawler.com/)"
37.27.51.145 - - [23/Feb/2025:07:02:43 +0100] "GET /carnavalisimo-2021/item/10241-abiertas-las-inscripciones-para-las-pruebas-de-menores-de-la-carrera-popular-san-silvestre-que-se-celebran-el-proximo-5-de-febrero HTTP/1.1" 301 162 "-" "Mozilla/5.0 (compatible; BLEXBot/1.0; +http://webmeup-crawler.com/)"
37.27.51.145 - - [23/Feb/2025:07:05:10 +0100] "GET /carnavalisimo-2021/item/10242-chipiona-alcanza-hoy-la-incidencia-covid-mas-alta-desde-el-inicio-de-la-pandemia-con-1-127-5-casos-por-cada-100-000-habitantes HTTP/1.1" 301 162 "-" "Mozilla/5.0 (compatible; BLEXBot/1.0; +http://webmeup-crawler.com/)"
37.27.51.145 - - [23/Feb/2025:07:06:25 +0100] "GET /carnavalisimo-2021/item/10242-chipiona-alcanza-hoy-la-incidencia-covid-mas-alta-desde-el-inicio-de-la-pandemia-con-1-127-5-casos-por-cada-100-000-habitantes HTTP/1.1" 301 162 "-" "Mozilla/5.0 (compatible; BLEXBot/1.0; +http://webmeup-crawler.com/)"
31.13.127.116 - - [23/Feb/2025:07:08:10 +0100] "GET /item/6275-la-presentacion-del-libro-anonimos-infinitos-de-marina-bernal-hizo-que-se-viviera-en-chipiona-una-noche-de-emociones-y-sorpresas HTTP/1.1" 301 162 "-" "facebookexternalhit/1.1 (+http://www.facebook.com/externalhit_uatext.php)"
31.13.127.27 - - [23/Feb/2025:07:08:10 +0100] "GET /item/6275-la-presentacion-del-libro-anonimos-infinitos-de-marina-bernal-hizo-que-se-viviera-en-chipiona-una-noche-de-emociones-y-sorpresas HTTP/1.1" 301 162 "-" "facebookexternalhit/1.1 (+http://www.facebook.com/externalhit_uatext.php)"
37.27.51.145 - - [23/Feb/2025:07:08:53 +0100] "GET /carnavalisimo-2021/item/10243-el-ayuntamiento-de-chipiona-habilita-de-nuevo-el-servicio-de-registro-para-la-obtencion-del-certificado-digital HTTP/1.1" 301 162 "-" "Mozilla/5.0 (compatible; BLEXBot/1.0; +http://webmeup-crawler.com/)"
37.27.51.145 - - [23/Feb/2025:07:10:13 +0100] "GET /carnavalisimo-2021/item/10243-el-ayuntamiento-de-chipiona-habilita-de-nuevo-el-servicio-de-registro-para-la-obtencion-del-certificado-digital HTTP/1.1" 301 162 "-" "Mozilla/5.0 (compatible; BLEXBot/1.0; +http://webmeup-crawler.com/)"
37.27.51.145 - - [23/Feb/2025:07:12:40 +0100] "GET /carnavalisimo-2021/item/10244-el-alcalde-de-chipiona-y-los-concejales-de-turismo-y-deportes-asisten-a-fitur-para-mostrar-las-excelencias-turisticas-de-la-localidad HTTP/1.1" 301 162 "-" "Mozilla/5.0 (compatible; BLEXBot/1.0; +http://webmeup-crawler.com/)"
66.249.66.11 - - [23/Feb/2025:07:13:28 +0100] "GET /sones-de-primavera/item/11259-todo-dispuesto-para-que-hoy-arranque-la-programacion-la-exaltacion-al-vino-moscatel-de-chipiona HTTP/1.1" 301 162 "-" "Mozilla/5.0 (Linux; Android 6.0.1; Nexus 5X Build/MMB29P) AppleWebKit/537.36 (KHTML, like Gecko) Chrome/133.0.6943.53 Mobile Safari/537.36 (compatible; Googlebot/2.1; +http://www.google.com/bot.html)"
37.27.51.145 - - [23/Feb/2025:07:13:55 +0100] "GET /carnavalisimo-2021/item/10244-el-alcalde-de-chipiona-y-los-concejales-de-turismo-y-deportes-asisten-a-fitur-para-mostrar-las-excelencias-turisticas-de-la-localidad HTTP/1.1" 301 162 "-" "Mozilla/5.0 (compatible; BLEXBot/1.0; +http://webmeup-crawler.com/)"
37.27.51.145 - - [23/Feb/2025:07:16:23 +0100] "GET /carnavalisimo-2021/item/10245-baja-la-incidencia-covid-hasta-los-1-070-4-casos-por-cada-100-000-habitantes-y-se-notifican-15-nuevos-contagios HTTP/1.1" 301 162 "-" "Mozilla/5.0 (compatible; BLEXBot/1.0; +http://webmeup-crawler.com/)"
162.62.231.139 - - [23/Feb/2025:07:16:54 +0100] "GET / HTTP/1.1" 301 162 "-" "Mozilla/5.0 (iPhone; CPU iPhone OS 13_2_3 like Mac OS X) AppleWebKit/605.1.15 (KHTML, like Gecko) Version/13.0.3 Mobile/15E148 Safari/604.1"
69.171.249.6 - - [23/Feb/2025:07:17:03 +0100] "GET /media/system/images/printButton.png HTTP/1.1" 301 162 "-" "facebookexternalhit/1.1 (+http://www.facebook.com/externalhit_uatext.php)"
37.27.51.145 - - [23/Feb/2025:07:17:37 +0100] "GET /carnavalisimo-2021/item/10245-baja-la-incidencia-covid-hasta-los-1-070-4-casos-por-cada-100-000-habitantes-y-se-notifican-15-nuevos-contagios HTTP/1.1" 301 162 "-" "Mozilla/5.0 (compatible; BLEXBot/1.0; +http://webmeup-crawler.com/)"
37.27.51.145 - - [23/Feb/2025:07:20:05 +0100] "GET /carnavalisimo-2021/item/10246-la-delegacion-de-deportes-procede-al-hormigonado-de-la-zona-de-paso-entre-las-pistas-de-padel-y-el-campo-de-futbol HTTP/1.1" 301 162 "-" "Mozilla/5.0 (compatible; BLEXBot/1.0; +http://webmeup-crawler.com/)"
37.27.51.145 - - [23/Feb/2025:07:21:20 +0100] "GET /carnavalisimo-2021/item/10246-la-delegacion-de-deportes-procede-al-hormigonado-de-la-zona-de-paso-entre-las-pistas-de-padel-y-el-campo-de-futbol HTTP/1.1" 301 162 "-" "Mozilla/5.0 (compatible; BLEXBot/1.0; +http://webmeup-crawler.com/)"
85.208.98.23 - - [23/Feb/2025:07:22:06 +0100] "GET /robots.txt HTTP/1.1" 301 162 "-" "Mozilla/5.0 (compatible; SemrushBot-BA; +http://www.semrush.com/bot.html)"
37.27.51.145 - - [23/Feb/2025:07:23:50 +0100] "GET /carnavalisimo-2021/item/10247-el-ayuntamiento-de-chipiona-realizara-una-recogida-de-envases-de-uso-agricola-profesional-el-lunes-24-de-enero HTTP/1.1" 301 162 "-" "Mozilla/5.0 (compatible; BLEXBot/1.0; +http://webmeup-crawler.com/)"
37.27.51.145 - - [23/Feb/2025:07:25:04 +0100] "GET /carnavalisimo-2021/item/10247-el-ayuntamiento-de-chipiona-realizara-una-recogida-de-envases-de-uso-agricola-profesional-el-lunes-24-de-enero HTTP/1.1" 301 162 "-" "Mozilla/5.0 (compatible; BLEXBot/1.0; +http://webmeup-crawler.com/)"
37.27.51.145 - - [23/Feb/2025:07:27:34 +0100] "GET /carnavalisimo-2021/item/10248-el-alcalde-y-los-delegados-de-agricultura-y-turismo-acompanaran-a-los-agricultores-a-la-manifestacion-del-mundo-rural-que-se-celebra-el-domingo-en-madrid HTTP/1.1" 301 162 "-" "Mozilla/5.0 (compatible; BLEXBot/1.0; +http://webmeup-crawler.com/)"
37.27.51.145 - - [23/Feb/2025:07:28:49 +0100] "GET /carnavalisimo-2021/item/10248-el-alcalde-y-los-delegados-de-agricultura-y-turismo-acompanaran-a-los-agricultores-a-la-manifestacion-del-mundo-rural-que-se-celebra-el-domingo-en-madrid HTTP/1.1" 301 162 "-" "Mozilla/5.0 (compatible; BLEXBot/1.0; +http://webmeup-crawler.com/)"
