66.249.66.200 - - [23/Feb/2025:13:49:13 +0100] "GET /item/13657-la-pena-la-cruz-del-mar-celebra-el-dia-internacional-de-las-mujeres-con-una-jornada-de-convivencia-y-actuaciones HTTP/1.1" 301 162 "-" "Mozilla/5.0 (Linux; Android 6.0.1; Nexus 5X Build/MMB29P) AppleWebKit/537.36 (KHTML, like Gecko) Chrome/133.0.6943.53 Mobile Safari/537.36 (compatible; Googlebot/2.1; +http://www.google.com/bot.html)"
37.27.51.145 - - [23/Feb/2025:13:49:26 +0100] "GET /carnavalisimo-2021/item/10377-la-cooperativa-catolico-agricola-contara-con-el-apoyo-municipal-en-la-promocion-y-difusion-de-la-conmemoracion-de-su-centenario HTTP/1.1" 301 162 "-" "Mozilla/5.0 (compatible; BLEXBot/1.0; +http://webmeup-crawler.com/)"
37.27.51.145 - - [23/Feb/2025:13:50:50 +0100] "GET /carnavalisimo-2021/item/10378-chipiona-suma-30-contagios-por-covid-en-el-fin-de-semana-y-el-descenso-de-la-incidencia-sigue-muy-lento HTTP/1.1" 301 162 "-" "Mozilla/5.0 (compatible; BLEXBot/1.0; +http://webmeup-crawler.com/)"
66.249.66.11 - - [23/Feb/2025:13:51:37 +0100] "GET /item/14132-el-artista-chipionero-patrick-lanza-su-segundo-single-bajo-el-titulo-de-action-man HTTP/1.1" 301 162 "-" "Mozilla/5.0 (Linux; Android 6.0.1; Nexus 5X Build/MMB29P) AppleWebKit/537.36 (KHTML, like Gecko) Chrome/133.0.6943.53 Mobile Safari/537.36 (compatible; Googlebot/2.1; +http://www.google.com/bot.html)"
37.27.51.145 - - [23/Feb/2025:13:52:14 +0100] "GET /carnavalisimo-2021/item/10378-chipiona-suma-30-contagios-por-covid-en-el-fin-de-semana-y-el-descenso-de-la-incidencia-sigue-muy-lento HTTP/1.1" 301 162 "-" "Mozilla/5.0 (compatible; BLEXBot/1.0; +http://webmeup-crawler.com/)"
4.234.9.215 - - [23/Feb/2025:13:53:05 +0100] "GET //.env HTTP/1.1" 301 162 "-" "Mozilla/5.0 (X11; Linux x86_64) AppleWebKit/537.36 (KHTML, like Gecko) Chrome/81.0.4044.129 Safari/537.36"
4.234.9.215 - - [23/Feb/2025:13:53:17 +0100] "POST / HTTP/1.1" 301 162 "-" "Mozilla/5.0 (X11; Linux x86_64) AppleWebKit/537.36 (KHTML, like Gecko) Chrome/81.0.4044.129 Safari/537.36"
37.27.51.145 - - [23/Feb/2025:13:53:39 +0100] "GET /carnavalisimo-2021/item/10379-lola-lopez-dominguez-ser-piconera-mayor-y-representar-al-carnaval-d-mi-tierra-es-cumplir-un-sueno HTTP/1.1" 301 162 "-" "Mozilla/5.0 (compatible; BLEXBot/1.0; +http://webmeup-crawler.com/)"
74.125.208.45 - - [23/Feb/2025:13:54:29 +0100] "GET /favicon.ico HTTP/1.1" 301 162 "-" "Mozilla/5.0 (Windows NT 5.1; rv:11.0) Gecko Firefox/11.0 (via ggpht.com GoogleImageProxy)"
37.27.51.145 - - [23/Feb/2025:13:55:03 +0100] "GET /carnavalisimo-2021/item/10379-lola-lopez-dominguez-ser-piconera-mayor-y-representar-al-carnaval-d-mi-tierra-es-cumplir-un-sueno HTTP/1.1" 301 162 "-" "Mozilla/5.0 (compatible; BLEXBot/1.0; +http://webmeup-crawler.com/)"
37.27.51.145 - - [23/Feb/2025:13:56:27 +0100] "GET /carnavalisimo-2021/item/10380-maria-naval-anuncia-una-segunda-adhesion-al-fondo-de-ordenacion-para-continuar-con-la-puesta-al-dia-con-el-pago-a-proveedores HTTP/1.1" 301 162 "-" "Mozilla/5.0 (compatible; BLEXBot/1.0; +http://webmeup-crawler.com/)"
37.27.51.145 - - [23/Feb/2025:13:57:52 +0100] "GET /carnavalisimo-2021/item/10380-maria-naval-anuncia-una-segunda-adhesion-al-fondo-de-ordenacion-para-continuar-con-la-puesta-al-dia-con-el-pago-a-proveedores HTTP/1.1" 301 162 "-" "Mozilla/5.0 (compatible; BLEXBot/1.0; +http://webmeup-crawler.com/)"
66.249.66.11 - - [23/Feb/2025:13:58:57 +0100] "GET /item/13829-santiago-escalante-lleva-su-universo-gaditano-a-la-calle-teatral-mas-importante-del-habla-en-espanol HTTP/1.1" 301 162 "-" "Mozilla/5.0 (Linux; Android 6.0.1; Nexus 5X Build/MMB29P) AppleWebKit/537.36 (KHTML, like Gecko) Chrome/133.0.6943.53 Mobile Safari/537.36 (compatible; Googlebot/2.1; +http://www.google.com/bot.html)"
37.27.51.145 - - [23/Feb/2025:13:59:17 +0100] "GET /carnavalisimo-2021/item/10381-la-oficina-de-turismo-de-chipiona-atendio-en-2021-a-2-512-personas-mas-que-en-2020 HTTP/1.1" 301 162 "-" "Mozilla/5.0 (compatible; BLEXBot/1.0; +http://webmeup-crawler.com/)"
37.27.51.145 - - [23/Feb/2025:14:00:41 +0100] "GET /carnavalisimo-2021/item/10381-la-oficina-de-turismo-de-chipiona-atendio-en-2021-a-2-512-personas-mas-que-en-2020 HTTP/1.1" 301 162 "-" "Mozilla/5.0 (compatible; BLEXBot/1.0; +http://webmeup-crawler.com/)"
66.249.66.11 - - [23/Feb/2025:14:01:58 +0100] "GET /item/13703-el-consejo-de-turismo-de-chipiona-se-renueva-hace-balance-2023-y-aborda-la-nueva-temporada HTTP/1.1" 301 162 "-" "Mozilla/5.0 (Linux; Android 6.0.1; Nexus 5X Build/MMB29P) AppleWebKit/537.36 (KHTML, like Gecko) Chrome/133.0.6943.53 Mobile Safari/537.36 (compatible; Googlebot/2.1; +http://www.google.com/bot.html)"
37.27.51.145 - - [23/Feb/2025:14:02:37 +0100] "GET /carnavalisimo-2021/item/10382-chipiona-anota-hoy-una-significativa-bajada-de-la-incidencia-covid-que-se-situa-en-469-8-casos HTTP/1.1" 301 162 "-" "Mozilla/5.0 (compatible; BLEXBot/1.0; +http://webmeup-crawler.com/)"
37.27.51.145 - - [23/Feb/2025:14:04:02 +0100] "GET /carnavalisimo-2021/item/10382-chipiona-anota-hoy-una-significativa-bajada-de-la-incidencia-covid-que-se-situa-en-469-8-casos HTTP/1.1" 301 162 "-" "Mozilla/5.0 (compatible; BLEXBot/1.0; +http://webmeup-crawler.com/)"
66.249.66.201 - - [23/Feb/2025:14:04:13 +0100] "GET /item/13971-mas-de-200-peregrinos-de-chipiona-comienzan-manana-su-camino-hacia-el-rocio HTTP/1.1" 301 162 "-" "Mozilla/5.0 (Linux; Android 6.0.1; Nexus 5X Build/MMB29P) AppleWebKit/537.36 (KHTML, like Gecko) Chrome/133.0.6943.53 Mobile Safari/537.36 (compatible; Googlebot/2.1; +http://www.google.com/bot.html)"
37.27.51.145 - - [23/Feb/2025:14:05:26 +0100] "GET /carnavalisimo-2021/item/10383-diputacion-de-cadiz-convoca-el-primer-premio-provincial-al-mejor-huerto-educativo HTTP/1.1" 301 162 "-" "Mozilla/5.0 (compatible; BLEXBot/1.0; +http://webmeup-crawler.com/)"
66.249.66.200 - - [23/Feb/2025:14:05:59 +0100] "GET /item/14251-ya-estan-abiertas-las-inscripciones-para-los-torneos-de-la-semana-del-deporte-de-chipiona HTTP/1.1" 301 162 "-" "Mozilla/5.0 (Linux; Android 6.0.1; Nexus 5X Build/MMB29P) AppleWebKit/537.36 (KHTML, like Gecko) Chrome/133.0.6943.53 Mobile Safari/537.36 (compatible; Googlebot/2.1; +http://www.google.com/bot.html)"
38.154.40.233 - - [23/Feb/2025:14:06:45 +0100] "GET / HTTP/1.1" 301 162 "-" "Mozilla/5.0 (Macintosh; Intel Mac OS X 10.15; rv:78.0) Gecko/20100101 Firefox/78.0"
37.27.51.145 - - [23/Feb/2025:14:06:52 +0100] "GET /carnavalisimo-2021/item/10383-diputacion-de-cadiz-convoca-el-primer-premio-provincial-al-mejor-huerto-educativo HTTP/1.1" 301 162 "-" "Mozilla/5.0 (compatible; BLEXBot/1.0; +http://webmeup-crawler.com/)"
37.27.51.145 - - [23/Feb/2025:14:08:17 +0100] "GET /carnavalisimo-2021/item/10384-chipiona-contara-con-un-punto-violeta-para-prevenir-la-violencia-de-genero-durante-el-carnaval HTTP/1.1" 301 162 "-" "Mozilla/5.0 (compatible; BLEXBot/1.0; +http://webmeup-crawler.com/)"
66.249.66.12 - - [23/Feb/2025:14:09:27 +0100] "GET /item/14624-deportes-anuncia-que-1-de-octubre-comienza-el-programa-de-natacion-escolar-de-chipiona-por-el-que-pasaran-1-800-estudiantes HTTP/1.1" 301 162 "-" "Mozilla/5.0 (Linux; Android 6.0.1; Nexus 5X Build/MMB29P) AppleWebKit/537.36 (KHTML, like Gecko) Chrome/133.0.6943.53 Mobile Safari/537.36 (compatible; Googlebot/2.1; +http://www.google.com/bot.html)"
37.27.51.145 - - [23/Feb/2025:14:09:42 +0100] "GET /carnavalisimo-2021/item/10384-chipiona-contara-con-un-punto-violeta-para-prevenir-la-violencia-de-genero-durante-el-carnaval HTTP/1.1" 301 162 "-" "Mozilla/5.0 (compatible; BLEXBot/1.0; +http://webmeup-crawler.com/)"
37.27.51.145 - - [23/Feb/2025:14:11:07 +0100] "GET /carnavalisimo-2021/item/10385-maria-naval-ofrece-asesoramiento-municipal-para-optar-a-los-establecimientos-en-el-muelle-gourmet-de-puerto-chipiona HTTP/1.1" 301 162 "-" "Mozilla/5.0 (compatible; BLEXBot/1.0; +http://webmeup-crawler.com/)"
66.249.66.11 - - [23/Feb/2025:14:11:53 +0100] "GET /item/14126-la-pena-flamenca-jose-merce-ofrece-esta-sabado-un-recital-de-cante-de-un-grupo-de-aficionados-y-aficionadas-de-la-pena HTTP/1.1" 301 162 "-" "Mozilla/5.0 (Linux; Android 6.0.1; Nexus 5X Build/MMB29P) AppleWebKit/537.36 (KHTML, like Gecko) Chrome/133.0.6943.53 Mobile Safari/537.36 (compatible; Googlebot/2.1; +http://www.google.com/bot.html)"
37.27.51.145 - - [23/Feb/2025:14:12:32 +0100] "GET /carnavalisimo-2021/item/10385-maria-naval-ofrece-asesoramiento-municipal-para-optar-a-los-establecimientos-en-el-muelle-gourmet-de-puerto-chipiona HTTP/1.1" 301 162 "-" "Mozilla/5.0 (compatible; BLEXBot/1.0; +http://webmeup-crawler.com/)"
44.234.109.115 - - [23/Feb/2025:14:12:44 +0100] "GET / HTTP/1.1" 301 162 "-" "Mozilla/4.0 (compatible; MSIE 6.0; Windows NT 5.1; FSL 7.0.6.01001)"
66.249.66.12 - - [23/Feb/2025:14:13:10 +0100] "GET /item/14230-la-hermandad-del-pinar-abre-el-proceso-para-elegir-hermano-mayor-y-junta-de-gobierno HTTP/1.1" 301 162 "-" "Mozilla/5.0 (Linux; Android 6.0.1; Nexus 5X Build/MMB29P) AppleWebKit/537.36 (KHTML, like Gecko) Chrome/133.0.6943.53 Mobile Safari/537.36 (compatible; Googlebot/2.1; +http://www.google.com/bot.html)"
37.27.51.145 - - [23/Feb/2025:14:13:57 +0100] "GET /carnavalisimo-2021/item/10386-la-cooperativa-catolico-agricola-contara-con-el-apoyo-municipal-en-la-promocion-y-difusion-de-la-conmemoracion-de-su-centenario HTTP/1.1" 301 162 "-" "Mozilla/5.0 (compatible; BLEXBot/1.0; +http://webmeup-crawler.com/)"
66.249.66.12 - - [23/Feb/2025:14:13:58 +0100] "GET /item/14520-ultimos-dias-de-la-muestra-fotografica-de-luis-rodriguez-castillejo-y-teresa-lafita-en-la-sala-de-la-asociacion-caepionis HTTP/1.1" 301 162 "-" "Mozilla/5.0 (Linux; Android 6.0.1; Nexus 5X Build/MMB29P) AppleWebKit/537.36 (KHTML, like Gecko) Chrome/133.0.6943.53 Mobile Safari/537.36 (compatible; Googlebot/2.1; +http://www.google.com/bot.html)"
37.27.51.145 - - [23/Feb/2025:14:15:23 +0100] "GET /carnavalisimo-2021/item/10386-la-cooperativa-catolico-agricola-contara-con-el-apoyo-municipal-en-la-promocion-y-difusion-de-la-conmemoracion-de-su-centenario HTTP/1.1" 301 162 "-" "Mozilla/5.0 (compatible; BLEXBot/1.0; +http://webmeup-crawler.com/)"
66.249.66.201 - - [23/Feb/2025:14:15:24 +0100] "GET /item/13769-el-centro-ifapa-de-jerez-organiza-la-jornada-investigacion-e-innovacion-en-la-vitivinicultura-andaluza-programa-operativo-feder-de-andalucia-2021-2027 HTTP/1.1" 301 162 "-" "Mozilla/5.0 (Linux; Android 6.0.1; Nexus 5X Build/MMB29P) AppleWebKit/537.36 (KHTML, like Gecko) Chrome/133.0.6943.53 Mobile Safari/537.36 (compatible; Googlebot/2.1; +http://www.google.com/bot.html)"
37.27.51.145 - - [23/Feb/2025:14:16:50 +0100] "GET /carnavalisimo-2021/item/10387-chipiona-apuesta-decididamente-por-el-futbol-playa-con-la-instalacion-de-un-campo-permanente-en-la-zona-cercana-al-muelle HTTP/1.1" 301 162 "-" "Mozilla/5.0 (compatible; BLEXBot/1.0; +http://webmeup-crawler.com/)"
66.249.66.11 - - [23/Feb/2025:14:17:39 +0100] "GET /item/13878-el-descubrimiento-de-la-placa-del-club-de-lectura-toni-menacho-en-la-biblioteca-municipal-abrio-la-celebracion-institucional-del-dia-del-libro HTTP/1.1" 301 162 "-" "Mozilla/5.0 (Linux; Android 6.0.1; Nexus 5X Build/MMB29P) AppleWebKit/537.36 (KHTML, like Gecko) Chrome/133.0.6943.53 Mobile Safari/537.36 (compatible; Googlebot/2.1; +http://www.google.com/bot.html)"
37.27.51.145 - - [23/Feb/2025:14:18:15 +0100] "GET /carnavalisimo-2021/item/10387-chipiona-apuesta-decididamente-por-el-futbol-playa-con-la-instalacion-de-un-campo-permanente-en-la-zona-cercana-al-muelle HTTP/1.1" 301 162 "-" "Mozilla/5.0 (compatible; BLEXBot/1.0; +http://webmeup-crawler.com/)"
66.249.66.12 - - [23/Feb/2025:14:19:23 +0100] "GET /item/13970-manu-gomez-del-club-triatletas-caepionis-y-maria-salmeron-del-c-d-e-jerezana-de-triatlon-vencedores-del-cross-playas-de-chipiona HTTP/1.1" 301 162 "-" "Mozilla/5.0 (Linux; Android 6.0.1; Nexus 5X Build/MMB29P) AppleWebKit/537.36 (KHTML, like Gecko) Chrome/133.0.6943.53 Mobile Safari/537.36 (compatible; Googlebot/2.1; +http://www.google.com/bot.html)"
37.27.51.145 - - [23/Feb/2025:14:19:43 +0100] "GET /carnavalisimo-2021/item/10388-ciudadanos-de-chipiona-se-queja-del-mal-estado-de-la-mayoria-de-contenedores-y-lo-aparatoso-que-resulta-el-sistema-de-apertura HTTP/1.1" 301 162 "-" "Mozilla/5.0 (compatible; BLEXBot/1.0; +http://webmeup-crawler.com/)"
37.27.51.145 - - [23/Feb/2025:14:21:09 +0100] "GET /carnavalisimo-2021/item/10389-el-chipionero-miguel-angel-chamorro-se-impone-en-la-copa-de-espana-de-halterofilia-sub-18-y-se-clasifica-para-el-nacional-junior HTTP/1.1" 301 162 "-" "Mozilla/5.0 (compatible; BLEXBot/1.0; +http://webmeup-crawler.com/)"
37.27.51.145 - - [23/Feb/2025:14:22:36 +0100] "GET /carnavalisimo-2021/item/10389-el-chipionero-miguel-angel-chamorro-se-impone-en-la-copa-de-espana-de-halterofilia-sub-18-y-se-clasifica-para-el-nacional-junior HTTP/1.1" 301 162 "-" "Mozilla/5.0 (compatible; BLEXBot/1.0; +http://webmeup-crawler.com/)"
66.249.66.11 - - [23/Feb/2025:14:23:33 +0100] "GET /asocia2/item/655-la-cooperativa-catolico-agricola-primera-bodega-local-que-inicia-la-vendimia HTTP/1.1" 301 162 "-" "Mozilla/5.0 (Linux; Android 6.0.1; Nexus 5X Build/MMB29P) AppleWebKit/537.36 (KHTML, like Gecko) Chrome/133.0.6943.53 Mobile Safari/537.36 (compatible; GoogleOther)"
66.249.66.11 - - [23/Feb/2025:14:23:41 +0100] "GET /item/14541-el-martes-15-de-octubre-tendra-lugar-una-nueva-recogida-de-envases-de-uso-agricola-profesional-en-chipiona HTTP/1.1" 301 162 "-" "Mozilla/5.0 (Linux; Android 6.0.1; Nexus 5X Build/MMB29P) AppleWebKit/537.36 (KHTML, like Gecko) Chrome/133.0.6943.53 Mobile Safari/537.36 (compatible; Googlebot/2.1; +http://www.google.com/bot.html)"
37.27.51.145 - - [23/Feb/2025:14:24:02 +0100] "GET /carnavalisimo-2021/item/10390-la-incidencia-covid-en-chipiona-vuelve-a-subir-hasta-562-8-tras-doce-dias-de-bajada-al-registrarse-26-positivos HTTP/1.1" 301 162 "-" "Mozilla/5.0 (compatible; BLEXBot/1.0; +http://webmeup-crawler.com/)"
37.27.51.145 - - [23/Feb/2025:14:25:27 +0100] "GET /carnavalisimo-2021/item/10390-la-incidencia-covid-en-chipiona-vuelve-a-subir-hasta-562-8-tras-doce-dias-de-bajada-al-registrarse-26-positivos HTTP/1.1" 301 162 "-" "Mozilla/5.0 (compatible; BLEXBot/1.0; +http://webmeup-crawler.com/)"
37.27.51.145 - - [23/Feb/2025:14:26:53 +0100] "GET /carnavalisimo-2021/item/10391-del-barrio-de-toda-la-vida-manoli-lorenzo-ofrecera-este-sabado-su-pregon-para-la-cuna-del-carnaval HTTP/1.1" 301 162 "-" "Mozilla/5.0 (compatible; BLEXBot/1.0; +http://webmeup-crawler.com/)"
37.27.51.145 - - [23/Feb/2025:14:28:19 +0100] "GET /carnavalisimo-2021/item/10391-del-barrio-de-toda-la-vida-manoli-lorenzo-ofrecera-este-sabado-su-pregon-para-la-cuna-del-carnaval HTTP/1.1" 301 162 "-" "Mozilla/5.0 (compatible; BLEXBot/1.0; +http://webmeup-crawler.com/)"
37.27.51.145 - - [23/Feb/2025:14:29:45 +0100] "GET /carnavalisimo-2021/item/10392-sesion-gratuita-de-pilates-para-los-usuarios-del-centro-de-mayores-de-chipiona-con-motivo-del-dia-de-andalucia HTTP/1.1" 301 162 "-" "Mozilla/5.0 (compatible; BLEXBot/1.0; +http://webmeup-crawler.com/)"
37.27.51.145 - - [23/Feb/2025:14:31:12 +0100] "GET /carnavalisimo-2021/item/10392-sesion-gratuita-de-pilates-para-los-usuarios-del-centro-de-mayores-de-chipiona-con-motivo-del-dia-de-andalucia HTTP/1.1" 301 162 "-" "Mozilla/5.0 (compatible; BLEXBot/1.0; +http://webmeup-crawler.com/)"
37.27.51.145 - - [23/Feb/2025:14:32:38 +0100] "GET /carnavalisimo-2021/item/10393-manuel-morillo-se-impone-en-el-torneo-inaugural-tras-la-remodelacion-de-las-nuevas-pistas-de-tenis-municipales HTTP/1.1" 301 162 "-" "Mozilla/5.0 (compatible; BLEXBot/1.0; +http://webmeup-crawler.com/)"
37.27.51.145 - - [23/Feb/2025:14:34:05 +0100] "GET /carnavalisimo-2021/item/10393-manuel-morillo-se-impone-en-el-torneo-inaugural-tras-la-remodelacion-de-las-nuevas-pistas-de-tenis-municipales HTTP/1.1" 301 162 "-" "Mozilla/5.0 (compatible; BLEXBot/1.0; +http://webmeup-crawler.com/)"
37.27.51.145 - - [23/Feb/2025:14:35:31 +0100] "GET /carnavalisimo-2021/item/10394-el-consejo-local-agrario-trato-ayer-los-preparativos-para-la-feria-agrochipiona-22-y-el-proyecto-de-saneamiento-del-acuifero HTTP/1.1" 301 162 "-" "Mozilla/5.0 (compatible; BLEXBot/1.0; +http://webmeup-crawler.com/)"
37.27.51.145 - - [23/Feb/2025:14:36:57 +0100] "GET /carnavalisimo-2021/item/10394-el-consejo-local-agrario-trato-ayer-los-preparativos-para-la-feria-agrochipiona-22-y-el-proyecto-de-saneamiento-del-acuifero HTTP/1.1" 301 162 "-" "Mozilla/5.0 (compatible; BLEXBot/1.0; +http://webmeup-crawler.com/)"
213.186.1.154 - - [23/Feb/2025:14:37:04 +0100] "GET /index.php/tablon-de-anuncios HTTP/1.1" 301 162 "-" "Mediatoolkitbot (complaints@mediatoolkit.com)"
37.27.51.145 - - [23/Feb/2025:14:38:24 +0100] "GET /carnavalisimo-2021/item/10396-aprobado-el-proyecto-basico-y-de-ejecucion-para-la-estabilizacion-de-los-cimientos-del-castillo-de-chipiona HTTP/1.1" 301 162 "-" "Mozilla/5.0 (compatible; BLEXBot/1.0; +http://webmeup-crawler.com/)"
37.27.51.145 - - [23/Feb/2025:14:39:51 +0100] "GET /carnavalisimo-2021/item/10396-aprobado-el-proyecto-basico-y-de-ejecucion-para-la-estabilizacion-de-los-cimientos-del-castillo-de-chipiona HTTP/1.1" 301 162 "-" "Mozilla/5.0 (compatible; BLEXBot/1.0; +http://webmeup-crawler.com/)"
213.186.1.154 - - [23/Feb/2025:14:40:54 +0100] "GET / HTTP/1.1" 301 162 "-" "Mediatoolkitbot (complaints@mediatoolkit.com)"
37.27.51.145 - - [23/Feb/2025:14:41:17 +0100] "GET /carnavalisimo-2021/item/10397-43-positivos-en-la-ultima-jornada-elevan-la-incidencia-covid-de-chipiona-a-707-4 HTTP/1.1" 301 162 "-" "Mozilla/5.0 (compatible; BLEXBot/1.0; +http://webmeup-crawler.com/)"
37.27.51.145 - - [23/Feb/2025:14:42:44 +0100] "GET /carnavalisimo-2021/item/10397-43-positivos-en-la-ultima-jornada-elevan-la-incidencia-covid-de-chipiona-a-707-4 HTTP/1.1" 301 162 "-" "Mozilla/5.0 (compatible; BLEXBot/1.0; +http://webmeup-crawler.com/)"
37.27.51.145 - - [23/Feb/2025:14:44:13 +0100] "GET /carnavalisimo-2021/item/10398-el-libro-regla-de-chipiona-de-miguel-gallardo-llega-a-regla-de-cuba HTTP/1.1" 301 162 "-" "Mozilla/5.0 (compatible; BLEXBot/1.0; +http://webmeup-crawler.com/)"
37.27.51.145 - - [23/Feb/2025:14:45:40 +0100] "GET /carnavalisimo-2021/item/10398-el-libro-regla-de-chipiona-de-miguel-gallardo-llega-a-regla-de-cuba HTTP/1.1" 301 162 "-" "Mozilla/5.0 (compatible; BLEXBot/1.0; +http://webmeup-crawler.com/)"
3.125.9.73 - - [23/Feb/2025:14:46:29 +0100] "GET /robots.txt HTTP/1.1" 301 162 "-" "zoombot (linkbot 1.0 http://suite.seozoom.it/bot.html)"
37.27.51.145 - - [23/Feb/2025:14:47:07 +0100] "GET /carnavalisimo-2021/item/10399-participacion-ciudadana-y-la-comision-de-seguimiento-realizan-el-balance-final-de-los-presupuestos-participativos-de-chipiona-2021 HTTP/1.1" 301 162 "-" "Mozilla/5.0 (compatible; BLEXBot/1.0; +http://webmeup-crawler.com/)"
66.249.66.202 - - [23/Feb/2025:14:48:27 +0100] "GET /item/13662-la-bodega-catolico-agricola-recibe-un-accesit-en-el-premio-simon-de-rojas-clemente HTTP/1.1" 301 162 "-" "Mozilla/5.0 (Linux; Android 6.0.1; Nexus 5X Build/MMB29P) AppleWebKit/537.36 (KHTML, like Gecko) Chrome/133.0.6943.53 Mobile Safari/537.36 (compatible; Googlebot/2.1; +http://www.google.com/bot.html)"
37.27.51.145 - - [23/Feb/2025:14:48:34 +0100] "GET /carnavalisimo-2021/item/10399-participacion-ciudadana-y-la-comision-de-seguimiento-realizan-el-balance-final-de-los-presupuestos-participativos-de-chipiona-2021 HTTP/1.1" 301 162 "-" "Mozilla/5.0 (compatible; BLEXBot/1.0; +http://webmeup-crawler.com/)"
66.249.66.11 - - [23/Feb/2025:14:49:56 +0100] "GET /item/14629-deportes-ofrece-un-curso-mas-unidades-didacticas-de-educacion-fisica-para-los-centros-educativos-de-chipiona HTTP/1.1" 301 162 "-" "Mozilla/5.0 (Linux; Android 6.0.1; Nexus 5X Build/MMB29P) AppleWebKit/537.36 (KHTML, like Gecko) Chrome/133.0.6943.53 Mobile Safari/537.36 (compatible; Googlebot/2.1; +http://www.google.com/bot.html)"
66.249.66.200 - - [23/Feb/2025:14:49:57 +0100] "GET /artefacto/item/3621-las-pistas-de-tenis-del-complejo-polideportivo-municipal-ya-cuentan-con-visera-en-sus-gradas HTTP/1.1" 301 162 "-" "Mozilla/5.0 (Linux; Android 6.0.1; Nexus 5X Build/MMB29P) AppleWebKit/537.36 (KHTML, like Gecko) Chrome/133.0.6943.53 Mobile Safari/537.36 (compatible; Googlebot/2.1; +http://www.google.com/bot.html)"
37.27.51.145 - - [23/Feb/2025:14:50:01 +0100] "GET /carnavalisimo-2021/item/104-comienza-el-programa-de-visitas-escolares-a-la-radiotelevision-municipal HTTP/1.1" 301 162 "-" "Mozilla/5.0 (compatible; BLEXBot/1.0; +http://webmeup-crawler.com/)"
66.249.66.12 - - [23/Feb/2025:14:50:37 +0100] "GET /item/13896-la-corporacion-chipionera-aprueba-modificar-los-estatutos-del-consejo-del-carnaval-y-que-solo-haya-fuegos-artificiales-en-las-fiestas-de-regla HTTP/1.1" 301 162 "-" "Mozilla/5.0 (Linux; Android 6.0.1; Nexus 5X Build/MMB29P) AppleWebKit/537.36 (KHTML, like Gecko) Chrome/133.0.6943.53 Mobile Safari/537.36 (compatible; Googlebot/2.1; +http://www.google.com/bot.html)"
66.249.66.200 - - [23/Feb/2025:14:51:21 +0100] "GET /item/13912-constituido-el-grupo-motor-de-los-presupuestos-participativos-de-chipiona-2024-que-ya-trabaja-en-el-autorreglamento HTTP/1.1" 301 162 "-" "Mozilla/5.0 (Linux; Android 6.0.1; Nexus 5X Build/MMB29P) AppleWebKit/537.36 (KHTML, like Gecko) Chrome/133.0.6943.53 Mobile Safari/537.36 (compatible; Googlebot/2.1; +http://www.google.com/bot.html)"
66.249.66.200 - - [23/Feb/2025:14:51:25 +0100] "GET /artefacto/item/3621-las-pistas-de-tenis-del-complejo-polideportivo-municipal-ya-cuentan-con-visera-en-sus-gradas HTTP/1.1" 301 162 "-" "Mozilla/5.0 (Linux; Android 6.0.1; Nexus 5X Build/MMB29P) AppleWebKit/537.36 (KHTML, like Gecko) Chrome/133.0.6943.53 Mobile Safari/537.36 (compatible; GoogleOther)"
37.27.51.145 - - [23/Feb/2025:14:51:28 +0100] "GET /carnavalisimo-2021/item/104-comienza-el-programa-de-visitas-escolares-a-la-radiotelevision-municipal HTTP/1.1" 301 162 "-" "Mozilla/5.0 (compatible; BLEXBot/1.0; +http://webmeup-crawler.com/)"
66.249.66.11 - - [23/Feb/2025:14:52:04 +0100] "GET /item/14028-la-delegacion-de-igualdad-pone-en-marcha-el-proyecto-conciliamos-con-cuidaytos-para-favorecer-la-conciliacion-familiar-en-periodos-sin-actividad-escolar HTTP/1.1" 301 162 "-" "Mozilla/5.0 (Linux; Android 6.0.1; Nexus 5X Build/MMB29P) AppleWebKit/537.36 (KHTML, like Gecko) Chrome/133.0.6943.53 Mobile Safari/537.36 (compatible; Googlebot/2.1; +http://www.google.com/bot.html)"
4.234.9.215 - - [23/Feb/2025:14:52:59 +0100] "GET //.env HTTP/1.1" 301 162 "-" "Mozilla/5.0 (X11; Linux x86_64) AppleWebKit/537.36 (KHTML, like Gecko) Chrome/81.0.4044.129 Safari/537.36"
4.234.9.215 - - [23/Feb/2025:14:53:12 +0100] "POST / HTTP/1.1" 301 162 "-" "Mozilla/5.0 (X11; Linux x86_64) AppleWebKit/537.36 (KHTML, like Gecko) Chrome/81.0.4044.129 Safari/537.36"
37.27.51.145 - - [23/Feb/2025:14:54:22 +0100] "GET /carnavalisimo-2021/item/10400-manana-se-abre-el-plazo-para-solicitar-las-ayudas-para-asociaciones-culturales-artistas-y-autores-literarios-chipioneros-de-este-ano-2022 HTTP/1.1" 301 162 "-" "Mozilla/5.0 (compatible; BLEXBot/1.0; +http://webmeup-crawler.com/)"
37.27.51.145 - - [23/Feb/2025:14:55:48 +0100] "GET /carnavalisimo-2021/item/10400-manana-se-abre-el-plazo-para-solicitar-las-ayudas-para-asociaciones-culturales-artistas-y-autores-literarios-chipioneros-de-este-ano-2022 HTTP/1.1" 301 162 "-" "Mozilla/5.0 (compatible; BLEXBot/1.0; +http://webmeup-crawler.com/)"
38.154.40.125 - - [23/Feb/2025:14:56:46 +0100] "GET / HTTP/1.1" 301 162 "-" "Mozilla/5.0 (Macintosh; Intel Mac OS X 10.15; rv:78.0) Gecko/20100101 Firefox/78.0"
66.249.66.11 - - [23/Feb/2025:14:56:55 +0100] "GET /item/13695-aqualia-lleva-a-los-colegios-de-chipiona-carteleria-de-su-concurso-digital-de-dibujo-infantil-sobre-el-ciclo-integral-del-agua HTTP/1.1" 301 162 "-" "Mozilla/5.0 (Linux; Android 6.0.1; Nexus 5X Build/MMB29P) AppleWebKit/537.36 (KHTML, like Gecko) Chrome/133.0.6943.53 Mobile Safari/537.36 (compatible; Googlebot/2.1; +http://www.google.com/bot.html)"
37.27.51.145 - - [23/Feb/2025:14:57:16 +0100] "GET /carnavalisimo-2021/item/10401-la-incidencia-covid-de-chipiona-baja-hoy-viernes-hasta-666-y-se-notifican-9-contagios HTTP/1.1" 301 162 "-" "Mozilla/5.0 (compatible; BLEXBot/1.0; +http://webmeup-crawler.com/)"
37.27.51.145 - - [23/Feb/2025:14:58:45 +0100] "GET /carnavalisimo-2021/item/10401-la-incidencia-covid-de-chipiona-baja-hoy-viernes-hasta-666-y-se-notifican-9-contagios HTTP/1.1" 301 162 "-" "Mozilla/5.0 (compatible; BLEXBot/1.0; +http://webmeup-crawler.com/)"
66.249.66.11 - - [23/Feb/2025:14:59:42 +0100] "GET /item/13700-luis-mario-aparcero-propondra-al-pleno-el-nombramiento-de-jose-merce-como-hijo-adoptivo-de-chipiona-el-proximo-7-de-julio-dia-de-la-localidad HTTP/1.1" 301 162 "-" "Mozilla/5.0 (Linux; Android 6.0.1; Nexus 5X Build/MMB29P) AppleWebKit/537.36 (KHTML, like Gecko) Chrome/133.0.6943.53 Mobile Safari/537.36 (compatible; Googlebot/2.1; +http://www.google.com/bot.html)"
37.27.51.145 - - [23/Feb/2025:15:00:13 +0100] "GET /carnavalisimo-2021/item/10402-el-alcalde-de-chipiona-anuncia-un-plan-especial-por-si-empeora-la-situacion-de-sequia HTTP/1.1" 301 162 "-" "Mozilla/5.0 (compatible; BLEXBot/1.0; +http://webmeup-crawler.com/)"
37.27.51.145 - - [23/Feb/2025:15:01:40 +0100] "GET /carnavalisimo-2021/item/10402-el-alcalde-de-chipiona-anuncia-un-plan-especial-por-si-empeora-la-situacion-de-sequia HTTP/1.1" 301 162 "-" "Mozilla/5.0 (compatible; BLEXBot/1.0; +http://webmeup-crawler.com/)"
173.252.107.4 - - [23/Feb/2025:15:01:58 +0100] "GET /item/7085-la-marcha-solidaria-por-la-memoria-no-coincidira-este-ano-con-la-carrera-popular-san-silvestre HTTP/1.1" 301 162 "-" "facebookexternalhit/1.1 (+http://www.facebook.com/externalhit_uatext.php)"
173.252.107.7 - - [23/Feb/2025:15:01:58 +0100] "GET /item/7085-la-marcha-solidaria-por-la-memoria-no-coincidira-este-ano-con-la-carrera-popular-san-silvestre HTTP/1.1" 301 162 "-" "facebookexternalhit/1.1 (+http://www.facebook.com/externalhit_uatext.php)"
173.252.107.9 - - [23/Feb/2025:15:01:58 +0100] "GET /item/7085-la-marcha-solidaria-por-la-memoria-no-coincidira-este-ano-con-la-carrera-popular-san-silvestre HTTP/1.1" 301 162 "-" "facebookexternalhit/1.1 (+http://www.facebook.com/externalhit_uatext.php)"
173.252.107.10 - - [23/Feb/2025:15:01:58 +0100] "GET /item/7085-la-marcha-solidaria-por-la-memoria-no-coincidira-este-ano-con-la-carrera-popular-san-silvestre HTTP/1.1" 301 162 "-" "facebookexternalhit/1.1 (+http://www.facebook.com/externalhit_uatext.php)"
31.13.127.18 - - [23/Feb/2025:15:02:00 +0100] "GET /media/k2/items/cache/1582c5f25a5960321486057741d36afa_S.jpg HTTP/1.1" 301 162 "-" "facebookexternalhit/1.1 (+http://www.facebook.com/externalhit_uatext.php)"
37.27.51.145 - - [23/Feb/2025:15:03:08 +0100] "GET /carnavalisimo-2021/item/10403-vuelve-el-tradicional-desayuno-andaluz-organizado-por-la-delegacion-de-educacion-a-los-centros-educativos-de-chipiona HTTP/1.1" 301 162 "-" "Mozilla/5.0 (compatible; BLEXBot/1.0; +http://webmeup-crawler.com/)"
66.249.66.201 - - [23/Feb/2025:15:03:22 +0100] "GET /item/13902-cans-se-suma-al-manifiesto-de-ecologistas-en-accion-y-greenpeace-pidiendo-que-no-se-reabra-la-mina-aznalcollar HTTP/1.1" 301 162 "-" "Mozilla/5.0 (Linux; Android 6.0.1; Nexus 5X Build/MMB29P) AppleWebKit/537.36 (KHTML, like Gecko) Chrome/133.0.6943.53 Mobile Safari/537.36 (compatible; Googlebot/2.1; +http://www.google.com/bot.html)"
37.27.51.145 - - [23/Feb/2025:15:04:36 +0100] "GET /carnavalisimo-2021/item/10403-vuelve-el-tradicional-desayuno-andaluz-organizado-por-la-delegacion-de-educacion-a-los-centros-educativos-de-chipiona HTTP/1.1" 301 162 "-" "Mozilla/5.0 (compatible; BLEXBot/1.0; +http://webmeup-crawler.com/)"
173.252.107.116 - - [23/Feb/2025:15:05:43 +0100] "GET /item/7085-la-marcha-solidaria-por-la-memoria-no-coincidira-este-ano-con-la-carrera-popular-san-silvestre HTTP/1.1" 301 162 "-" "facebookexternalhit/1.1 (+http://www.facebook.com/externalhit_uatext.php)"
37.27.51.145 - - [23/Feb/2025:15:06:03 +0100] "GET /carnavalisimo-2021/item/10404-rafael-martinez-felicita-a-la-agrupacion-local-de-proteccion-civil-por-el-reconocimiento-a-todas-las-de-andalucia-por-su-labor-en-la-pandemia HTTP/1.1" 301 162 "-" "Mozilla/5.0 (compatible; BLEXBot/1.0; +http://webmeup-crawler.com/)"
37.27.51.145 - - [23/Feb/2025:15:07:31 +0100] "GET /carnavalisimo-2021/item/10404-rafael-martinez-felicita-a-la-agrupacion-local-de-proteccion-civil-por-el-reconocimiento-a-todas-las-de-andalucia-por-su-labor-en-la-pandemia HTTP/1.1" 301 162 "-" "Mozilla/5.0 (compatible; BLEXBot/1.0; +http://webmeup-crawler.com/)"
37.27.51.145 - - [23/Feb/2025:15:08:59 +0100] "GET /carnavalisimo-2021/item/10405-delegacion-y-consejo-de-medio-ambiente-de-chipiona-desean-el-retorno-del-cans HTTP/1.1" 301 162 "-" "Mozilla/5.0 (compatible; BLEXBot/1.0; +http://webmeup-crawler.com/)"
37.27.51.145 - - [23/Feb/2025:15:10:27 +0100] "GET /carnavalisimo-2021/item/10405-delegacion-y-consejo-de-medio-ambiente-de-chipiona-desean-el-retorno-del-cans HTTP/1.1" 301 162 "-" "Mozilla/5.0 (compatible; BLEXBot/1.0; +http://webmeup-crawler.com/)"
37.27.51.145 - - [23/Feb/2025:15:11:55 +0100] "GET /carnavalisimo-2021/item/10406-presentado-el-programa-conmemorativo-del-centenario-de-la-cooperativa-catolico-agricola HTTP/1.1" 301 162 "-" "Mozilla/5.0 (compatible; BLEXBot/1.0; +http://webmeup-crawler.com/)"
37.27.51.145 - - [23/Feb/2025:15:13:23 +0100] "GET /carnavalisimo-2021/item/10406-presentado-el-programa-conmemorativo-del-centenario-de-la-cooperativa-catolico-agricola HTTP/1.1" 301 162 "-" "Mozilla/5.0 (compatible; BLEXBot/1.0; +http://webmeup-crawler.com/)"
37.27.51.145 - - [23/Feb/2025:15:14:52 +0100] "GET /carnavalisimo-2021/item/10407-la-oficina-de-turismo-de-chipiona-renueva-la-marca-q-de-calidad-turistica HTTP/1.1" 301 162 "-" "Mozilla/5.0 (compatible; BLEXBot/1.0; +http://webmeup-crawler.com/)"
43.159.139.164 - - [23/Feb/2025:15:15:06 +0100] "GET / HTTP/1.1" 301 162 "-" "Mozilla/5.0 (iPhone; CPU iPhone OS 13_2_3 like Mac OS X) AppleWebKit/605.1.15 (KHTML, like Gecko) Version/13.0.3 Mobile/15E148 Safari/604.1"
37.27.51.145 - - [23/Feb/2025:15:16:20 +0100] "GET /carnavalisimo-2021/item/10407-la-oficina-de-turismo-de-chipiona-renueva-la-marca-q-de-calidad-turistica HTTP/1.1" 301 162 "-" "Mozilla/5.0 (compatible; BLEXBot/1.0; +http://webmeup-crawler.com/)"
37.27.51.145 - - [23/Feb/2025:15:17:48 +0100] "GET /carnavalisimo-2021/item/10408-magnifico-resultado-de-los-tenistas-chipioneros-en-la-cuarta-jornada-de-la-v-liga-interclub-costa-oeste HTTP/1.1" 301 162 "-" "Mozilla/5.0 (compatible; BLEXBot/1.0; +http://webmeup-crawler.com/)"
37.27.51.145 - - [23/Feb/2025:15:19:18 +0100] "GET /carnavalisimo-2021/item/10408-magnifico-resultado-de-los-tenistas-chipioneros-en-la-cuarta-jornada-de-la-v-liga-interclub-costa-oeste HTTP/1.1" 301 162 "-" "Mozilla/5.0 (compatible; BLEXBot/1.0; +http://webmeup-crawler.com/)"
66.249.66.201 - - [23/Feb/2025:15:19:40 +0100] "GET /abriendo-puertas/item/5863-la-vigesimo-quinta-edicion-de-la-san-silvestre-con-mas-de-300-inscritos-lleno-de-ambiente-navideno-las-calles-de-la-localidad HTTP/1.1" 301 162 "-" "Mozilla/5.0 (Linux; Android 6.0.1; Nexus 5X Build/MMB29P) AppleWebKit/537.36 (KHTML, like Gecko) Chrome/133.0.6943.53 Mobile Safari/537.36 (compatible; Googlebot/2.1; +http://www.google.com/bot.html)"
37.27.51.145 - - [23/Feb/2025:15:20:48 +0100] "GET /carnavalisimo-2021/item/10409-chipiona-celebra-el-dia-de-andalucia-con-izado-de-bandera-baile-de-academias-y-acto-en-el-mirador-de-manolo-sanlucar HTTP/1.1" 301 162 "-" "Mozilla/5.0 (compatible; BLEXBot/1.0; +http://webmeup-crawler.com/)"
66.249.66.202 - - [23/Feb/2025:15:22:13 +0100] "GET /abriendo-puertas/item/5863-la-vigesimo-quinta-edicion-de-la-san-silvestre-con-mas-de-300-inscritos-lleno-de-ambiente-navideno-las-calles-de-la-localidad HTTP/1.1" 301 162 "-" "Mozilla/5.0 (Linux; Android 6.0.1; Nexus 5X Build/MMB29P) AppleWebKit/537.36 (KHTML, like Gecko) Chrome/133.0.6943.53 Mobile Safari/537.36 (compatible; GoogleOther)"
37.27.51.145 - - [23/Feb/2025:15:22:17 +0100] "GET /carnavalisimo-2021/item/10409-chipiona-celebra-el-dia-de-andalucia-con-izado-de-bandera-baile-de-academias-y-acto-en-el-mirador-de-manolo-sanlucar HTTP/1.1" 301 162 "-" "Mozilla/5.0 (compatible; BLEXBot/1.0; +http://webmeup-crawler.com/)"
37.27.51.145 - - [23/Feb/2025:15:23:44 +0100] "GET /carnavalisimo-2021/item/10410-chipiona-vuelve-del-fin-de-semana-largo-con-35-contagios-y-marcando-un-leve-descenso-de-la-incidencia-covid-hasta-629-9 HTTP/1.1" 301 162 "-" "Mozilla/5.0 (compatible; BLEXBot/1.0; +http://webmeup-crawler.com/)"
37.27.51.145 - - [23/Feb/2025:15:25:13 +0100] "GET /carnavalisimo-2021/item/10410-chipiona-vuelve-del-fin-de-semana-largo-con-35-contagios-y-marcando-un-leve-descenso-de-la-incidencia-covid-hasta-629-9 HTTP/1.1" 301 162 "-" "Mozilla/5.0 (compatible; BLEXBot/1.0; +http://webmeup-crawler.com/)"
37.27.51.145 - - [23/Feb/2025:15:26:44 +0100] "GET /carnavalisimo-2021/item/10411-la-hermandad-del-cristo-anuncia-su-semana-santa-2022-con-una-fotografia-del-chipionero-jose-blanco HTTP/1.1" 301 162 "-" "Mozilla/5.0 (compatible; BLEXBot/1.0; +http://webmeup-crawler.com/)"
66.249.66.11 - - [23/Feb/2025:15:27:33 +0100] "GET /item/13866-el-equipo-cadete-del-club-voleibol-chipiona-se-proclama-campeon-de-la-liga-provincial HTTP/1.1" 301 162 "-" "Mozilla/5.0 (Linux; Android 6.0.1; Nexus 5X Build/MMB29P) AppleWebKit/537.36 (KHTML, like Gecko) Chrome/133.0.6943.53 Mobile Safari/537.36 (compatible; Googlebot/2.1; +http://www.google.com/bot.html)"
37.27.51.145 - - [23/Feb/2025:15:28:14 +0100] "GET /carnavalisimo-2021/item/10411-la-hermandad-del-cristo-anuncia-su-semana-santa-2022-con-una-fotografia-del-chipionero-jose-blanco HTTP/1.1" 301 162 "-" "Mozilla/5.0 (compatible; BLEXBot/1.0; +http://webmeup-crawler.com/)"
52.204.174.139 - - [23/Feb/2025:15:28:16 +0100] "GET /robots.txt HTTP/1.1" 301 162 "-" "Mozilla/5.0 AppleWebKit/537.36 (KHTML, like Gecko; compatible; Amazonbot/0.1; +https://developer.amazon.com/support/amazonbot) Chrome/119.0.6045.214 Safari/537.36"
18.204.152.114 - - [23/Feb/2025:15:28:17 +0100] "GET /item/10452-tano-guzman-informa-que-el-grupo-de-accion-local-de-pesca-subvencionara-el-aula-del-litoral-del-centro-el-camaleon?fbclid=IwAR19galOfYFbPOsLaUPB74BhqHFccZZArKOBJoQiU0tCdXznERnbxVH3qk4 HTTP/1.1" 301 162 "-" "Mozilla/5.0 AppleWebKit/537.36 (KHTML, like Gecko; compatible; Amazonbot/0.1; +https://developer.amazon.com/support/amazonbot) Chrome/119.0.6045.214 Safari/537.36"
213.186.1.154 - - [23/Feb/2025:15:28:57 +0100] "GET / HTTP/1.1" 301 162 "-" "Mediatoolkitbot (complaints@mediatoolkit.com)"
37.27.51.145 - - [23/Feb/2025:15:29:42 +0100] "GET /carnavalisimo-2021/item/10412-luz-maria-caraballo-presenta-las-actividades-del-dia-internacional-de-las-mujeres-en-chipiona HTTP/1.1" 301 162 "-" "Mozilla/5.0 (compatible; BLEXBot/1.0; +http://webmeup-crawler.com/)"
37.27.51.145 - - [23/Feb/2025:15:31:12 +0100] "GET /carnavalisimo-2021/item/10412-luz-maria-caraballo-presenta-las-actividades-del-dia-internacional-de-las-mujeres-en-chipiona HTTP/1.1" 301 162 "-" "Mozilla/5.0 (compatible; BLEXBot/1.0; +http://webmeup-crawler.com/)"
37.27.51.145 - - [23/Feb/2025:15:32:41 +0100] "GET /carnavalisimo-2021/item/10413-laura-roman-anuncia-una-campana-promocional-para-incentivar-que-se-regalen-flores-de-chipiona-en-el-dia-del-padre HTTP/1.1" 301 162 "-" "Mozilla/5.0 (compatible; BLEXBot/1.0; +http://webmeup-crawler.com/)"
66.249.66.13 - - [23/Feb/2025:15:33:11 +0100] "GET / HTTP/1.1" 301 162 "-" "Mozilla/5.0 (compatible; Googlebot/2.1; +http://www.google.com/bot.html)"
37.27.51.145 - - [23/Feb/2025:15:34:10 +0100] "GET /carnavalisimo-2021/item/10413-laura-roman-anuncia-una-campana-promocional-para-incentivar-que-se-regalen-flores-de-chipiona-en-el-dia-del-padre HTTP/1.1" 301 162 "-" "Mozilla/5.0 (compatible; BLEXBot/1.0; +http://webmeup-crawler.com/)"
173.252.107.12 - - [23/Feb/2025:15:34:21 +0100] "GET /item/8309-maria-naval-anuncia-que-se-trabaja-en-la-modificacion-de-la-ordenanza-sobre-el-control-de-ejercicio-de-actividades-en-chipiona HTTP/1.1" 301 162 "-" "facebookexternalhit/1.1 (+http://www.facebook.com/externalhit_uatext.php)"
173.252.107.8 - - [23/Feb/2025:15:34:21 +0100] "GET /item/8309-maria-naval-anuncia-que-se-trabaja-en-la-modificacion-de-la-ordenanza-sobre-el-control-de-ejercicio-de-actividades-en-chipiona HTTP/1.1" 301 162 "-" "facebookexternalhit/1.1 (+http://www.facebook.com/externalhit_uatext.php)"
173.252.107.115 - - [23/Feb/2025:15:34:22 +0100] "GET /item/8309-maria-naval-anuncia-que-se-trabaja-en-la-modificacion-de-la-ordenanza-sobre-el-control-de-ejercicio-de-actividades-en-chipiona HTTP/1.1" 301 162 "-" "facebookexternalhit/1.1 (+http://www.facebook.com/externalhit_uatext.php)"
173.252.107.113 - - [23/Feb/2025:15:34:22 +0100] "GET /media/k2/items/cache/6d9ccc252429c236ef6a883e41affde7_S.jpg HTTP/1.1" 301 162 "-" "facebookexternalhit/1.1 (+http://www.facebook.com/externalhit_uatext.php)"
31.13.115.1 - - [23/Feb/2025:15:34:26 +0100] "GET /media/k2/items/cache/6d9ccc252429c236ef6a883e41affde7_S.jpg HTTP/1.1" 301 162 "-" "facebookexternalhit/1.1 (+http://www.facebook.com/externalhit_uatext.php)"
66.249.66.11 - - [23/Feb/2025:15:35:21 +0100] "GET /item/13941-a-partir-de-manana-seran-expuestos-al-publico-los-padrones-de-ibi-urbanos-y-rusticos-de-chipiona-de-este-ano-2024 HTTP/1.1" 301 162 "-" "Mozilla/5.0 (Linux; Android 6.0.1; Nexus 5X Build/MMB29P) AppleWebKit/537.36 (KHTML, like Gecko) Chrome/133.0.6943.53 Mobile Safari/537.36 (compatible; Googlebot/2.1; +http://www.google.com/bot.html)"
37.27.51.145 - - [23/Feb/2025:15:35:39 +0100] "GET /carnavalisimo-2021/item/10414-llamada-a-la-colaboracion-ciudadana-para-una-nueva-donacion-colectiva-de-sangre-el-martes-8-de-marzo-en-chipiona HTTP/1.1" 301 162 "-" "Mozilla/5.0 (compatible; BLEXBot/1.0; +http://webmeup-crawler.com/)"
34.29.213.70 - - [23/Feb/2025:15:36:06 +0100] "GET / HTTP/1.1" 301 162 "-" "Mozilla/5.0 (X11; Linux x86_64) AppleWebKit/537.36 (KHTML, like Gecko) Chrome/34.0.1847.137 Safari/4E423F"
37.27.51.145 - - [23/Feb/2025:15:37:10 +0100] "GET /carnavalisimo-2021/item/10414-llamada-a-la-colaboracion-ciudadana-para-una-nueva-donacion-colectiva-de-sangre-el-martes-8-de-marzo-en-chipiona HTTP/1.1" 301 162 "-" "Mozilla/5.0 (compatible; BLEXBot/1.0; +http://webmeup-crawler.com/)"
193.228.15.180 - - [23/Feb/2025:15:38:00 +0100] "GET / HTTP/1.1" 301 162 "-" "Mozilla/5.0 (Macintosh; Intel Mac OS X 10.15; rv:78.0) Gecko/20100101 Firefox/78.0"
37.27.51.145 - - [23/Feb/2025:15:38:39 +0100] "GET /carnavalisimo-2021/item/10415-febrero-dejo-en-chipiona-138-parados-menos-que-enero-con-lo-que-se-registran-868-menos-que-hace-un-ano HTTP/1.1" 301 162 "-" "Mozilla/5.0 (compatible; BLEXBot/1.0; +http://webmeup-crawler.com/)"
37.27.51.145 - - [23/Feb/2025:15:40:09 +0100] "GET /carnavalisimo-2021/item/10415-febrero-dejo-en-chipiona-138-parados-menos-que-enero-con-lo-que-se-registran-868-menos-que-hace-un-ano HTTP/1.1" 301 162 "-" "Mozilla/5.0 (compatible; BLEXBot/1.0; +http://webmeup-crawler.com/)"
37.27.51.145 - - [23/Feb/2025:15:41:39 +0100] "GET /carnavalisimo-2021/item/10416-minima-bajada-de-la-incidencia-covid-de-chipiona-hasta-los-624-7-en-una-jornada-en-la-que-se-anotan-solo-dos-nuevos-contagios HTTP/1.1" 301 162 "-" "Mozilla/5.0 (compatible; BLEXBot/1.0; +http://webmeup-crawler.com/)"
66.249.92.201 - - [23/Feb/2025:15:42:48 +0100] "GET / HTTP/1.1" 301 162 "-" "FeedFetcher-Google; (+http://www.google.com/feedfetcher.html)"
37.27.51.145 - - [23/Feb/2025:15:43:07 +0100] "GET /carnavalisimo-2021/item/10416-minima-bajada-de-la-incidencia-covid-de-chipiona-hasta-los-624-7-en-una-jornada-en-la-que-se-anotan-solo-dos-nuevos-contagios HTTP/1.1" 301 162 "-" "Mozilla/5.0 (compatible; BLEXBot/1.0; +http://webmeup-crawler.com/)"
66.249.66.12 - - [23/Feb/2025:15:43:11 +0100] "GET /item/13821-el-ministerio-para-la-transicion-ecologica-anuncia-una-inversion-en-reparar-los-danos-en-un-tramo-del-litoral-de-chipiona HTTP/1.1" 301 162 "-" "Mozilla/5.0 (Linux; Android 6.0.1; Nexus 5X Build/MMB29P) AppleWebKit/537.36 (KHTML, like Gecko) Chrome/133.0.6943.53 Mobile Safari/537.36 (compatible; Googlebot/2.1; +http://www.google.com/bot.html)"
37.27.51.145 - - [23/Feb/2025:15:44:37 +0100] "GET /carnavalisimo-2021/item/10417-belen-gonzalez-continuara-al-frente-de-la-asociacion-de-mujeres-progresistas-la-palmicha-otros-cuatro-anos HTTP/1.1" 301 162 "-" "Mozilla/5.0 (compatible; BLEXBot/1.0; +http://webmeup-crawler.com/)"
37.27.51.145 - - [23/Feb/2025:15:46:06 +0100] "GET /carnavalisimo-2021/item/10417-belen-gonzalez-continuara-al-frente-de-la-asociacion-de-mujeres-progresistas-la-palmicha-otros-cuatro-anos HTTP/1.1" 301 162 "-" "Mozilla/5.0 (compatible; BLEXBot/1.0; +http://webmeup-crawler.com/)"
37.27.51.145 - - [23/Feb/2025:15:47:36 +0100] "GET /carnavalisimo-2021/item/10418-los-centros-educativos-de-chipiona-ofertan-este-ano-3-181-plazas-publicas-y-concertadas-desde-infantil-a-bachillerato HTTP/1.1" 301 162 "-" "Mozilla/5.0 (compatible; BLEXBot/1.0; +http://webmeup-crawler.com/)"
213.186.1.154 - - [23/Feb/2025:15:47:42 +0100] "GET /index.php/tablon-de-anuncios HTTP/1.1" 301 162 "-" "Mediatoolkitbot (complaints@mediatoolkit.com)"
37.27.51.145 - - [23/Feb/2025:15:49:05 +0100] "GET /carnavalisimo-2021/item/10418-los-centros-educativos-de-chipiona-ofertan-este-ano-3-181-plazas-publicas-y-concertadas-desde-infantil-a-bachillerato HTTP/1.1" 301 162 "-" "Mozilla/5.0 (compatible; BLEXBot/1.0; +http://webmeup-crawler.com/)"
37.27.51.145 - - [23/Feb/2025:15:50:36 +0100] "GET /carnavalisimo-2021/item/10419-las-coplas-adapta-el-reglamento-del-concurso-de-popurri-ante-la-excepcionalidad-de-este-carnaval-para-los-grupos-de-chipiona HTTP/1.1" 301 162 "-" "Mozilla/5.0 (compatible; BLEXBot/1.0; +http://webmeup-crawler.com/)"
156.228.106.242 - - [23/Feb/2025:15:51:16 +0100] "GET /?author=1 HTTP/1.1" 301 162 "https://www.google.com" "Mozilla/5.0 (X11; Linux x86_64) AppleWebKit/537.36 (KHTML, like Gecko) Chrome/119.0.0.0 Safari/537.36"
156.228.106.242 - - [23/Feb/2025:15:51:18 +0100] "GET /administrator HTTP/1.1" 301 162 "https://www.google.com" "Mozilla/5.0 (X11; Linux x86_64) AppleWebKit/537.36 (KHTML, like Gecko) Chrome/119.0.0.0 Safari/537.36"
37.27.51.145 - - [23/Feb/2025:15:52:08 +0100] "GET /carnavalisimo-2021/item/10419-las-coplas-adapta-el-reglamento-del-concurso-de-popurri-ante-la-excepcionalidad-de-este-carnaval-para-los-grupos-de-chipiona HTTP/1.1" 301 162 "-" "Mozilla/5.0 (compatible; BLEXBot/1.0; +http://webmeup-crawler.com/)"
47.79.107.30 - - [23/Feb/2025:15:53:16 +0100] "GET /modules/mod_news_pro_gk4/cache/k2.items.cache.b8c5321a0dfef44b9f4a8872a1bce47f_Lnsp_204.jpg HTTP/1.1" 301 162 "-" "Mozilla/5.0 (Macintosh; Intel Mac OS X 10_15_7) AppleWebKit/537.36 (KHTML, like Gecko) Chrome/126.0.0.0 Safari/537.36"
47.79.107.30 - - [23/Feb/2025:15:53:16 +0100] "GET /modules/mod_news_pro_gk4/cache/k2.items.cache.3bc20e6ea2f0861dba472cf79bb8c152_Lnsp_188.jpg HTTP/1.1" 301 162 "-" "Mozilla/5.0 (Macintosh; Intel Mac OS X 10_15_7) AppleWebKit/537.36 (KHTML, like Gecko) Chrome/126.0.0.0 Safari/537.36"
37.27.51.145 - - [23/Feb/2025:15:53:38 +0100] "GET /carnavalisimo-2021/item/10420-manana-viernes-concluye-el-plazo-para-solicitar-la-instalacion-de-casetas-en-la-i-feria-del-moscatel HTTP/1.1" 301 162 "-" "Mozilla/5.0 (compatible; BLEXBot/1.0; +http://webmeup-crawler.com/)"
37.27.51.145 - - [23/Feb/2025:15:55:08 +0100] "GET /carnavalisimo-2021/item/10420-manana-viernes-concluye-el-plazo-para-solicitar-la-instalacion-de-casetas-en-la-i-feria-del-moscatel HTTP/1.1" 301 162 "-" "Mozilla/5.0 (compatible; BLEXBot/1.0; +http://webmeup-crawler.com/)"
37.27.51.145 - - [23/Feb/2025:15:56:38 +0100] "GET /carnavalisimo-2021/item/10421-fiestas-anuncia-que-los-tickets-para-las-sillas-de-la-cabalgata-del-carnaval-de-chipiona-se-pondran-a-la-venta-del-8-al-12-marzo HTTP/1.1" 301 162 "-" "Mozilla/5.0 (compatible; BLEXBot/1.0; +http://webmeup-crawler.com/)"
37.27.51.145 - - [23/Feb/2025:15:58:11 +0100] "GET /carnavalisimo-2021/item/10421-fiestas-anuncia-que-los-tickets-para-las-sillas-de-la-cabalgata-del-carnaval-de-chipiona-se-pondran-a-la-venta-del-8-al-12-marzo HTTP/1.1" 301 162 "-" "Mozilla/5.0 (compatible; BLEXBot/1.0; +http://webmeup-crawler.com/)"
66.249.66.200 - - [23/Feb/2025:15:58:56 +0100] "GET /item/13918-participacion-ciudadana-ha-impartido-hoy-un-taller-gratuito-sobre-certificado-digital-y-sede-electronica HTTP/1.1" 301 162 "-" "Mozilla/5.0 (Linux; Android 6.0.1; Nexus 5X Build/MMB29P) AppleWebKit/537.36 (KHTML, like Gecko) Chrome/133.0.6943.53 Mobile Safari/537.36 (compatible; Googlebot/2.1; +http://www.google.com/bot.html)"
37.27.51.145 - - [23/Feb/2025:15:59:41 +0100] "GET /carnavalisimo-2021/item/10422-el-domingo-tendra-lugar-en-chipiona-una-jornada-de-limpieza-en-el-habitat-del-chorlitejo-patinegro HTTP/1.1" 301 162 "-" "Mozilla/5.0 (compatible; BLEXBot/1.0; +http://webmeup-crawler.com/)"
37.27.51.145 - - [23/Feb/2025:16:01:11 +0100] "GET /carnavalisimo-2021/item/10422-el-domingo-tendra-lugar-en-chipiona-una-jornada-de-limpieza-en-el-habitat-del-chorlitejo-patinegro HTTP/1.1" 301 162 "-" "Mozilla/5.0 (compatible; BLEXBot/1.0; +http://webmeup-crawler.com/)"
37.27.51.145 - - [23/Feb/2025:16:02:41 +0100] "GET /carnavalisimo-2021/item/10423-manana-4-de-marzo-ultimo-dia-para-presentar-solicitud-para-optar-a-ser-jurado-de-la-cabalgata-de-carnaval-de-2022 HTTP/1.1" 301 162 "-" "Mozilla/5.0 (compatible; BLEXBot/1.0; +http://webmeup-crawler.com/)"
37.27.51.145 - - [23/Feb/2025:16:04:12 +0100] "GET /carnavalisimo-2021/item/10423-manana-4-de-marzo-ultimo-dia-para-presentar-solicitud-para-optar-a-ser-jurado-de-la-cabalgata-de-carnaval-de-2022 HTTP/1.1" 301 162 "-" "Mozilla/5.0 (compatible; BLEXBot/1.0; +http://webmeup-crawler.com/)"
37.27.51.145 - - [23/Feb/2025:16:05:42 +0100] "GET /carnavalisimo-2021/item/10424-chipiona-suma-16-contagios-y-la-incidencia-covid-vuelve-a-subir-hasta-situarse-en-676-4 HTTP/1.1" 301 162 "-" "Mozilla/5.0 (compatible; BLEXBot/1.0; +http://webmeup-crawler.com/)"
66.249.66.201 - - [23/Feb/2025:16:06:38 +0100] "GET /item/13770-las-precipitaciones-de-la-pasada-semana-dejaron-en-chipiona-casi-90-litros HTTP/1.1" 301 162 "-" "Mozilla/5.0 (Linux; Android 6.0.1; Nexus 5X Build/MMB29P) AppleWebKit/537.36 (KHTML, like Gecko) Chrome/133.0.6943.53 Mobile Safari/537.36 (compatible; Googlebot/2.1; +http://www.google.com/bot.html)"
37.27.51.145 - - [23/Feb/2025:16:07:12 +0100] "GET /carnavalisimo-2021/item/10424-chipiona-suma-16-contagios-y-la-incidencia-covid-vuelve-a-subir-hasta-situarse-en-676-4 HTTP/1.1" 301 162 "-" "Mozilla/5.0 (compatible; BLEXBot/1.0; +http://webmeup-crawler.com/)"
37.27.51.145 - - [23/Feb/2025:16:08:43 +0100] "GET /carnavalisimo-2021/item/10425-pepe-mellado-anuncia-la-puesta-en-marcha-de-la-ordenanza-de-evaluacion-tecnica-de-edificios HTTP/1.1" 301 162 "-" "Mozilla/5.0 (compatible; BLEXBot/1.0; +http://webmeup-crawler.com/)"
37.27.51.145 - - [23/Feb/2025:16:10:15 +0100] "GET /carnavalisimo-2021/item/10425-pepe-mellado-anuncia-la-puesta-en-marcha-de-la-ordenanza-de-evaluacion-tecnica-de-edificios HTTP/1.1" 301 162 "-" "Mozilla/5.0 (compatible; BLEXBot/1.0; +http://webmeup-crawler.com/)"
37.27.51.145 - - [23/Feb/2025:16:11:46 +0100] "GET /carnavalisimo-2021/item/10426-la-proteccion-de-la-flora-y-la-fauna-y-la-accesibilidad-en-las-playas-de-chipiona-centran-una-reunion-de-maria-naval-y-el-cans HTTP/1.1" 301 162 "-" "Mozilla/5.0 (compatible; BLEXBot/1.0; +http://webmeup-crawler.com/)"
37.27.51.145 - - [23/Feb/2025:16:13:17 +0100] "GET /carnavalisimo-2021/item/10426-la-proteccion-de-la-flora-y-la-fauna-y-la-accesibilidad-en-las-playas-de-chipiona-centran-una-reunion-de-maria-naval-y-el-cans HTTP/1.1" 301 162 "-" "Mozilla/5.0 (compatible; BLEXBot/1.0; +http://webmeup-crawler.com/)"
47.79.104.94 - - [23/Feb/2025:16:14:04 +0100] "GET /modules/mod_news_pro_gk4/cache/k2.items.cache.b6bfad9b56e207dfd3ebc1bda54ea834_Lnsp_204.jpg HTTP/1.1" 301 162 "-" "Mozilla/5.0 (Macintosh; Intel Mac OS X 10_15_7) AppleWebKit/537.36 (KHTML, like Gecko) Chrome/126.0.0.0 Safari/537.36"
47.79.104.94 - - [23/Feb/2025:16:14:05 +0100] "GET /modules/mod_news_pro_gk4/cache/k2.items.cache.944f984427c7b1e9e9964dba748e2311_Lnsp_188.jpg HTTP/1.1" 301 162 "-" "Mozilla/5.0 (Macintosh; Intel Mac OS X 10_15_7) AppleWebKit/537.36 (KHTML, like Gecko) Chrome/126.0.0.0 Safari/537.36"
66.249.93.96 - - [23/Feb/2025:16:14:08 +0100] "GET /favicon.ico HTTP/1.1" 301 162 "-" "Mozilla/5.0 (Windows NT 5.1; rv:11.0) Gecko Firefox/11.0 (via ggpht.com GoogleImageProxy)"
37.27.51.145 - - [23/Feb/2025:16:14:48 +0100] "GET /carnavalisimo-2021/item/10427-ana-belen-rodriguez-ramos-toma-posesion-como-nueva-concejala-del-partido-popular-en-el-ayuntamiento-de-chipiona HTTP/1.1" 301 162 "-" "Mozilla/5.0 (compatible; BLEXBot/1.0; +http://webmeup-crawler.com/)"
37.27.51.145 - - [23/Feb/2025:16:16:19 +0100] "GET /carnavalisimo-2021/item/10427-ana-belen-rodriguez-ramos-toma-posesion-como-nueva-concejala-del-partido-popular-en-el-ayuntamiento-de-chipiona HTTP/1.1" 301 162 "-" "Mozilla/5.0 (compatible; BLEXBot/1.0; +http://webmeup-crawler.com/)"
37.27.51.145 - - [23/Feb/2025:16:17:51 +0100] "GET /carnavalisimo-2021/item/10428-la-parroquia-de-nuestra-senora-de-la-o-lanza-una-iniciativa-solidaria-en-chipiona-para-recoger-medicinas-y-donativos-para-enviar-a-ucrania HTTP/1.1" 301 162 "-" "Mozilla/5.0 (compatible; BLEXBot/1.0; +http://webmeup-crawler.com/)"
37.27.51.145 - - [23/Feb/2025:16:19:22 +0100] "GET /carnavalisimo-2021/item/10428-la-parroquia-de-nuestra-senora-de-la-o-lanza-una-iniciativa-solidaria-en-chipiona-para-recoger-medicinas-y-donativos-para-enviar-a-ucrania HTTP/1.1" 301 162 "-" "Mozilla/5.0 (compatible; BLEXBot/1.0; +http://webmeup-crawler.com/)"
66.249.66.11 - - [23/Feb/2025:16:19:42 +0100] "GET /emprende/itemlist/user/573-rtvchipiona?vnrosnrosee=yes&start=4345 HTTP/1.1" 301 162 "-" "Mozilla/5.0 (Linux; Android 6.0.1; Nexus 5X Build/MMB29P) AppleWebKit/537.36 (KHTML, like Gecko) Chrome/133.0.6943.53 Mobile Safari/537.36 (compatible; Googlebot/2.1; +http://www.google.com/bot.html)"
